000
CXUS52 KCHS 032125
CLMCXM

CLIMATE REPORT
NATIONAL WEATHER SERVICE CHARLESTON SC
525 PM EDT SAT AUG 3 2019

...................................

...THE DOWNTOWN CHARLESTON SC CLIMATE SUMMARY FOR THE MONTH OF JULY 2019...

CLIMATE NORMAL PERIOD 1981 TO 2010
CLIMATE RECORD PERIOD 1870 TO 2019

WEATHER         OBSERVED          NORMAL  DEPART  LAST YEAR`S
                 VALUE   DATE(S)  VALUE   FROM    VALUE  DATE(S)
                                          NORMAL
................................................................
TEMPERATURE (F)
RECORD
 HIGH             103   07/22/1977
                        07/06/1902
 LOW               61   07/04/1933
HIGHEST            95   07/14                         91  07/11
                                                          07/10
LOWEST             71   07/24                         73  07/20
                                                          07/10
                                                          07/08
AVG. MAXIMUM     87.6              87.6     0.0     87.1
AVG. MINIMUM     77.2              76.9     0.3     76.7
MEAN             82.4              82.2     0.2     81.9
DAYS MAX >= 90      7              10.5    -3.5        6
DAYS MAX <= 32      0               0.0     0.0        0
DAYS MIN <= 32      0               0.0     0.0        0
DAYS MIN <= 0       0               0.0     0.0        0

PRECIPITATION (INCHES)
RECORD
 MAXIMUM        23.75   1964
 MINIMUM         0.54   1986
TOTALS           4.08              5.40   -1.32    10.87
DAYS >= .01         9              11.4    -2.4       16
DAYS >= .10         5               7.6    -2.6       12
DAYS >= .50         3               3.6    -0.6        7
DAYS >= 1.00        2               1.8     0.2        3
GREATEST
 24 HR. TOTAL    1.77   07/18 TO 07/18

DEGREE_DAYS
COOLING TOTAL     549               535      14      533
 SINCE 1/1       1552              1321     231     1444
.................................................................

WIND (MPH)
AVERAGE WIND SPEED              6.6
HIGHEST WIND SPEED/DIRECTION    21/340
HIGHEST GUST SPEED/DIRECTION    29/340



-  INDICATES NEGATIVE NUMBERS.
R  INDICATES RECORD WAS SET OR TIED.
MM INDICATES DATA IS MISSING.
T  INDICATES TRACE AMOUNT.

&&

RECORDS ESTABLISHED IN DOWNTOWN CHARLESTON DURING THE MONTH:

*JUL 2  - RECORD HIGH MINIMUM TEMPERATURE OF 82 DEGREES
*JUL 16 - RECORD HIGH MINIMUM TEMPERATURE OF 82 DEGREES
*JUL 17 - RECORD HIGH MINIMUM TEMPERATURE OF 82 DEGREES

$$
