000
CXUS56 KSGX 011759
CLMCZZ


CLIMATE REPORT
NATIONAL WEATHER SERVICE SAN DIEGO, CA
1058 AM PDT MON JUL 1 2019

...................................

...THE CAMPO ASOS CA CLIMATE SUMMARY FOR THE MONTH OF JUNE 2019...

CLIMATE NORMAL PERIOD 1981 TO 2010
CLIMATE RECORD PERIOD 1948 TO 2019

WEATHER         OBSERVED          NORMAL  DEPART  LAST YEAR`S
                 VALUE   DATE(S)  VALUE   FROM    VALUE  DATE(S)
                                          NORMAL
................................................................
TEMPERATURE (F)
RECORD
 HIGH             108   06/20/2016
 LOW               13   06/21/2010
HIGHEST           102   06/11        87      15      100  06/20
LOWEST             43   06/18        45      -2       39  06/19
                        06/14                             06/01
AVG. MAXIMUM     83.9              87.3    -3.4     87.7
AVG. MINIMUM     48.2              45.1     3.1     45.9
MEAN             66.1              66.2    -0.1     66.8
DAYS MAX >= 90      6              13.0    -7.0       13
DAYS MAX <= 32      0               0.0     0.0        0
DAYS MIN <= 32      0               0.1    -0.1        0
DAYS MIN <= 0       0               0.0     0.0        0

PRECIPITATION (INCHES)
RECORD
 MAXIMUM         0.67   2015
 MINIMUM         0.00   2018
                        2017
                        2016
TOTALS           0.00R             0.11   -0.11     0.00
DAILY AVG.       0.00              0.00    0.00     0.00
DAYS >= .01         0               0.7    -0.7        0
DAYS >= .10         0               0.3    -0.3        0
DAYS >= .50         0               0.0     0.0        0
DAYS >= 1.00        0               0.0     0.0        0
GREATEST
 24 HR. TOTAL    0.00   06/30 TO 06/30           06/30 TO 06/30
                        06/29 TO 06/29                    06/29 TO 06/29EATHER         OBSERVED          NORMAL  DEPART  LAST YEAR`S
                        06/28 TO 06/28                    06/28 TO 06/28EATHER         OBSERVED          NORMAL  DEPART  LAST YEAR`S
 STORM TOTAL       MM                                 MM
 (MM/DD(HH))            MM                    06/30(00) TO 06/30(00)
                                                 06/29(00) TO 06/29(00)8EATHER         OBSERVED          NORMAL  DEPART  LAST YEAR`S
                                                 06/28(00) TO 06/28(00)8EATHER         OBSERVED          NORMAL  DEPART  LAST YEAR`S

DEGREE_DAYS
HEATING TOTAL      36                56     -20       33
 SINCE 7/1       3051              2983      68     2501
COOLING TOTAL      75                92     -17       94
 SINCE 1/1         77               122     -45      107

FREEZE DATES
RECORD
 EARLIEST     08/25/1978
 LATEST       06/23/1991
EARLIEST      03/05             10/16
LATEST        05/05             05/19
.................................................................

WIND (MPH)
AVERAGE WIND SPEED              7.9
RESULTANT WIND SPEED/DIRECTION   4/217
HIGHEST WIND SPEED/DIRECTION    31/060    DATE  06/09
HIGHEST GUST SPEED/DIRECTION    39/060    DATE  06/09

AVERAGE RH (PERCENT)     58


-  INDICATES NEGATIVE NUMBERS.
R  INDICATES RECORD WAS SET OR TIED.
MM INDICATES DATA IS MISSING.
T  INDICATES TRACE AMOUNT.

$$
