000
CXUS56 KSGX 011643
CLMCZZ


CLIMATE REPORT
NATIONAL WEATHER SERVICE SAN DIEGO, CA
943 AM PDT WED MAY 1 2019

...................................

...THE CAMPO ASOS CA CLIMATE SUMMARY FOR THE MONTH OF APRIL 2019...

CLIMATE NORMAL PERIOD 1981 TO 2010
CLIMATE RECORD PERIOD 1948 TO 2019

WEATHER         OBSERVED          NORMAL  DEPART  LAST YEAR`S
                 VALUE   DATE(S)  VALUE   FROM    VALUE  DATE(S)
                                          NORMAL
................................................................
TEMPERATURE (F)
RECORD
 HIGH              99   04/07/1989
 LOW               20   04/09/1953
HIGHEST            88   04/08        72      16       88  04/10
LOWEST             32   04/11        37      -5       29  04/13
AVG. MAXIMUM     72.2              72.4    -0.2     74.7
AVG. MINIMUM     40.3              37.8     2.5     37.9
MEAN             56.2              55.1     1.1     56.3
DAYS MAX >= 90      0               1.0    -1.0        0
DAYS MAX <= 32      0               0.0     0.0        0
DAYS MIN <= 32      1               4.6    -3.6        5
DAYS MIN <= 0       0               0.0     0.0        0

PRECIPITATION (INCHES)
RECORD
 MAXIMUM         6.03   1965
 MINIMUM         0.00   2017
                        2000
TOTALS           0.20              0.96   -0.76     0.03
DAILY AVG.       0.01              0.03   -0.02     0.00
DAYS >= .01         5               4.5     0.5        1
DAYS >= .10         0               2.5    -2.5        0
DAYS >= .50         0               0.6    -0.6        0
DAYS >= 1.00        0               0.1    -0.1        0
GREATEST
 24 HR. TOTAL    0.08   04/12 TO 04/12           04/19 TO 04/19
                                                          04/30 TO 04/30EATHER         OBSERVED          NORMAL  DEPART  LAST YEAR`S
                                                          04/30 TO 04/30EATHER         OBSERVED          NORMAL  DEPART  LAST YEAR`S
 STORM TOTAL       MM                                 MM
 (MM/DD(HH))            MM                    04/19(00) TO 04/19(00)
                                                 04/30(00) TO 04/30(00)0EATHER         OBSERVED          NORMAL  DEPART  LAST YEAR`S
                                                 04/30(00) TO 04/30(00)0EATHER         OBSERVED          NORMAL  DEPART  LAST YEAR`S

DEGREE_DAYS
HEATING TOTAL     257               300     -43      252
 SINCE 7/1       2718              2768     -50     2292
COOLING TOTAL       2                 3      -1        0
 SINCE 1/1          2                 3      -1        0

FREEZE DATES
RECORD
 EARLIEST     08/25/1978
 LATEST       06/23/1991
EARLIEST                        10/16
LATEST                          05/19
.................................................................

WIND (MPH)
AVERAGE WIND SPEED              8.5
RESULTANT WIND SPEED/DIRECTION   4/237
HIGHEST WIND SPEED/DIRECTION    30/050    DATE  04/18
HIGHEST GUST SPEED/DIRECTION    38/050    DATE  04/18

AVERAGE RH (PERCENT)     61


-  INDICATES NEGATIVE NUMBERS.
R  INDICATES RECORD WAS SET OR TIED.
MM INDICATES DATA IS MISSING.
T  INDICATES TRACE AMOUNT.

$$
