000
CXUS53 KUNR 011610
CLMD07


CLIMATE REPORT
NATIONAL WEATHER SERVICE RAPID CITY SD
1009 AM MDT WED MAY 1 2019

...................................

...THE FAITH SD CLIMATE SUMMARY FOR THE MONTH OF APRIL 2019...

CLIMATE NORMAL PERIOD 1981 TO 2010
CLIMATE RECORD PERIOD 9999 TO 9999

WEATHER         OBSERVED          NORMAL  DEPART  LAST YEAR`S
                 VALUE   DATE(S)  VALUE   FROM    VALUE  DATE(S)
                                          NORMAL
................................................................
TEMPERATURE (F)
HIGHEST            82   04/20                         80  04/29
LOWEST             22   04/12                          0  04/04
                        04/11
                        04/10
AVG. MAXIMUM     53.8              56.7    -2.9     48.2
AVG. MINIMUM     33.9              32.8     1.1     25.9
MEAN             43.9              44.8    -0.9     37.0
DAYS MAX >= 90      0                                  0
DAYS MAX <= 32      2                                  6
DAYS MIN <= 32     11                                 21
DAYS MIN <= 0       0                                  1

PRECIPITATION (INCHES)
TOTALS           2.72              1.63    1.09     1.65
DAILY AVG.       0.10              0.05    0.05     0.05
DAYS >= .01        13                                 11
DAYS >= .10         6                                  7
DAYS >= .50         1                                  0
DAYS >= 1.00        1                                  0
GREATEST
 24 HR. TOTAL    1.16   04/10 TO 04/10              0.36

DEGREE_DAYS
HEATING TOTAL     585               608     -23      832
 SINCE 7/1       8060              7299     761     7960
COOLING TOTAL       0                 1      -1        0
 SINCE 1/1          0                 1      -1        0
.................................................................

WIND (MPH)
AVERAGE WIND SPEED              13.7
HIGHEST WIND SPEED/DIRECTION    41/010    DATE  04/18
HIGHEST GUST SPEED/DIRECTION    50/010    DATE  04/18

AVERAGE RH (PERCENT)     75


-  INDICATES NEGATIVE NUMBERS.
R  INDICATES RECORD WAS SET OR TIED.
MM INDICATES DATA IS MISSING.
T  INDICATES TRACE AMOUNT.

$$
