000
CXUS53 KUNR 011602
CLMD07


CLIMATE REPORT
NATIONAL WEATHER SERVICE RAPID CITY SD
1002 AM MDT THU AUG 1 2019

...................................

...THE FAITH SD CLIMATE SUMMARY FOR THE MONTH OF JULY 2019...

CLIMATE NORMAL PERIOD 1981 TO 2010
CLIMATE RECORD PERIOD 9999 TO 9999

WEATHER         OBSERVED          NORMAL  DEPART  LAST YEAR`S
                 VALUE   DATE(S)  VALUE   FROM    VALUE  DATE(S)
                                          NORMAL
................................................................
TEMPERATURE (F)
HIGHEST            90   07/14                        101  07/10
LOWEST             52   07/29                         52  07/30
AVG. MAXIMUM     81.2              85.8    -4.6     86.7
AVG. MINIMUM     59.9              59.3     0.6     59.7
MEAN             70.5              72.5    -2.0     73.2
DAYS MAX >= 90      1                                 12
DAYS MAX <= 32      0                                  0
DAYS MIN <= 32      0                                  0
DAYS MIN <= 0       0                                  0

PRECIPITATION (INCHES)
TOTALS           3.66              2.80    0.86     1.15
DAILY AVG.       0.12              0.09    0.03     0.04
DAYS >= .01        15                                  8
DAYS >= .10         9                                  2
DAYS >= .50         1                                  1
DAYS >= 1.00        1                                  0
GREATEST
 24 HR. TOTAL    1.24   07/20 TO 07/20              0.77

DEGREE_DAYS
HEATING TOTAL       1                12     -11        0
 SINCE 7/1          1                12     -11        0
COOLING TOTAL     180               245     -65      262
 SINCE 1/1        249               345     -96      421
.................................................................

WIND (MPH)
AVERAGE WIND SPEED              10.3
HIGHEST WIND SPEED/DIRECTION    38/340    DATE  07/20
HIGHEST GUST SPEED/DIRECTION    53/350    DATE  07/19

AVERAGE RH (PERCENT)     72


-  INDICATES NEGATIVE NUMBERS.
R  INDICATES RECORD WAS SET OR TIED.
MM INDICATES DATA IS MISSING.
T  INDICATES TRACE AMOUNT.

$$
