000
CXUS52 KMLB 011227
CLMDAB


CLIMATE REPORT
NATIONAL WEATHER SERVICE MELBOURNE FL
731 AM EDT WED MAY 1 2019

...................................

...THE DAYTONA BEACH CLIMATE SUMMARY FOR THE MONTH OF APRIL 2019...

CLIMATE NORMAL PERIOD 1981 TO 2010
CLIMATE RECORD PERIOD 1923 TO 2019

WEATHER         OBSERVED          NORMAL  DEPART  LAST YEAR`S
                 VALUE   DATE(S)  VALUE   FROM    VALUE
                                          NORMAL
.............................................................
TEMPERATURE (F)
MONTHLY RECORD
 HOTTEST         75.3   2015
 COLDEST         63.7   1950
DAILY RECORD
 HIGH              96   04/24/1968
 LOW               32   04/14/1940
APRIL 2019
HIGHEST            88   04/14                         88
LOWEST             50   04/03                         48
AVG. MAXIMUM     80.9              79.2     1.7     79.3
AVG. MINIMUM     61.1              58.6     2.5     60.8
MEAN             71.0              68.9     2.1     70.0
DAYS MAX >= 90      0               0.8    -0.8        0
DAYS MAX <= 32      0               0.0     0.0        0
DAYS MIN <= 32      0               0.0     0.0        0
DAYS MIN <= 0       0               0.0     0.0        0

PRECIPITATION (INCHES)
MONTHLY RECORD
 MAXIMUM         7.12   1949
 MINIMUM            T   1967
DAILY RECORD
 MAXIMUM         4.07   04/05/1931
APRIL 2019
TOTALS           3.71              2.18    1.53     4.09
DAYS >= .01         8               5.8     2.2        8
DAYS >= .10         6               3.5     2.5        7
DAYS >= .50         3               1.3     1.7        3
DAYS >= 1.00        1               0.6     0.4        1
GREATEST
 24 HR. TOTAL    1.75   04/08 TO 04/08

SNOWFALL (INCHES)
TOTALS            0.0               0.0     0.0        T
SINCE 7/1         0.0               0.0     0.0        T
DAYS >= TRACE       0                                  1

DEGREE_DAYS
HEATING TOTAL       5                28     -23        9
 SINCE 7/1        541               807    -266      645
COOLING TOTAL     193               145      48      168
 SINCE 1/1        450               287     163      400
..............................................................

WIND (MPH)
AVERAGE WIND SPEED              6.7
HIGHEST WIND SPEED/DIRECTION    35/260    DATE  04/19
HIGHEST GUST SPEED/DIRECTION    45/260    DATE  04/19

SKY COVER
POSSIBLE SUNSHINE (PERCENT)   MM
AVERAGE SKY COVER           0.40
NUMBER OF DAYS FAIR           13
NUMBER OF DAYS PC             14
NUMBER OF DAYS CLOUDY          3

AVERAGE RH (PERCENT)     76

WEATHER CONDITIONS. NUMBER OF DAYS WITH

THUNDERSTORM              5     MIXED PRECIP                0
HEAVY RAIN                4     RAIN                        5
LIGHT RAIN               10     FREEZING RAIN               0
LT FREEZING RAIN          0     HAIL                        0
HEAVY SNOW                0     SNOW                        0
LIGHT SNOW                0     SLEET                       0
FOG                      17     FOG W/VIS <= 1/4 MILE       2
HAZE                      1

-  INDICATES NEGATIVE NUMBERS.
R  INDICATES RECORD WAS SET OR TIED.
MM INDICATES DATA IS MISSING.
T  INDICATES TRACE AMOUNT.

$$
