000
CXUS52 KMLB 011718
CLMDAB


CLIMATE REPORT
NATIONAL WEATHER SERVICE MELBOURNE FL
1216 PM EDT MON JUL 1 2019

...................................

...THE DAYTONA BEACH CLIMATE SUMMARY FOR THE MONTH OF JUNE 2019...

CLIMATE NORMAL PERIOD 1981 TO 2010
CLIMATE RECORD PERIOD 1923 TO 2019

WEATHER         OBSERVED          NORMAL  DEPART  LAST YEAR`S
                 VALUE   DATE(S)  VALUE   FROM    VALUE
                                          NORMAL
.............................................................
TEMPERATURE (F)
MONTHLY RECORD
 HOTTEST         84.5   1998
 COOLEST         75.9   1926
DAILY RECORD
 HIGH             102   06/24/1944
 LOW               52   06/02/1984
JUNE 2019
HIGHEST            96   06/21                         94
                        06/01
LOWEST             69   06/09                         69
AVG. MAXIMUM     90.7              88.4     2.3     88.5
AVG. MINIMUM     73.3              71.4     1.9     72.6
MEAN             82.0              79.9     2.1     80.6
DAYS MAX >= 90     19               9.8     9.2       11
DAYS MAX <= 32      0               0.0     0.0        0
DAYS MIN <= 32      0               0.0     0.0        0
DAYS MIN <= 0       0               0.0     0.0        0

PRECIPITATION (INCHES)
MONTHLY RECORD
 MAXIMUM        15.44   1930
 MINIMUM         0.54   1931
DAILY RECORD
 MAXIMUM         6.08   06/30/1966
JUNE 2019
TOTALS          10.01              5.83    4.18     7.54
DAYS >= .01        17              13.3     3.7       18
DAYS >= .10        16               8.8     7.2       13
DAYS >= .50         7               4.2     2.8        4
DAYS >= 1.00        4               1.4     2.6        3
GREATEST
 24 HR. TOTAL    2.04   06/30 TO 06/30

SNOWFALL (INCHES)
TOTALS            0.0               0.0     0.0      0.0
SINCE 7/1         0.0               0.0     0.0        T
DAYS >= TRACE       0                                  0

DEGREE_DAYS
HEATING TOTAL       0                 0       0        0
 SINCE 7/1        541               809    -268      645
COOLING TOTAL     519               447      72      477
 SINCE 1/1       1377              1048     329     1189
..............................................................

WIND (MPH)
AVERAGE WIND SPEED              6.2
HIGHEST WIND SPEED/DIRECTION    33/230    DATE  06/19
HIGHEST GUST SPEED/DIRECTION    43/250    DATE  06/19

SKY COVER
POSSIBLE SUNSHINE (PERCENT)   MM
AVERAGE SKY COVER           0.50
NUMBER OF DAYS FAIR            5
NUMBER OF DAYS PC             20
NUMBER OF DAYS CLOUDY          5

AVERAGE RH (PERCENT)     81

WEATHER CONDITIONS. NUMBER OF DAYS WITH
THUNDERSTORM             19     MIXED PRECIP                0
HEAVY RAIN               12     RAIN                       13
LIGHT RAIN               18     FREEZING RAIN               0
LT FREEZING RAIN          0     HAIL                        0
HEAVY SNOW                0     SNOW                        0
LIGHT SNOW                0     SLEET                       0
FOG                      27     FOG W/VIS <= 1/4 MILE       0
HAZE                      2



-  INDICATES NEGATIVE NUMBERS.
R  INDICATES RECORD WAS SET OR TIED.
MM INDICATES DATA IS MISSING.
T  INDICATES TRACE AMOUNT.

$$
