179
CXUS51 KRNK 010806
CLMDAN


CLIMATE REPORT
NATIONAL WEATHER SERVICE BLACKSBURG VA
349 AM EDT THU AUG 1 2019

...................................

...THE DANVILLE VA CLIMATE SUMMARY FOR THE MONTH OF JULY 2019...

CLIMATE NORMAL PERIOD 1981 TO 2010
CLIMATE RECORD PERIOD 1916 TO 2019

WEATHER         OBSERVED          NORMAL  DEPART  LAST YEAR`S
                 VALUE   DATE(S)  VALUE   FROM    VALUE
                                          NORMAL
.............................................................
TEMPERATURE (F)
RECORD
 HIGH             105   07/10/1990
                        07/14/1954
 LOW               50   07/22/1974
                        07/11/1963
                        07/27/1962
HIGHEST            98   07/20                         94
LOWEST             60   07/26                         52
AVG. MAXIMUM     90.3              88.0     2.3     87.7
AVG. MINIMUM     67.9              68.6    -0.7     66.2
MEAN             79.1              78.3     0.8     77.0
DAYS MAX >= 90     22              11.5    10.5       11
DAYS MAX <= 32      0               0.0     0.0        0
DAYS MIN <= 32      0               0.0     0.0        0
DAYS MIN <= 0       0               0.0     0.0        0

PRECIPITATION (INCHES)
RECORD
 MAXIMUM        11.50   2013
 MINIMUM         0.70   1957
TOTALS           4.78              4.59    0.19     6.36
DAILY AVG.       0.15              0.15    0.00     0.21
DAYS >= .01         9              10.8    -1.8       13
DAYS >= .10         7               7.4    -0.4        9
DAYS >= .50         2               3.4    -1.4        5
DAYS >= 1.00        2               1.2     0.8        4
GREATEST
 24 HR. TOTAL    1.74                               1.19

SNOWFALL (INCHES)
TOTALS            0.0                                0.0
DAYS >= TRACE       0                                  0
DAYS >= 1.0         0                                  0
GREATEST
 24 HR TOTAL      0.0                                0.0

DEGREE_DAYS
HEATING TOTAL       0                 0       0        0
COOLING TOTAL     442               412      30      376
..............................................................

WIND (MPH)
AVERAGE WIND SPEED              3.8
HIGHEST WIND SPEED/DIRECTION    25/250    DATE  07/11
HIGHEST GUST SPEED/DIRECTION    32/250    DATE  07/11

SKY COVER
AVERAGE SKY COVER           0.20

AVERAGE RH (PERCENT)     73

WEATHER CONDITIONS. NUMBER OF DAYS WITH
THUNDERSTORM             10     MIXED PRECIP                 0
HEAVY RAIN                7     RAIN                         7
LIGHT RAIN               10     FREEZING RAIN                0
LIGHT FREEZING RAIN       0     HAIL                         0
HEAVY SNOW                0     SNOW                         0
LIGHT SNOW                0     SLEET                        0
FOG                      15     FOG W/VIS <= 1/4 MILE        5
HAZE                      0

-  INDICATES NEGATIVE NUMBERS.
R  INDICATES RECORD WAS SET OR TIED.
MM INDICATES DATA IS MISSING.
T  INDICATES TRACE AMOUNT.

$$
