000
CXUS51 KRNK 071807 RRA
CLMDAN

CLIMATE REPORT
NATIONAL WEATHER SERVICE BLACKSBURG VA
514 AM EDT MON APR 1 2019

...................................

...THE DANVILLE VA CLIMATE SUMMARY FOR THE MONTH OF MARCH 2019...

CLIMATE NORMAL PERIOD 1981 TO 2010
CLIMATE RECORD PERIOD 1916 TO 2019

WEATHER         OBSERVED          NORMAL  DEPART  LAST YEAR`S
                 VALUE   DATE(S)  VALUE   FROM    VALUE
                                          NORMAL
.............................................................
TEMPERATURE (F)
RECORD
 HIGH              91   03/13/1990
 LOW                8   03/06/1960
HIGHEST            76   03/30                         79
LOWEST             20   03/07                         22
AVG. MAXIMUM     58.5              59.1    -0.6     54.6
AVG. MINIMUM     34.4              38.2    -3.8     32.3
MEAN             46.5              48.7    -2.2     43.5
DAYS MAX >= 90      0               0.0     0.0        0
DAYS MAX <= 32      0               0.1    -0.1        0
DAYS MIN <= 32     14               8.4     5.6       20
DAYS MIN <= 0       0               0.0     0.0        0

PRECIPITATION (INCHES)
RECORD
 MAXIMUM        10.43   1975
 MINIMUM         0.56   2006
TOTALS           3.12              4.11   -0.99     3.55
DAILY AVG.       0.10              0.13   -0.03     0.12
DAYS >= .01        10              10.3    -0.3       11
DAYS >= .10         7               7.0     0.0        9
DAYS >= .50         2               2.9    -0.9        2
DAYS >= 1.00        1               1.1    -0.1        0
GREATEST
 24 HR. TOTAL    1.21                               0.76

SNOWFALL (INCHES)
TOTALS            0.0                                7.4
DAYS >= TRACE       0                                  5
DAYS >= 1.0         0                                  3
GREATEST
 24 HR TOTAL      0.0                                3.7

DEGREE_DAYS
HEATING TOTAL     567               510      57      618
COOLING TOTAL       0                 3      -3        1
..............................................................

WIND (MPH)
AVERAGE WIND SPEED              6.1
HIGHEST WIND SPEED/DIRECTION    29/290    DATE  03/22
HIGHEST GUST SPEED/DIRECTION    48/270    DATE  03/22

SKY COVER
AVERAGE SKY COVER           0.30

AVERAGE RH (PERCENT)     61

WEATHER CONDITIONS. NUMBER OF DAYS WITH:
THUNDERSTORM              0     MIXED PRECIP                 0
HEAVY RAIN                2     RAIN                         4
LIGHT RAIN               11     FREEZING RAIN                0
LIGHT FREEZING RAIN       0     HAIL                         0
HEAVY SNOW                0     SNOW                         1
LIGHT SNOW                0     SLEET                        0
FOG                       9     FOG W/VIS <= 1/4 MILE        0
HAZE                      0

-  INDICATES NEGATIVE NUMBERS.
R  INDICATES RECORD WAS SET OR TIED.
MM INDICATES DATA IS MISSING.
T  INDICATES TRACE AMOUNT.

$$

RAB
