000
CXUS51 KILN 011213
CLMDAY


CLIMATE REPORT
NATIONAL WEATHER SERVICE WILMINGTON OH
805 AM EDT THU AUG 1 2019

...................................

...THE DAYTON CLIMATE SUMMARY FOR THE MONTH OF JULY 2019...

CLIMATE NORMAL PERIOD 1981 TO 2010
CLIMATE RECORD PERIOD 1869 TO 2019

WEATHER         OBSERVED          NORMAL  DEPART  LAST YEAR`S
                 VALUE   DATE(S)  VALUE   FROM    VALUE  DATE(S)
                                          NORMAL
................................................................
TEMPERATURE (F)
RECORD
 HIGH             108   07/22/1901
 LOW               44   07/06/1972
HIGHEST            93   07/20        85       8       93  07/01
LOWEST             58   07/25        65      -7       55  07/08
                        07/24                             07/07
AVG. MAXIMUM     87.3              83.8     3.5     83.8
AVG. MINIMUM     68.4              64.5     3.9     64.5
MEAN             77.9              74.1     3.8     74.1
DAYS MAX >= 90     11               4.1     6.9        7
DAYS MAX <= 32      0               0.0     0.0        0
DAYS MIN <= 32      0               0.0     0.0        0
DAYS MIN <= 0       0               0.0     0.0        0

PRECIPITATION (INCHES)
TOTALS           5.71              4.11    1.60     3.32
DAILY AVG.       0.18              0.13    0.05     0.11
DAYS >= .01        12              10.8     1.2       11
DAYS >= .10         7               7.1    -0.1        6
DAYS >= .50         4               2.8     1.2        3
DAYS >= 1.00        2               1.3     0.7        1
GREATEST
 24 HR. TOTAL    1.86   07/21 TO 07/21

SNOWFALL (INCHES)
TOTALS              T               0.0     0.0      0.0
SINCE 7/1           T               0.0     0.0      0.0
DAYS >= TRACE       1               0.0     1.0        0
DAYS >= 1.0         0               0.0     0.0        0
GREATEST
 24 HR TOTAL        T   07/02 TO 07/02

DEGREE_DAYS
HEATING TOTAL       0                 0       0        0
 SINCE 7/1          0                 0       0        0
COOLING TOTAL     408               279     129      290
 SINCE 1/1        743               539     204      754
.................................................................

WIND (MPH)
AVERAGE WIND SPEED              7.4
RESULTANT WIND SPEED/DIRECTION   3/246
HIGHEST WIND SPEED/DIRECTION    45/200    DATE  07/21
HIGHEST GUST SPEED/DIRECTION    63/250    DATE  07/02

SKY COVER
AVERAGE SKY COVER           0.40

AVERAGE RH (PERCENT)     69

WEATHER CONDITIONS. NUMBER OF DAYS WITH
THUNDERSTORM              8     MIXED PRECIP                0
HEAVY RAIN                4     RAIN                        9
LIGHT RAIN               13     FREEZING RAIN               0
LT FREEZING RAIN          0     HAIL                        1
HEAVY SNOW                0     SNOW                        0
LIGHT SNOW                0     SLEET                       0
FOG                      14     FOG W/VIS <= 1/4 MILE       1
HAZE                     10

-  INDICATES NEGATIVE NUMBERS.
R  INDICATES RECORD WAS SET OR TIED.
MM INDICATES DATA IS MISSING.
T  INDICATES TRACE AMOUNT.

$$
