000
CXUS51 KLWX 011810
CLMDCA

CLIMATE REPORT
NATIONAL WEATHER SERVICE BALTIMORE MD/WASHINGTON DC
210 PM EDT MON JUL 1 2019

...................................

...THE WASHINGTON NATIONAL DC CLIMATE SUMMARY FOR THE MONTH OF JUNE 2019...

CLIMATE NORMAL PERIOD 1981 TO 2010
CLIMATE RECORD PERIOD 1871 TO 2019

WEATHER         OBSERVED          NORMAL  DEPART  LAST YEAR`S
                 VALUE   DATE(S)  VALUE   FROM    VALUE
                                          NORMAL
.............................................................
TEMPERATURE (F)
RECORD
 HIGH             104   06/29/2012
 LOW               43   06/02/1897
HIGHEST            96   06/29        95       1
LOWEST             54   06/04        54       0
AVG. MAXIMUM     85.2              84.2     1.0     84.5
AVG. MINIMUM     67.5              66.3     1.2     67.8
MEAN             76.3              75.2     1.1
DAYS MAX >= 90      9               6.3     2.7
DAYS MAX <= 32      0               0.0     0.0
DAYS MIN <= 32      0               0.0     0.0
DAYS MIN <= 0       0               0.0     0.0

PRECIPITATION (INCHES)
RECORD
 MAXIMUM        14.02   2006
 MINIMUM         0.86   1940
TOTALS           4.27              3.78    0.49     5.21
DAILY AVG.       0.14              0.13    0.01
DAYS >= .01        13              10.7     2.3
DAYS >= .10         7               6.1     0.9
DAYS >= .50         3               2.5     0.5
DAYS >= 1.00        2               1.0     1.0
GREATEST
 24 HR. TOTAL    1.16   06/18 TO 06/18

DEGREE_DAYS
HEATING TOTAL       0                 6      -6        1
 SINCE 7/1       3604              4031    -427     3762
COOLING TOTAL     348               314      34      344
 SINCE 1/1        631               448     183      604
..............................................................

WIND (MPH)
AVERAGE WIND SPEED              9.1
HIGHEST WIND SPEED/DIRECTION    31/250    DATE  06/13
HIGHEST GUST SPEED/DIRECTION    46/330    DATE  06/21

SKY COVER
POSSIBLE SUNSHINE (PERCENT)   MM
AVERAGE SKY COVER           0.70
NUMBER OF DAYS FAIR            2
NUMBER OF DAYS PC             13
NUMBER OF DAYS CLOUDY         15

AVERAGE RH (PERCENT)     62

WEATHER CONDITIONS. NUMBER OF DAYS WITH
THUNDERSTORM              M     MIXED PRECIP               0
HEAVY RAIN                M     RAIN                       6
LIGHT RAIN                M     FREEZING RAIN              0
LT FREEZING RAIN          M     HAIL                       0
HEAVY SNOW                M     SNOW                       0
LIGHT SNOW                M     SLEET                      0
FOG                       M     FOG W/VIS <= 1/4 MILE      0
HAZE                      3

-  INDICATES NEGATIVE NUMBERS.
R  INDICATES RECORD WAS SET OR TIED.
MM INDICATES DATA IS MISSING.
T  INDICATES TRACE AMOUNT.

&&

WASHINGTON DC...RONALD REAGAN WASHINGTON NATIONAL AIRPORT...

THE AVERAGE TEMPERATURE IN JUNE 2019 WAS SLIGHTLY ABOVE NORMAL. IT
WAS THE WARMEST JUNE SINCE 2017, WHEN THE AVERAGE TEMPERATURE WAS
77.3 DEGREES.

MONTHLY PRECIPITATION WAS 113 PERCENT OF NORMAL. DESPITE THIS, IT
WAS ACTUALLY THE DRIEST JUNE SINCE 2017, WHEN ONLY 1.13 INCHES OF
PRECIPITATIN FELL.

NO DAILY RECORDS WERE SET IN JUNE 2019.

WEATHER RECORDS FOR THE WASHINGTON DC AREA HAVE BEEN RECORDED AT
WHAT IS NOW RONALD REAGAN WASHINGTON NATIONAL AIRPORT SINCE 1941.
THE OFFICIAL WEATHER RECORD CONSISTS OF THAT DATA BACK TO 1945, AND
OBSERVATIONS TAKEN IN DOWNTOWN WASHINGTON FROM 1871 THROUGH 1944.
TEMPERATURE RECORDS FOR THE WASHINGTON DC AREA EXTEND BACK TO
JANUARY OF 1872, WITH PRECIPITATION RECORDS EXTENDING BACK TO
JANUARY OF 1871 AND SNOWFALL RECORDS EXTENDING BACK TO JANUARY OF
1884.

ALL CLIMATE DATA ARE CONSIDERED PRELIMINARY UNTIL REVIEWED BY THE
NATIONAL CENTERS FOR ENVIRONMENTAL INFORMATION (NCEI).

$$

RCM
