825
CXUS51 KALY 010648
CLMDDH


CLIMATE REPORT
NATIONAL WEATHER SERVICE ALBANY NY
245 AM EDT THU AUG 1 2019

...................................

...THE BENNINGTON VT CLIMATE SUMMARY FOR THE MONTH OF JULY 2019...

CLIMATE NORMAL PERIOD 1981 TO 2010
CLIMATE RECORD PERIOD 9999 TO 9999

WEATHER         OBSERVED          NORMAL  DEPART  LAST YEAR`S
                 VALUE   DATE(S)  VALUE   FROM    VALUE  DATE(S)
                                          NORMAL
................................................................
TEMPERATURE (F)
HIGHEST            90   07/30                         94  07/16
                                                          07/02
                                                          07/01
LOWEST             49   07/08                         45  07/07
AVG. MAXIMUM     82.8              79.4     3.4     84.7
AVG. MINIMUM     59.3              57.0     2.3     59.1
MEAN             71.0              68.2     2.8     71.9
DAYS MAX >= 90      1               0.6     0.4        7
DAYS MAX <= 32      0               0.0     0.0        0
DAYS MIN <= 32      0               0.0     0.0        0
DAYS MIN <= 0       0               0.0     0.0        0

PRECIPITATION (INCHES)
TOTALS           3.37              4.34   -0.97     5.27
DAILY AVG.       0.11              0.14   -0.03     0.17
DAYS >= .01        10                                 10
DAYS >= .10         6                                  7
DAYS >= .50         2                                  5
DAYS >= 1.00        1                                  2
GREATEST
 24 HR. TOTAL    1.60   07/22 TO 07/22

DEGREE_DAYS
HEATING TOTAL       1                24     -23        6
 SINCE 7/1          1                24     -23        6
COOLING TOTAL     198               123      75      228
 SINCE 1/1        249               195      54      303

FREEZE DATES
EARLIEST                        10/01
LATEST                          05/10
.................................................................

WIND (MPH)
AVERAGE WIND SPEED              2.9
HIGHEST WIND SPEED/DIRECTION    23/230    DATE  07/28
HIGHEST GUST SPEED/DIRECTION    33/220    DATE  07/28

SKY COVER
AVERAGE SKY COVER           0.30

AVERAGE RH (PERCENT)     73

-  INDICATES NEGATIVE NUMBERS.
R  INDICATES RECORD WAS SET OR TIED.
MM INDICATES DATA IS MISSING.
T  INDICATES TRACE AMOUNT.

$$
