000
CXUS51 KALY 011923 CCA
CLMDDH

CLIMATE REPORT...CORRECTED MEAN TEMPERATURE FOR MONTH
NATIONAL WEATHER SERVICE ALBANY NY
322 PM EDT WED MAY 1 2019

...................................

...THE BENNINGTON VT CLIMATE SUMMARY FOR THE MONTH OF APRIL 2019...

CLIMATE NORMAL PERIOD 1981 TO 2010
CLIMATE RECORD PERIOD 9999 TO 9999

WEATHER         OBSERVED          NORMAL  DEPART  LAST YEAR`S
                 VALUE   DATE(S)  VALUE   FROM    VALUE  DATE(S)
                                          NORMAL
................................................................
TEMPERATURE (F)
HIGHEST            76   04/19                         71  04/24
LOWEST             19   04/02                         17  04/08
                                                          04/06
AVG. MAXIMUM     58.2              56.7     1.5     49.3
AVG. MINIMUM     35.5              34.3     1.2     30.0
MEAN             46.9              45.5     1.4     39.7
DAYS MAX >= 90      0               0.2    -0.2        0
DAYS MAX <= 32      0               0.2    -0.2        0
DAYS MIN <= 32     11              13.3    -2.3       19
DAYS MIN <= 0       0               0.0     0.0        0

PRECIPITATION (INCHES)
TOTALS           3.04              3.27   -0.23     3.17
DAILY AVG.       0.10              0.11   -0.01     0.11
DAYS >= .01        17                                 16
DAYS >= .10         9                                 12
DAYS >= .50         1                                  0
DAYS >= 1.00        0                                  0
GREATEST
 24 HR. TOTAL    0.60   04/26 TO 04/26

DEGREE_DAYS
HEATING TOTAL     538               588     -50      726
 SINCE 7/1       6341              6823    -482     6568
COOLING TOTAL       2                 3      -1        0
 SINCE 1/1          2                 3      -1        0

FREEZE DATES
EARLIEST                        10/01
LATEST                          05/10
.................................................................

WIND (MPH)
AVERAGE WIND SPEED              6.9
HIGHEST WIND SPEED/DIRECTION    31/180    DATE  04/20
HIGHEST GUST SPEED/DIRECTION    49/260    DATE  04/15

SKY COVER
AVERAGE SKY COVER           0.60

AVERAGE RH (PERCENT)     63

-  INDICATES NEGATIVE NUMBERS.
R  INDICATES RECORD WAS SET OR TIED.
MM INDICATES DATA IS MISSING.
T  INDICATES TRACE AMOUNT.

$$
