000
CXUS53 KILX 011352
CLMDEC


CLIMATE REPORT
NATIONAL WEATHER SERVICE LINCOLN IL
841 AM CDT THU AUG 1 2019

...................................

...THE DECATUR IL AIRPORT CLIMATE SUMMARY FOR THE MONTH OF JULY 2019...

CLIMATE NORMAL PERIOD 1981 TO 2010
CLIMATE RECORD PERIOD 9999 TO 9999

WEATHER         OBSERVED          NORMAL  DEPART  LAST YEAR`S
                 VALUE   DATE(S)  VALUE   FROM    VALUE
                                          NORMAL
.............................................................
TEMPERATURE (F)
RECORD
 HIGH              MM   MM
 LOW               MM   MM
HIGHEST            95   07/10        MM      MM       94
LOWEST             56   07/25        MM      MM       53
AVG. MAXIMUM     87.6              86.5     1.1     84.4
AVG. MINIMUM     67.2              65.0     2.2     64.2
MEAN             77.4              75.7     1.7     74.3
DAYS MAX >= 90     13               8.5     4.5        7
DAYS MAX <= 32      0               0.0     0.0        0
DAYS MIN <= 32      0               0.0     0.0        0
DAYS MIN <= 0       0               0.0     0.0        0

PRECIPITATION (INCHES)
RECORD
 MAXIMUM           MM   MM
 MINIMUM           MM   MM
TOTALS           1.43              3.86   -2.43     5.60
DAILY AVG.       0.05              0.12   -0.07     0.18
DAYS >= .01         8                MM      MM        8
DAYS >= .10         5                MM      MM        5
DAYS >= .50         1                MM      MM        4
DAYS >= 1.00        0                MM      MM        2
GREATEST
 24 HR. TOTAL    0.66   07/05 TO 07/05              2.10

DEGREE_DAYS
HEATING TOTAL       0                 1      -1        3
 SINCE 7/1          0                 1      -1        3
COOLING TOTAL     393               333      60      297
 SINCE 1/1        725               649      76      854
..............................................................

WIND (MPH)
AVERAGE WIND SPEED              7.6
HIGHEST WIND SPEED/DIRECTION    32/210    DATE  07/02
HIGHEST GUST SPEED/DIRECTION    44/010    DATE  07/03

AVERAGE RH (PERCENT)     68

WEATHER CONDITIONS. NUMBER OF DAYS WITH
THUNDERSTORM              6     MIXED PRECIP               0
HEAVY RAIN                3     RAIN                       1
LIGHT RAIN               10     FREEZING RAIN              0
LT FREEZING RAIN          0     HAIL                       0
HEAVY SNOW                0     SNOW                       0
LIGHT SNOW                0     SLEET                      0
FOG                       3     FOG W/VIS <= 1/4 MILE      0
HAZE                      1

-  INDICATES NEGATIVE NUMBERS.
R  INDICATES RECORD WAS SET OR TIED.
MM INDICATES DATA IS MISSING.
T  INDICATES TRACE AMOUNT.

$$
