000
CXUS55 KBOU 011513
CLMDEN

CLIMATE REPORT
NATIONAL WEATHER SERVICE DENVER/BOULDER CO
913 AM MDT WED MAY 1 2019

...................................

...THE DENVER CO CLIMATE SUMMARY FOR THE MONTH OF APRIL 2019...

CLIMATE NORMAL PERIOD 1981 TO 2010
CLIMATE RECORD PERIOD 1872 TO 2019

WEATHER         OBSERVED          NORMAL  DEPART  LAST YEAR`S
                 VALUE   DATE(S)  VALUE   FROM    VALUE  DATE(S)
                                          NORMAL
................................................................
TEMPERATURE (F)
RECORD
 HIGH              90   04/30/1992
 LOW               -2   04/02/1975
HIGHEST            80   04/20                         83  04/29
LOWEST             17   04/11                         21  04/06
                        04/10
AVG. MAXIMUM     62.7              61.5     1.2     63.2
AVG. MINIMUM     35.6              33.3     2.3     32.5
MEAN             49.1              47.4     1.7     47.8
DAYS MAX >= 90      0               0.0     0.0        0
DAYS MAX <= 32      0               0.3    -0.3        0
DAYS MIN <= 32     10              13.0    -3.0       16
DAYS MIN <= 0       0               0.0     0.0        0

PRECIPITATION (INCHES)
RECORD
 MAXIMUM         8.24   1900
 MINIMUM         0.03   1963
TOTALS           1.25              1.71   -0.46     0.86
DAILY AVG.       0.04              0.06   -0.02     0.03
DAYS >= .01         9               9.1    -0.1        8
DAYS >= .10         2               4.5    -2.5        4
DAYS >= .50         1               0.9     0.1        0
DAYS >= 1.00        0               0.5    -0.5        0
GREATEST
 24 HR. TOTAL    0.82   04/21 TO 04/21           04/21 TO 04/21

SNOWFALL (INCHES)
RECORDS
 TOTAL            3.5               6.8
RECORD APRIL     33.8    1933

DEGREE_DAYS
HEATING TOTAL     469               529     -60      509
 SINCE 7/1       5805              5731      74     5250
COOLING TOTAL       0                 1      -1        2
 SINCE 1/1          0                 1      -1        2

FREEZE DATES
RECORD
 EARLIEST     09/08/1962
 LATEST       06/08/2007
EARLIEST                        10/07
LATEST                          05/05
.................................................................

WIND (MPH)
AVERAGE WIND SPEED              10.3
RESULTANT WIND SPEED/DIRECTION   0/078
HIGHEST WIND SPEED/DIRECTION    44/310    DATE  04/21
HIGHEST GUST SPEED/DIRECTION    55/280    DATE  04/28

SKY COVER
POSSIBLE SUNSHINE (PERCENT)   MM
AVERAGE SKY COVER           0.60
NUMBER OF DAYS FAIR            2
NUMBER OF DAYS PC             19
NUMBER OF DAYS CLOUDY          9

AVERAGE RH (PERCENT)     56

-  INDICATES NEGATIVE NUMBERS.
R  INDICATES RECORD WAS SET OR TIED.
MM INDICATES DATA IS MISSING.
T  INDICATES TRACE AMOUNT.

..APRIL 2019 CLIMATE SUMMARY FOR DENVER, WARMER & DRIER THAN NORMAL..

THE FIRST NINE DAYS OF THE MONTH WERE DRY WITH ABOVE NORMAL
TEMPERATURES FROM THE 3RD THROUGH THE 9TH. AN UPPER LEVEL RIDGE OF
HIGH PRESSURE BROUGHT UNSEASONABLY WARM TEMPERATURES ON THE 8TH AND
9TH WITH HIGH TEMPERATURES AT DENVER INTERNATIONAL AIRPORT REACHING
76 AND 78 DEGREES RESPECTIVELY. AN UPPER LEVEL STORM SYSTEM AND
ASSOCIATED COLD FRONT BROUGHT COLDER TEMPERATURES ALONG WITH RAIN
AND SNOW TO THE FRONT RANGE URBAN CORRIDOR FROM THE 10TH THROUGH THE
13TH. WARMER AND DRIER WEATHER RETURNED TO THE REGION ON THE 14TH
AND CONTINUED THROUGH THE 20TH. A STRONG UPPER LEVEL RIDGE OF HIGH
PRESSURE WHICH REBUILT OVER THE ROCKY MOUNTAIN REGION BROUGHT VERY
WARM TEMPERATURES TO NORTHEASTERN COLORADO ON THE 2OTH. DENVER
INTERNATIONAL AIRPORT REACHED 80 DEGREES ON THAT DAY WHICH WAS
WARMEST DAY OF THE MONTH AND THE YEAR SO FAR. COOLER UNSETTLED
WEATHER RETURNED TO THE AREA ON THE 21ST AS AN UPPER LEVEL TROUGH OF
LOW PRESSURE APPROACHED COLORADO FROM THE WEST. SHOWERS AND
THUNDERSTORMS AHEAD OF THE TROUGH BROUGHT MUCH NEEDED NEEDED
PRECIPITATION TO MUCH OF NORTHEASTERN COLORADO. A LINE OF
THUNDERSTORMS WHICH MOVED ACROSS DIA DURING THE AFTERNOON PRODUCED
SMALL HAIL, A WIND GUST OF 52 MPH AND 0.82 INCHES OF PRECIPITATION.
DENVER EXPERIENCED MOSTLY DRY WEATHER AND ABOVE NORMAL TEMPERATURES
FROM THE 23RD THROUGH THE 28TH, WITH GUSTY WINDS AT TIMES DUE TO
HIGH BASED DRY THUNDERSTORMS. THE MONTH FINISHED WITH MUCH COLDER
UNSETTLED WEATHER AS ANOTHER STORM SYSTEM AND COLD FRONT MOVED
ACROSS THE REGION.

TEMPERATURES:

THE AVERAGE TEMPERATURE AT DENVER INTERNATIONAL AIRPORT FOR HE MONTH
OF APRIL WAS 49.1 DEGREES F, WHICH IS 1.7 DEGREES ABOVE THE NORMAL
OF 47.4 DEGREES. NO MAXIMUM, MINIMUM, HIGH MINIMUM OR LOW MAXIMUM
TEMPERATURE RECORDS WERE SET IN APRIL 2019.

TEN WARMEST APRIL AVERAGE TEMPERATURES IN DENVER WEATHER HISTORY
SINCE 1872: DEGREES F

56.4 - 1981
56.3 - 1946
55.5 - 1930
55.3 - 1943
54.8 - 1992
53.8 - 1881
53.6 - 1954
53.3 - 2012, 1888
53.2 - 1948

TEN COLDEST APRIL AVERAGE TEMPERATURES IN DENVER WEATHER HISTORY
SINCE 1872: DEGREES F

38.8 - 1920
40.5 - 1997
41.0 - 1983
41.1 - 1873
41.4 - 1957
41.7 - 2013
42.2 - 1945
42.3 - 1984
42.5 - 1899
42.6 - 1918

PRECIPITATION:

DENVER RECEIVED 1.25 INCHES OF PRECIPITATION FOR APRIL 2019.
THIS IS 0.46 INCHES BELOW THE MONTHLY AVERAGE OF 1.71 INCHES.
THE HIGHEST DAILY PRECIPITATION AMOUNT OF 0.82 INCHES WAS
RECEIVED ON THE 21ST. A TOTAL OF 3.5 INCHES OF SNOW WAS RECORDED
AT DENVER INTERNATIONAL AIRPORT FROM 2 COLD STORM SYSTEMS.

TEN WETTEST APRIL TOTALS IN DENVER WEATHER HISTORY SINCE 1872:

INCHES
8.42 - 1900
5.86 - 1999
4.95 - 1905
4.94 - 1885
4.13 - 1957
4.09 - 1933
4.07 - 1935
4.01 - 1942
3.95 - 1967
3.75 - 1914

ELEVEN DRIEST APRIL TOTALS IN DENVER WEATHER HISTORY SINCE 1872:

INCHES
0.03 - 1963
0.05 - 1878
0.23 - 2002
0.31 - 1880
0.32 - 2008
0.33 - 1996
0.34 - 1982
0.39 - 1908
0.40 - 1925
0.48 - 1955

SNOWFALL

APRIL IS DENVER`S 5TH SNOWIEST MONTH OF THE SNOW SEASON WITH A
MONTHLY AVERAGE OF 6.8 INCHES (NCEI 1980-2010). SNOWFALL FOR THIS
APRIL ENDED WITH 3.5 INCHES, WHICH IS 3.3 INCHES BELOW NORMAL.

TEN HIGHEST SNOW TOTALS FOR APRIL IN DENVER WEATHER HISTORY

INCHES
33.8 - 1933
32.0 - 1885
28.3 - 1920
28.2 - 1954
25.5 - 1957
25.4 - 1909
25.0 - 1907
24.8 - 1973
23.3 - 1935
20.4 - 2013

THE THIRTEEN LEAST SNOWIEST APRIL IN DENVER WEATHER HISTORY

INCHES
0.0 - 1995, 1982, 1943, 1930
TRACE - 2002, 1969, 1946, 1925, 1915, 1910, 1889, 1888, 1887

THERE WERE 3 DAYS OF THUNDER OBSERVED AT DENVER INTERNATIONAL
AIRPORT IN APRIL 2019, WITH ONE DAY OF HAIL. THERE WERE 9 DAYS WITH
FOG AND 3 DAYS OF DENSE FOG WITH A VISIBILITY AT OR BELOW 1/4 MILE.
THE PEAK WIND AT DENVER INTERNATIONAL AIRPORT WAS 53 MPH FROM THE
WEST ON APRIL 26TH.

$$
