000
CXUS55 KBOU 012309
CLMDEN

DENCLMDEN 000
TTAA00 KBOU 011325

CLIMATE REPORT
NATIONAL WEATHER SERVICE DENVER/BOULDER CO
724 AM MDT THU AUG 1 2019

...................................

...THE DENVER CO CLIMATE SUMMARY FOR THE MONTH OF JULY 2019...

CLIMATE NORMAL PERIOD 1981 TO 2010
CLIMATE RECORD PERIOD 1872 TO 2019

WEATHER         OBSERVED          NORMAL  DEPART  LAST YEAR`S
                 VALUE   DATE(S)  VALUE   FROM    VALUE  DATE(S)
                                          NORMAL
................................................................
TEMPERATURE (F)
RECORD
 HIGH             105   07/20/2005
 LOW               42   07/04/1903
                        07/31/1873
HIGHEST           101   07/19
LOWEST             52   07/10

AVG. MAXIMUM     91.1              89.4     1.7     90.2
AVG. MINIMUM     60.4              58.9     1.5     60.3
MEAN             75.7              74.2     1.5     75.3
DAYS MAX >= 90     20              16.0     4.0       19
DAYS MAX <= 32      0               0.0     0.0        0
DAYS MIN <= 32      0               0.0     0.0        0
DAYS MIN <= 0       0               0.0     0.0        0

PRECIPITATION (INCHES)
RECORD
 MAXIMUM         6.41   1965
 MINIMUM         0.01   1901
TOTALS           2.42              2.16    0.26     1.03
DAILY AVG.       0.08              0.07    0.01     0.03
DAYS >= .01         9               8.3     0.7        8
DAYS >= .10         5               4.3     0.7        3
DAYS >= .50         2               1.4     0.6        0
DAYS >= 1.00        1               0.7     0.3        0
GREATEST
 24 HR. TOTAL    1.10   07/22 TO 07/22           07/23 TO 07/23

SNOWFALL (INCHES)
TOTALS 0.0               0.0

DEGREE_DAYS
HEATING TOTAL       0                 6      -6        0
 SINCE 7/1          0                 6      -6        0
COOLING TOTAL     339               289      50      326
 SINCE 1/1        431               444     -13      615

FREEZE DATES
RECORD
 EARLIEST     09/08/1962
 LATEST       06/08/2007
EARLIEST                        10/07
LATEST                          05/05
.................................................................

WIND (MPH)
AVERAGE WIND SPEED              9.7
RESULTANT WIND SPEED/DIRECTION   3/190
HIGHEST WIND SPEED/DIRECTION    55/280    DATE  07/22
HIGHEST GUST SPEED/DIRECTION    80/290    DATE  07/22

SKY COVER
POSSIBLE SUNSHINE (PERCENT)   MM
AVERAGE SKY COVER           0.50
NUMBER OF DAYS FAIR            5
NUMBER OF DAYS PC             24
NUMBER OF DAYS CLOUDY          2

AVERAGE RH (PERCENT)     50

-  INDICATES NEGATIVE NUMBERS.
R  INDICATES RECORD WAS SET OR TIED.
MM INDICATES DATA IS MISSING.
T  INDICATES TRACE AMOUNT.

...JULY 2019 CLIMATE SUMMARY FOR THE DENVER AREA...

AVERAGE JULY TEMPERATURES WERE SLIGHTLY WARMER THAN NORMAL AS THE
AREA WAS UNDER MANY HIGH PRESSURE RIDGES. WARM TEMPERATURES AND THE
ARRIVAL OF MONSOON MOISTURE PROVIDED FOR FREQUENT THUNDERSTORMS AND
SHOWERS WHICH BROUGHT SLIGHTLY GREATER THAN NORMAL PRECIPITATION.
THERE WERE 20 DAYS ON WHICH DENVER REACHED 90 DEGREES F OR HIGHER.
THE RECORD HIGH TEMPERATURES FOR THE 18TH AND 19TH WERE TIED, SET IN
1998 AND 2005 AT 99 AND 101 DEGREES F, RESPECTIVELY.

TEMPERATURES:

THE AVERAGE TEMPERATURE AT DENVER INTERNATIONAL AIRPORT FOR THE
MONTH OF JULY WAS 75.7 DEGREES F, WHICH IS 1.5 DEGREES ABOVE THE
NORMAL OF 74.2 DEGREES.

TEN WARMEST JULY AVERAGE TEMPERATURES IN DENVER WEATHER HISTORY
SINCE 1872: DEGREES F

78.9 - 2012
77.8 - 1934
77.7 - 2005
77.6 - 2008
77.3 - 1936
77.1 - 1939
76.9 - 2003, 1966
76.7 - 2001, 2000, 1954
76.5 - 1901
76.4 - 2017, 1980

TEN COLDEST JULY AVERAGE TEMPERATURES IN DENVER WEATHER HISTORY
SINCE 1872: DEGREES F

67.3 - 1895
68.2 - 1906
68.7 - 1915, 1904
68.9 - 1950, 1905, 1891
69.0 - 1875
69.1 - 1967, 1872
69.3 - 1912
69.6 - 1911
69.7 - 1897, 1887
69.8 - 1908

PRECIPITATION:

DENVER RECEIVED 2.42 INCHES OF PRECIPITATION IN JULY 2019.
THIS IS 0.26 INCHES ABOVE THE NORMAL OF 2.16 INCHES. THE HIGHEST
DAILY PRECIPITATION AMOUNT OF 1.10 INCHES WAS RECEIVED ON THE 22ND.
A TOTAL OF 0.0 INCHES OF SNOW WAS RECORDED AT DENVER INTERNATIONAL
AIRPORT FROM 0 COLD STORM SYSTEMS.

TEN WETTEST JULY PRECIPITATION TOTALS IN DENVER WEATHER HISTORY
SINCE 1872: INCHES

6.41 - 1965
5.92 - 1998
5.60 - 1997
5.24 - 1919
4.76 - 2001
4.28 - 1895
4.17 - 1956, 1909, 1875
4.11 - 1991
3.85 - 2014
3.84 - 1999

TEN DRIEST JULY PRECIPITATION TOTALS IN DENVER WEATHER HISTORY SINCE
1872: INCHES

0.01 - 1901
0.08 - 1939
0.24 - 2008
0.27 - 2005
0.31 - 1917
0.32 - 1934
0.33 - 1924, 1877
0.34 - 1891
0.41 - 1888
0.43 - 2007

SNOWFALL:

SNOWFALL HAS NOT BEEN RECORDED IN JULY IN DENVER.

PEAK WIND AT DENVER INTERNATIONAL AIRPORT WAS 80 MPH FROM THE WEST-
NORTHWEST ON THE 22ND FROM A SEVERE THUNDERSTORM.

$$
