000
CXUS56 KOTX 102137 CCA
CLMDEW

CLIMATE REPORT
NATIONAL WEATHER SERVICE SPOKANE, WA
337 AM PDT WED MAY 1 2019

...................................

...THE DEER_PARK WA AIRPORT CLIMATE SUMMARY FOR THE MONTH OF APRIL 2019...

CLIMATE NORMAL PERIOD 1981 TO 2010
CLIMATE RECORD PERIOD 9999 TO 9999

WEATHER         OBSERVED          NORMAL  DEPART  LAST YEAR`S
                 VALUE   DATE(S)  VALUE   FROM    VALUE  DATE(S)
                                          NORMAL
................................................................
TEMPERATURE (F)
RECORD
 HIGH              MM   MM
 LOW               MM   MM
HIGHEST            68   04/23        MM      MM       84  04/27
LOWEST             22   04/30        MM      MM       23  04/03
AVG. MAXIMUM     57.6              57.8    -0.2     56.3
AVG. MINIMUM     33.4              31.9     1.5     32.9
MEAN             45.5              44.9     0.6     44.6
DAYS MAX >= 90      0               0.0     0.0        0
DAYS MAX <= 32      0               0.0     0.0        0
DAYS MIN <= 32     14              16.0    -2.0       14
DAYS MIN <= 0       0               0.0     0.0        0

PRECIPITATION (INCHES)
RECORD
 MAXIMUM           MM   MM
 MINIMUM           MM   MM
TOTALS           1.91              1.58    0.33     2.95
DAILY AVG.       0.06              0.05    0.01     0.10
DAYS >= .01        12                MM      MM       16
DAYS >= .10         7                MM      MM       10
DAYS >= .50         0                MM      MM        0
DAYS >= 1.00        0                MM      MM        0
GREATEST
 24 HR. TOTAL    0.47   04/05 TO 04/05              0.39

DEGREE_DAYS
HEATING TOTAL     576               604     -28      605
 SINCE 7/1       7011              6811     200     6619
COOLING TOTAL       0                 0       0        0
 SINCE 1/1          0                 0       0        0
.................................................................

WIND (MPH)
AVERAGE WIND SPEED              6.4
HIGHEST WIND SPEED/DIRECTION    26/210    DATE  04/27
HIGHEST GUST SPEED/DIRECTION    34/320    DATE  04/27

SKY COVER
POSSIBLE SUNSHINE (PERCENT)   MM
AVERAGE SKY COVER           0.50
NUMBER OF DAYS FAIR            9
NUMBER OF DAYS PC             14
NUMBER OF DAYS CLOUDY          7

AVERAGE RH (PERCENT)     64

WEATHER CONDITIONS. NUMBER OF DAYS WITH
THUNDERSTORM              2     MIXED PRECIP               0
HEAVY RAIN                1     RAIN                       4
LIGHT RAIN               13     FREEZING RAIN              0
LT FREEZING RAIN          0     HAIL                       0
HEAVY SNOW                0     SNOW                       0
LIGHT SNOW                0     SLEET                      0
FOG                      10     FOG W/VIS <= 1/4 MILE      2
HAZE                      2

-  INDICATES NEGATIVE NUMBERS.
R  INDICATES RECORD WAS SET OR TIED.
MM INDICATES DATA IS MISSING.
T  INDICATES TRACE AMOUNT.

$$
