000
CXUS54 KFWD 010903
CLMDFW

CLIMATE REPORT
NATIONAL WEATHER SERVICE FORT WORTH TX
400 AM CDT MON JUL 1 2019

...................................

...THE DALLAS FORT WORTH CLIMATE SUMMARY FOR THE MONTH OF JUNE 2019...

CLIMATE NORMAL PERIOD 1981 TO 2010
CLIMATE RECORD PERIOD 1898 TO 2019

WEATHER         OBSERVED          NORMAL  DEPART  LAST YEAR`S
                 VALUE   DATE(S)  VALUE   FROM    VALUE  DATE(S)
                                          NORMAL
................................................................
TEMPERATURE (F)
RECORD
 HIGH             113   06/27/1980
                        06/26/1980
 LOW               48   06/01/1903
HIGHEST            98   06/29        99      -1      101  06/22
LOWEST             63   06/12        61       2       67  06/04
AVG. MAXIMUM     89.8              91.3    -1.5     95.5
AVG. MINIMUM     70.0              71.4    -1.4     75.8
MEAN             79.9              81.3    -1.4     85.7
DAYS MAX >= 90     18              19.4    -1.4       28
DAYS MAX <= 32      0               0.0     0.0        0
DAYS MAX >= 100     0                                  4
DAYS MIN <= 32      0               0.0     0.0        0
DAYS MIN <= 0       0               0.0     0.0        0
DAYS MIN >= 80      2                                  2

PRECIPITATION (INCHES)
RECORD
 MAXIMUM        11.58   1928
 MINIMUM            T   1952
                        1934
TOTALS           4.13              3.79    0.34     1.27
DAILY AVG.       0.14              0.13    0.01     0.04
DAYS >= .01         8               8.0     0.0        7
DAYS >= .10         5               5.8    -0.8        3
DAYS >= .50         2               2.8    -0.8        1
DAYS >= 1.00        1               1.1    -0.1        0
GREATEST
 24 HR. TOTAL    2.42   06/16 TO 06/16              0.63

DEGREE_DAYS
HEATING TOTAL       0                 0       0        0
 SINCE 7/1       2396              2284     112     1931
COOLING TOTAL     456               491     -35      628
 SINCE 1/1        885               913     -28     1219
.................................................................

WIND (MPH)
AVERAGE WIND SPEED              10.2
HIGHEST WIND SPEED/DIRECTION    39/030    DATE  06/09
HIGHEST GUST SPEED/DIRECTION    56/050    DATE  06/09

SKY COVER
POSSIBLE SUNSHINE (PERCENT)   MM
AVERAGE SKY COVER           0.60
NUMBER OF DAYS FAIR            5
NUMBER OF DAYS PC             17
NUMBER OF DAYS CLOUDY          8

AVERAGE RH (PERCENT)     67

WEATHER CONDITIONS. NUMBER OF DAYS WITH
THUNDERSTORM              9     MIXED PRECIP                0
HEAVY RAIN                6     RAIN                        6
LIGHT RAIN               12     FREEZING RAIN               0
LT FREEZING RAIN          0     HAIL                        0
HEAVY SNOW                0     SNOW                        0
LIGHT SNOW                0     SLEET                       0
FOG                       7     FOG W/VIS <= 1/4 MILE       0
HAZE                      3

-  INDICATES NEGATIVE NUMBERS.
R  INDICATES RECORD WAS SET OR TIED.
MM INDICATES DATA IS MISSING.
T  INDICATES TRACE AMOUNT.

$$
