000
CXUS54 KFWD 010848
CLMDFW

CLIMATE REPORT
NATIONAL WEATHER SERVICE FORT WORTH TX
348 AM CDT WED MAY 1 2019

...................................

...THE DALLAS FORT WORTH CLIMATE SUMMARY FOR THE MONTH OF APRIL 2019...

CLIMATE NORMAL PERIOD 1981 TO 2010
CLIMATE RECORD PERIOD 1898 TO 2019

WEATHER         OBSERVED          NORMAL  DEPART  LAST YEAR`S
                 VALUE   DATE(S)  VALUE   FROM    VALUE  DATE(S)
                                          NORMAL
................................................................
TEMPERATURE (F)
RECORD
 HIGH             101   04/17/2006
 LOW               29   04/11/1989
HIGHEST            90   04/10        89       1       88  04/13
LOWEST             40   04/01        38       2       34  04/07
AVG. MAXIMUM     76.4              76.3     0.1     74.4
AVG. MINIMUM     55.5              54.8     0.7     48.9
MEAN             66.0              65.5     0.5     61.6
DAYS MAX >= 90      1               0.7     0.3        0
DAYS MAX <= 32      0               0.0     0.0        0
DAYS MAX >= 100     0                                  0
DAYS MIN <= 32      0               0.1    -0.1        0
DAYS MIN <= 0       0               0.0     0.0        0
DAYS MIN >= 80      0                                  0

PRECIPITATION (INCHES)
RECORD
 MAXIMUM        17.64   1922
 MINIMUM         0.11   1987
TOTALS           6.75              3.07    3.68     0.77
DAILY AVG.       0.22              0.10    0.12     0.03
DAYS >= .01         9               6.6     2.4        5
DAYS >= .10         7               4.3     2.7        3
DAYS >= .50         3               2.2     0.8        0
DAYS >= 1.00        3               1.0     2.0        0
GREATEST
 24 HR. TOTAL    3.31   04/23 TO 04/24              0.45

SNOWFALL (INCHES)
RECORDS
 TOTAL              T   2007
                        1938
                        1928
 24 HR TOTAL        T   04/07/2007 TO 04/07/2007
                        04/07/1938 TO 04/08/1938
                        04/14/1928 TO 04/14/1928
TOTALS            0.0               0.0     0.0      0.0
SINCE 7/1           T               1.6    -1.6        T
SNOWDEPTH AVG.      0                MM      MM        0
DAYS >= TRACE       0                                  0
DAYS >= 1.0         0               0.0     0.0        0
GREATEST
 SNOW DEPTH         0   MM                             0  MM
 24 HR TOTAL      0.0                                0.0

DEGREE_DAYS
HEATING TOTAL      70                83     -13      150
 SINCE 7/1       2378              2276     102     1931
COOLING TOTAL     108                99       9       57
 SINCE 1/1        143               138       5      149
.................................................................

WIND (MPH)
AVERAGE WIND SPEED              12.5
HIGHEST WIND SPEED/DIRECTION    49/270    DATE  04/23
HIGHEST GUST SPEED/DIRECTION    63/270    DATE  04/23

SKY COVER
POSSIBLE SUNSHINE (PERCENT)   MM
AVERAGE SKY COVER           0.60
NUMBER OF DAYS FAIR            5
NUMBER OF DAYS PC             14
NUMBER OF DAYS CLOUDY         11

AVERAGE RH (PERCENT)     64

WEATHER CONDITIONS. NUMBER OF DAYS WITH
THUNDERSTORM              9     MIXED PRECIP                0
HEAVY RAIN                7     RAIN                        7
LIGHT RAIN               11     FREEZING RAIN               0
LT FREEZING RAIN          0     HAIL                        1
HEAVY SNOW                0     SNOW                        0
LIGHT SNOW                0     SLEET                       0
FOG                      10     FOG W/VIS <= 1/4 MILE       0
HAZE                      1

-  INDICATES NEGATIVE NUMBERS.
R  INDICATES RECORD WAS SET OR TIED.
MM INDICATES DATA IS MISSING.
T  INDICATES TRACE AMOUNT.

$$
