000
CXUS53 KDDC 011557
CLMDGC


CLIMATE REPORT
NATIONAL WEATHER SERVICE DODGE CITY KS
1048 AM CDT THU AUG 1 2019

...................................

...THE DODGE CITY KS CLIMATE SUMMARY FOR THE MONTH OF JULY 2019...

CLIMATE NORMAL PERIOD 1981 TO 2010
CLIMATE RECORD PERIOD 1875 TO 2019

WEATHER         OBSERVED          NORMAL  DEPART  LAST YEAR`S
                 VALUE   DATE(S)  VALUE   FROM    VALUE  DATE(S)
                                          NORMAL
................................................................
TEMPERATURE (F)
RECORD
 HIGH             109   07/27/2011
                        07/29/1986
                        07/08/1978
 LOW               46   07/13/1990
                        07/10/1905
HIGHEST           105   07/31        93      12      103  07/20
                        07/20
LOWEST             55   07/23        68     -13       55  07/31
AVG. MAXIMUM     93.6              92.8     0.8     92.6
AVG. MINIMUM     66.8              66.3     0.5     66.2
MEAN             80.2              79.6     0.6     79.4
DAYS MAX >= 90     24              20.9     3.1       25
DAYS MAX <= 32      0               0.0     0.0        0
DAYS MIN <= 32      0               0.0     0.0        0
DAYS MIN <= 0       0               0.0     0.0        0

PRECIPITATION (INCHES)
RECORD
 MAXIMUM         9.13   1962
 MINIMUM         0.09   1916
TOTALS           1.34              3.08   -1.74     3.93
DAYS >= .01         4               8.2    -4.2       10
DAYS >= .10         3               5.2    -2.2        7
DAYS >= .50         1               2.1    -1.1        4
DAYS >= 1.00        0               0.6    -0.6        1
GREATEST
 24 HR. TOTAL    0.80   07/05 TO 07/06           07/13 TO 07/14

SNOWFALL (INCHES)
RECORDS
 TOTAL            0.0   2018
                        2017
                        2016
 24 HR TOTAL      0.0   07/31/2018 TO 07/31/2018
                        07/31/2017 TO 07/31/2017
                        07/31/2016 TO 07/31/2016
 SNOW DEPTH         0   07/31/2018
                        07/31/2017
                        07/31/2016
TOTALS            0.0               0.0     0.0      0.0
SINCE 7/1         0.0               0.0     0.0      0.0
SNOWDEPTH AVG.      0                MM      MM        0
DAYS >= 1.0         0               0.0     0.0        0
GREATEST
 SNOW DEPTH         0   MM                             0  MM
 24 HR TOTAL      0.0   07/31 TO 07/31           07/31 TO 07/31

DEGREE_DAYS
HEATING TOTAL       0                 1      -1        0
 SINCE 7/1          0                 1      -1        0
COOLING TOTAL     479               452      27      454
 SINCE 1/1        797               839     -42     1160
.................................................................

WIND (MPH)
AVERAGE WIND SPEED              12.0
RESULTANT WIND SPEED/DIRECTION   8/161
HIGHEST WIND SPEED/DIRECTION    33/140    DATE  07/05
HIGHEST GUST SPEED/DIRECTION    48/050    DATE  07/05

SKY COVER
POSSIBLE SUNSHINE (PERCENT)   MM
AVERAGE SKY COVER           0.10
NUMBER OF DAYS FAIR           31
NUMBER OF DAYS PC              0
NUMBER OF DAYS CLOUDY          0


WEATHER CONDITIONS. NUMBER OF DAYS WITH
THUNDERSTORM              7     MIXED PRECIP                0
HEAVY RAIN                3     RAIN                        4
LIGHT RAIN                5     FREEZING RAIN               0
LT FREEZING RAIN          0     HAIL                        0
HEAVY SNOW                0     SNOW                        0
LIGHT SNOW                0     SLEET                       0
FOG                      15     FOG W/VIS <= 1/4 MILE       1
HAZE                     23     BLOWING SNOW                0
TORNADO                   0

-  INDICATES NEGATIVE NUMBERS.
R  INDICATES RECORD WAS SET OR TIED.
MM INDICATES DATA IS MISSING.
T  INDICATES TRACE AMOUNT.

$$
