000
CXUS54 KAMA 011535
CLMDHT


CLIMATE REPORT
NATIONAL WEATHER SERVICE AMARILLO TX
1035 AM CDT WED MAY 1 2019

...................................

...THE DALHART CLIMATE SUMMARY FOR THE MONTH OF APRIL 2019...

CLIMATE NORMAL PERIOD 1981 TO 2010
CLIMATE RECORD PERIOD 1948 TO 2019

WEATHER         OBSERVED          NORMAL  DEPART  LAST YEAR`S
                 VALUE   DATE(S)  VALUE   FROM    VALUE  DATE(S)
                                          NORMAL
................................................................
TEMPERATURE (F)
RECORD
 HIGH              96   04/30/2013
                        04/25/2012
                        54/01/2206
 LOW               16   04/04/1979
HIGHEST            90   04/20                         90  04/12
                                                          04/11
LOWEST             24   04/14                         19  04/04
AVG. MAXIMUM     72.5              69.5     3.0     69.1
AVG. MINIMUM     38.3              37.7     0.6     33.8
MEAN             55.4              53.6     1.8     51.4
DAYS MAX >= 90      1               0.3     0.7        2
DAYS MAX <= 32      0               0.1    -0.1        0
DAYS MIN <= 32      6               6.8    -0.8       13
DAYS MIN <= 0       0               0.0     0.0        0

PRECIPITATION (INCHES)
TOTALS           0.36              1.08   -0.72     0.73
DAILY AVG.       0.01              0.04   -0.03     0.02
DAYS >= .01         5               5.1    -0.1        3
DAYS >= .10         2               2.5    -0.5        2
DAYS >= .50         0               0.7    -0.7        1
DAYS >= 1.00        0               0.2    -0.2        0
GREATEST
 24 HR. TOTAL    0.11   04/22 TO 04/22
                        04/23 TO 04/23

SNOWFALL (INCHES)
TOTALS             MM               1.2      MM      0.0
SINCE 7/1         5.0              18.9   -13.9      2.3
DAYS >= TRACE       0               1.0    -1.0
DAYS >= 1.0         0               0.6    -0.6        0
GREATEST
 SNOW DEPTH         0   MM
 24 HR TOTAL      0.0   04/30 TO 04/30

DEGREE_DAYS
HEATING TOTAL     280               348     -68      407
 SINCE 7/1       4477              4602    -125     4087
COOLING TOTAL       1                 6      -5        5
 SINCE 1/1          5                 6      -1        5
.................................................................

WIND (MPH)
AVERAGE WIND SPEED              12.6
HIGHEST WIND SPEED/DIRECTION    48/210    DATE  04/10
HIGHEST GUST SPEED/DIRECTION    63/210    DATE  04/10

SKY COVER
POSSIBLE SUNSHINE (PERCENT)   MM
NUMBER OF DAYS FAIR           22
NUMBER OF DAYS PC              7
NUMBER OF DAYS CLOUDY          0

AVERAGE RH (PERCENT)     51

WEATHER CONDITIONS. NUMBER OF DAYS WITH
THUNDERSTORM              3     MIXED PRECIP               0
HEAVY RAIN                0     RAIN                       1
LIGHT RAIN                8     FREEZING RAIN              0
LT FREEZING RAIN          0     HEAVY SNOW                 0
SNOW                      0     LIGHT SNOW                 0
SLEET                     0     FOG                        6
FOG W/VIS <= 1/4 MILE     2     HAZE                       7

-  INDICATES NEGATIVE NUMBERS.
R  INDICATES RECORD WAS SET OR TIED.
MM INDICATES DATA IS MISSING.
T  INDICATES TRACE AMOUNT.

$$
