000
CXUS53 KDLH 022017
CLMDLH


CLIMATE REPORT
NATIONAL WEATHER SERVICE DULUTH MN
300 PM CDT THU MAY 2 2019

...................................

...THE DULUTH CLIMATE SUMMARY FOR THE MONTH OF APRIL 2019...

CLIMATE NORMAL PERIOD 1981 TO 2010
CLIMATE RECORD PERIOD 1870 TO 2019

WEATHER         OBSERVED          NORMAL  DEPART  LAST YEAR`S
                 VALUE   DATE(S)  VALUE   FROM    VALUE  DATE(S)
                                          NORMAL
................................................................
TEMPERATURE (F)
RECORD
 HIGH              88   04/27/1952
 LOW               -5   04/04/1975
                        04/03/1954
HIGHEST            74   04/20        MM      MM       71  04/30
LOWEST             16   04/14        MM      MM        2  04/08
AVG. MAXIMUM     48.7              49.2    -0.5     42.8
AVG. MINIMUM     31.6              30.0     1.6     22.8
MEAN             40.2              39.6     0.6     32.8
DAYS MAX >= 90      0               0.0     0.0        0
DAYS MAX <= 32      1               1.5    -0.5       10
DAYS MIN <= 32     17              17.8    -0.8       26
DAYS MIN <= 0       0               0.0     0.0        0

PRECIPITATION (INCHES)
RECORD
 MAXIMUM         8.18   2001
 MINIMUM         0.24   1987
TOTALS           2.19              2.43   -0.24     1.39
DAILY AVG.       0.07              0.08   -0.01     0.05
DAYS >= .01        15              10.6     4.4       11
DAYS >= .10         6               5.5     0.5        4
DAYS >= .50         0               1.6    -1.6        1
DAYS >= 1.00        0               0.3    -0.3        0
GREATEST
 24 HR. TOTAL    0.42   04/12 TO 04/12

SNOWFALL (INCHES)
RECORD
 MAXIMUM         50.8   2013
 MINIMUM          0.0   1976
TOTALS            6.5               6.9    -0.4     18.5
SINCE 7/1        93.5              85.7     7.8     91.9
SNOWDEPTH AVG.      1                MM      MM        5
DAYS >= 1.0         2               1.8     0.2        3
GREATEST
 SNOW DEPTH         5   04/13                         14  04/16
 24 HR TOTAL      3.0   04/12 TO 04/12

DEGREE_DAYS
HEATING TOTAL     737               762     -25      958
 SINCE 7/1       8844              8839       5     9176
COOLING TOTAL       0                 0       0        0
 SINCE 1/1          0                 0       0        0
.................................................................

WIND (MPH)
AVERAGE WIND SPEED              10.7
HIGHEST WIND SPEED/DIRECTION    45/080    DATE  04/11
HIGHEST GUST SPEED/DIRECTION    58/070    DATE  04/11

SKY COVER
POSSIBLE SUNSHINE (PERCENT)   MM
AVERAGE SKY COVER           0.60
NUMBER OF DAYS FAIR            8
NUMBER OF DAYS PC              8
NUMBER OF DAYS CLOUDY         14

AVERAGE RH (PERCENT)     65

WEATHER CONDITIONS. NUMBER OF DAYS WITH
THUNDERSTORM              2     MIXED PRECIP                0
HEAVY RAIN                0     RAIN                        2
LIGHT RAIN               14     FREEZING RAIN               0
LT FREEZING RAIN          0     HAIL                        0
HEAVY SNOW                1     SNOW                        4
LIGHT SNOW               11     SLEET                       0
FOG                      14     FOG W/VIS <= 1/4 MILE       5
HAZE                      5

-  INDICATES NEGATIVE NUMBERS.
R  INDICATES RECORD WAS SET OR TIED.
MM INDICATES DATA IS MISSING.
T  INDICATES TRACE AMOUNT.

$$

.APRIL 2019 WAS WARMER THAN NORMAL WITH BELOW NORMAL PRECIPITATION
AT DULUTH MN...

THE AVERAGE TEMPERATURE FOR APRIL WAS 40.2 DEGREES WHICH WAS 0.6
DEGREES ABOVE THE NORMAL OF 39.6 DEGREES. THE HIGHEST TEMPERATURE
FOR THE MONTH WAS 74 DEGREES ON THE 20TH. THE LOWEST TEMPERATURE WAS
16 DEGREES ON THE 14TH. NO DAILY TEMPERATURE RECORDS WERE BROKEN FOR
THE MONTH. FOURTEEN DAYS HAD AVERAGE TEMPERATURES BELOW NORMAL.

APRIL 2019 WAS BELOW NORMAL FOR PRECIPITATION WITH A TOTAL OF 2.19
INCHES OF PRECIPITATION RECORDED FOR THE MONTH. THIS WAS 0.24 INCHES
BELOW THE NORMAL OF 2.43 INCHES. THE GREATEST DAILY PRECIPITATION
OCCURRED ON THE 12TH WHEN 0.42 INCHES WAS RECORDED. AT LEAST A TRACE
OF PRECIPITATION WAS RECORDED ON 21 DAYS. AT LEAST 0.01 INCHES OF
PRECIPITATION FELL ON 15 DAYS. AT LEAST 0.10 INCHES FELL ON 6 DAYS.
NO DAILY PRECIPITATION RECORDS WERE BROKEN THIS MONTH.

APRIL 2019 WAS BELOW NORMAL FOR SNOWFALL WITH A TOTAL OF 6.5 INCHES
OF SNOW FOR THE MONTH. THIS WAS 0.4 INCHES BELOW THE NORMAL OF 6.9
INCHES. THE GREATEST DAILY SNOWFALL OCCURRED ON THE 12TH WHEN 3.0
INCHES OF SNOW WAS RECORDED. NO DAILY SNOWFALL RECORDS WERE BROKEN
THIS MONTH.

THE AVERAGE WIND SPEED FOR THE MONTH WAS 10.7 MPH. THE WINDIEST DAY
OF THE MONTH WAS ON THE 11TH WITH AN AVERAGE WIND OF 30.2 MPH. THE
HIGHEST SUSTAINED WIND OCCURRED ON THE 11TH WITH A WIND FROM THE
EAST AT 45 MPH. A PEAK WIND GUST OF 58 MPH WAS RECORDED ON THE 11TH
OUT OF THE EAST NORTHEAST.

THERE WERE 737 HEATING DEGREE DAYS FOR THE MONTH WHICH WAS 25 BELOW
THE NORMAL OF 762. THIS BROUGHT THE SEASONAL TOTAL TO 8844 WHICH IS
5 ABOVE THE NORMAL OF 8839. THERE WERE 0 COOLING DEGREE DAYS FOR THE
MONTH WHICH WAS NORMAL. THE SEASONAL TOTAL COOLING DEGREE DAYS
STANDS AT 0 WHICH WAS NORMAL.

THE OUTLOOK FOR MAY...NORMAL HIGHS START IN THE MID TO UPPER 50S AND
WARM TO THE MID 60S AT THE END OF THE MONTH. NORMAL LOWS FOR THE
MONTH START IN THE MID 30S AND WARM TO THE MID 40S AT THE END OF THE
MONTH. NORMAL PRECIPITATION FOR MAY IS 3.23 INCHES. NORMAL SNOWFALL
FOR MAY IS 0.4 INCHES. THE LATEST CLIMATE PREDICTION CENTER OUTLOOK
INDICATES THAT ODDS ARE TILTED TOWARD BELOW NORMAL TEMPERATURES AND
THERE IS NO CLEAR SIGNAL FOR ABOVE OR BELOW NORMAL PRECIPITATION.

$$

WL
