679
CXUS53 KEAX 010652
CLMDMO

STLCLMWK3 000
TTAA00 KEAX 010648


CLIMATE REPORT
NATIONAL WEATHER SERVICE KANSAS CITY/PLEASANT HILL MO
146 AM CDT THU AUG 1 2019

...................................

...THE SEDALIA CLIMATE SUMMARY FOR THE MONTH OF JULY 2019...

CLIMATE NORMAL PERIOD 1981 TO 2010
CLIMATE RECORD PERIOD 9999 TO 9999

WEATHER         OBSERVED          NORMAL  DEPART  LAST YEAR`S
                 VALUE   DATE(S)  VALUE   FROM    VALUE  DATE(S)
                                          NORMAL
................................................................
TEMPERATURE (F)
HIGHEST            92   07/20        97      -5       99  07/12
LOWEST             59   07/25        56       3       59  07/08
                        07/23
AVG. MAXIMUM     84.6              89.1    -4.5     89.1
AVG. MINIMUM     66.1              69.1    -3.0     69.1
MEAN             75.4              79.1    -3.7     79.1
DAYS MAX >= 90      4              12.8    -8.8       15
DAYS MAX <= 32      0               0.0     0.0        0
DAYS MIN <= 32      0               0.0     0.0        0
DAYS MIN <= 0       0               0.0     0.0        0

PRECIPITATION (INCHES)
TOTALS           4.94              4.21    0.73     2.86
DAILY AVG.       0.16              0.14    0.02     0.09
DAYS >= .01        10               8.5     1.5        6
DAYS >= .10         7               6.1     0.9        5
DAYS >= .50         3               2.8     0.2        2
DAYS >= 1.00        2               1.4     0.6        1
GREATEST
 24 HR. TOTAL    1.66   07/05 TO 07/05

DEGREE_DAYS
HEATING TOTAL       0                 0       0        0
 SINCE 7/1          0                 0       0        0
COOLING TOTAL     329               437    -108      445
 SINCE 1/1        582               880    -298     1210
.................................................................

WIND (MPH)
AVERAGE WIND SPEED              7.0
HIGHEST WIND SPEED/DIRECTION    40/030    DATE  07/20
HIGHEST GUST SPEED/DIRECTION    52/030    DATE  07/20

SKY COVER
POSSIBLE SUNSHINE (PERCENT)   MM
AVERAGE SKY COVER           0.20
NUMBER OF DAYS FAIR           24
NUMBER OF DAYS PC              7
NUMBER OF DAYS CLOUDY          0

AVERAGE RH (PERCENT)     80

WEATHER CONDITIONS. NUMBER OF DAYS WITH
  0
  5
  0
  0
  0
  0
  1
HAZE                      4

-  INDICATES NEGATIVE NUMBERS.
R  INDICATES RECORD WAS SET OR TIED.
MM INDICATES DATA IS MISSING.
T  INDICATES TRACE AMOUNT.

$$
