000
CXUS53 KEAX 021534
CLMDMO

CLIMATE REPORT
NATIONAL WEATHER SERVICE KANSAS CITY/PLEASANT HILL MO
1024 AM CDT THU MAY 2 2019

...................................

...THE SEDALIA CLIMATE SUMMARY FOR THE MONTH OF MARCH 2019...

CLIMATE NORMAL PERIOD 1981 TO 2010
CLIMATE RECORD PERIOD 9999 TO 9999

WEATHER         OBSERVED          NORMAL  DEPART  LAST YEAR`S
                 VALUE   DATE(S)  VALUE   FROM    VALUE  DATE(S)
                                          NORMAL
................................................................
TEMPERATURE (F)
HIGHEST            71   03/27        79      -8       75  03/15
LOWEST             -2R  03/04        15     -17       23  03/14
AVG. MAXIMUM     50.5              56.7    -6.2     53.9
AVG. MINIMUM     32.4              35.8    -3.4     35.9
MEAN             41.4              46.2    -4.8     44.9
DAYS MAX >= 90      0               0.0     0.0        0
DAYS MAX <= 32      4               0.9     3.1        0
DAYS MIN <= 32     13              16.3    -3.3       10
DAYS MIN <= 0       1               0.0     1.0        0

PRECIPITATION (INCHES)
TOTALS           3.38              2.61    0.77     2.64
DAILY AVG.       0.11              0.08    0.03     0.09
DAYS >= .01         9               9.1    -0.1       12
DAYS >= .10         5               5.8    -0.8        6
DAYS >= .50         4               1.8     2.2        2
DAYS >= 1.00        1               0.3     0.7        1
GREATEST
 24 HR. TOTAL    1.11   03/09 TO 03/09

DEGREE_DAYS
HEATING TOTAL     723               585     138      615
 SINCE 7/1       4897              4202     695     4145
COOLING TOTAL       0                 3      -3        0
 SINCE 1/1          0                 3      -3        0
.................................................................

WIND (MPH)
AVERAGE WIND SPEED              10.5
HIGHEST WIND SPEED/DIRECTION    37/220    DATE  03/14
HIGHEST GUST SPEED/DIRECTION    56/240    DATE  03/14

SKY COVER
POSSIBLE SUNSHINE (PERCENT)   MM
AVERAGE SKY COVER           0.50
NUMBER OF DAYS FAIR           13
NUMBER OF DAYS PC              9
NUMBER OF DAYS CLOUDY          9

AVERAGE RH (PERCENT)     70



-  INDICATES NEGATIVE NUMBERS.
R  INDICATES RECORD WAS SET OR TIED.
MM INDICATES DATA IS MISSING.
T  INDICATES TRACE AMOUNT.

$$
