000
CXUS52 KCAE 101610
CLMDNL


CLIMATE REPORT
NATIONAL WEATHER SERVICE COLUMBIA SC
1209 PM EDT FRI MAY 10 2019

...................................

...THE AUGUSTA DANIEL FIELD GA CLIMATE SUMMARY FOR THE MONTH OF APRIL 2019...

CLIMATE NORMAL PERIOD 1981 TO 2010
CLIMATE RECORD PERIOD 9999 TO 9999

WEATHER         OBSERVED          NORMAL  DEPART
                 VALUE   DATE(S)  VALUE   FROM
                                          NORMAL
................................................
TEMPERATURE (F)
HIGHEST            89   04/30        MM      MM
                        04/29
LOWEST             42   04/02        MM      MM
AVG. MAXIMUM     78.8              75.4     3.4
AVG. MINIMUM     57.9              53.2     4.7
MEAN             68.4              64.3     4.1
DAYS MAX >= 90      0               0.6    -0.6
DAYS MAX <= 32      0               0.0     0.0
DAYS MIN <= 32      0               0.1    -0.1
DAYS MIN <= 0       0               0.0     0.0

PRECIPITATION (INCHES)
TOTALS           5.28              2.95    2.33
DAYS >= .01         9                MM      MM
DAYS >= .10         8                MM      MM
DAYS >= .50         4                MM      MM
DAYS >= 1.00        1                MM      MM
GREATEST
 24 HR. TOTAL    2.14   04/08 TO 04/08

SNOWFALL (INCHES)
DAYS >= TRACE       0

DEGREE_DAYS
HEATING TOTAL      57                96     -39
 SINCE 7/1       1695              2159    -464
COOLING TOTAL     166                75      91
 SINCE 1/1        208               101     107
.................................................

WIND (MPH)
AVERAGE WIND SPEED              6.5
RESULTANT WIND SPEED/DIRECTION   2/167
HIGHEST WIND SPEED/DIRECTION    26/170    DATE  04/19
HIGHEST GUST SPEED/DIRECTION    37/250    DATE  04/08

SKY COVER
POSSIBLE SUNSHINE (PERCENT)   MM
AVERAGE SKY COVER           0.30
NUMBER OF DAYS FAIR           19
NUMBER OF DAYS PC              8
NUMBER OF DAYS CLOUDY          3

AVERAGE RH (PERCENT)     59

WEATHER CONDITIONS. NUMBER OF DAYS WITH
  0
  5
  0
  0
  0
  0
  3
HAZE                      1

-  INDICATES NEGATIVE NUMBERS.
R  INDICATES RECORD WAS SET OR TIED.
MM INDICATES DATA IS MISSING.
T  INDICATES TRACE AMOUNT.

$$
