000
CXUS54 KEWX 011643
CLMDRT

CLIMATE REPORT
NATIONAL WEATHER SERVICE AUSTIN/SAN ANTONIO, TX
1143 AM CDT MON JUL 1 2019

...............................................................

...THE DEL RIO CLIMATE SUMMARY FOR THE MONTH OF JUNE 2019...

CLIMATE NORMAL PERIOD 1981 TO 2010
CLIMATE RECORD PERIOD 1906 TO 2019

WEATHER         OBSERVED          NORMAL  DEPART  LAST YEAR`S
                 VALUE   DATE(S)  VALUE   FROM    VALUE  DATE(S)
                                          NORMAL
................................................................
TEMPERATURE (F)
HIGHEST           102   06/07                        107  06/05
LOWEST             64   06/12                         74  06/21
AVG. MAXIMUM     93.4              94.7    -1.3    101.5
AVG. MINIMUM     72.7              73.4    -0.7     77.4
MEAN             83.1              84.0    -0.9     89.5
DAYS MAX >= 90     26                                 30
DAYS MAX <= 32      0                                  0
DAYS MIN <= 32      0                                  0
DAYS MIN <= 0       0                                  0

PRECIPITATION (INCHES)
TOTALS           7.85              2.35    5.50     0.59
DAILY AVG.       0.26              0.08    0.18     0.02
DAYS >= .01         8                                  3
DAYS >= .10         6                                  2
DAYS >= .50         4                                  0
DAYS >= 1.00        2                                  0
GREATEST
 24 HR. TOTAL    4.23   06/04 TO 06/04

SNOWFALL (INCHES)
TOTALS            0.0               0.0     0.0      0.0
SINCE 7/1         0.0               1.2    -1.2        T

DEGREE_DAYS
HEATING TOTAL       0                 0       0        0
 SINCE 7/1       1431              1376      55     1270
COOLING TOTAL     546               571     -25      741
 SINCE 1/1       1331              1330       1     1707
.................................................................

WIND (MPH)
AVERAGE WIND SPEED              8.5
HIGHEST WIND SPEED/DIRECTION    45/230    DATE  06/21
HIGHEST GUST SPEED/DIRECTION    64/230    DATE  06/21

SKY COVER
POSSIBLE SUNSHINE (PERCENT)   MM
AVERAGE SKY COVER           0.30
NUMBER OF DAYS FAIR           21
NUMBER OF DAYS PC              8
NUMBER OF DAYS CLOUDY          1

AVERAGE RH (PERCENT)     67

WEATHER CONDITIONS. NUMBER OF DAYS WITH
THUNDERSTORM              8    MIXED PRECIP             0
HEAVY RAIN                5    RAIN                     9
LIGHT RAIN               11    FREEZING RAIN            0
LT FREEZING RAIN          0    HAIL                     0
HEAVY SNOW                0    SNOW                     0
LIGHT SNOW                0    SLEET                    0
FOG                      11    FOG W/VIS <= 1/4 MILE    1
HAZE                      2

-  INDICATES NEGATIVE NUMBERS.
R  INDICATES RECORD WAS SET OR TIED.
MM INDICATES DATA IS MISSING.
T  INDICATES TRACE AMOUNT.

&&

MONTHLY CLIMATE SUMMARY:
JUNE 2019 WAS THE 52ND COLDEST AND 2ND WETTEST JUNE AT
DEL RIO SINCE RECORD KEEPING BEGAN.

SEA LEVEL PRESSURE DATA:
HIGHEST SLP 30.25 ON THE 10TH
LOWEST SLP 29.63 ON THE 19TH

PRELIMINARY LOCAL CLIMATOLOGICAL DATA (WS FORM: F-6)

                                          STATION:   DEL RIO
                                          MONTH:     JUNE
                                          YEAR:      2019
                                          LATITUDE:   29 22 N
                                          LONGITUDE: 100 55 W

  TEMPERATURE IN F:       :PCPN:    SNOW:  WIND      :SUNSHINE: SKY     :PK WND
================================================================================
1   2   3   4   5  6A  6B    7    8   9   10  11  12  13   14  15   16   17  18
                                     12Z  AVG MX 2MIN
DY MAX MIN AVG DEP HDD CDD  WTR  SNW DPTH SPD SPD DIR MIN PSBL S-S WX    SPD DR
================================================================================

 1  94  76  85   3   0  20 0.00  0.0    0 10.5 21 150   M    M   3        27 100
 2  93  77  85   3   0  20 0.00  0.0    0 10.7 22 120   M    M   4        29 110
 3  85  71  78  -4   0  13 0.94  0.0    0  5.7 25 290   M    M   7 13     32 290
 4  90  70  80  -3   0  15 4.23  0.0    0  7.9 18 230   M    M   5 13     24  80
 5  95  71  83   0   0  18 0.07  0.0    0  5.0 15 340   M    M   5 13     19 340
 6  97  69  83   0   0  18 0.00  0.0    0  5.6 13 340   M    M   1        17 320
 7 102  70  86   3   0  21 0.00  0.0    0  3.6  9 160   M    M   0        12  50
 8  99  73  86   3   0  21 0.00  0.0    0  8.9 16 150   M    M   0        22 140
 9 101  72  87   3   0  22 0.78  0.0    0  8.9 29 260   M    M   0 13     36  60
10  81  71  76  -8   0  11 0.20  0.0    0  9.8 18 350   M    M   6 13     23 340
11  76  66  71 -13   0   6 0.43  0.0    0  4.2 15  80   M    M   8 1      20  40
12  88  64  76  -8   0  11 0.00  0.0    0  3.3 12 160   M    M   2 12     14 160
13  91  71  81  -3   0  16 0.00  0.0    0  8.0 15 110   M    M   2        21 150
14  94  72  83  -1   0  18 0.00  0.0    0 11.6 23 150   M    M   0        29 150
15  96  76  86   2   0  21    T  0.0    0 10.0 18 140   M    M   0        23 150
16  96  76  86   2   0  21 0.00  0.0    0  9.4 18 140   M    M   2        25 100
17  91  76  84   0   0  19 0.00  0.0    0  9.9 18 110   M    M   3        25 100
18  95  76  86   2   0  21 0.00  0.0    0  9.1 18  10   M    M   1        26  20
19 100  76  88   3   0  23 0.00  0.0    0  6.1 14 190   M    M   0        20 180
20 100  75  88   3   0  23 0.00  0.0    0  6.7 14  90   M    M   0        20  90
21  99  71  85   0   0  20 1.13  0.0    0 11.7 45 230   M    M   3 13     64 230
22  93  71  82  -3   0  17 0.00  0.0    0 10.5 21 120   M    M   3        26 150
23  94  80  87   2   0  22    T  0.0    0  8.6 16 140   M    M   5 8      22 130
24  96  70  83  -2   0  18 0.07  0.0    0 10.5 22  30   M    M   2 13     32  20
25  92  70  81  -4   0  16    T  0.0    0 10.6 22  60   M    M   1 1      32  50
26  92  73  83  -2   0  18 0.00  0.0    0  9.5 20 130   M    M   4        25 130
27  93  76  85   0   0  20 0.00  0.0    0 11.9 24 100   M    M   4 138    33 100
28  94  75  85   0   0  20 0.00  0.0    0 10.1 17 150   M    M   2        22 150
29  95  73  84  -1   0  19 0.00  0.0    0  8.5 15 150   M    M   2        19 150
30  91  74  83  -2   0  18 0.00  0.0    0  8.1 20 120   M    M   1        25 130
================================================================================
SM 2803 2181         0 546  7.85     0.0 254.9          M       76
================================================================================
AV 93.4 72.7                               8.5 FASTST   M    M   3    MAX(MPH)
                                 MISC ---->  # 45 230               # 64  230
================================================================================
NOTES:
# LAST OF SEVERAL OCCURRENCES
COLUMN 17 PEAK WIND IN M.P.H.

SYMBOLS USED IN COLUMN 16:
1 = FOG OR MIST
2 = FOG REDUCING VISIBILITY TO 1/4 MILE OR LESS
3 = THUNDER
4 = ICE PELLETS
5 = HAIL
6 = FREEZING RAIN OR DRIZZLE
7 = DUSTSTORM OR SANDSTORM
8 = SMOKE OR HAZE
9 = BLOWING SNOW
X = TORNADO

$$
