000
CXUS55 KTWC 051843
CLMDUG


CLIMATE REPORT
NATIONAL WEATHER SERVICE TUCSON AZ
1135 AM MST SAT OCT 5 2019

...................................

...THE DOUGLAS AZ CLIMATE SUMMARY FOR THE MONTH OF SEPTEMBER 2019...

CLIMATE NORMAL PERIOD 1981 TO 2010
CLIMATE RECORD PERIOD 1948 TO 2019

WEATHER         OBSERVED          NORMAL  DEPART  LAST YEAR`S
                 VALUE   DATE(S)  VALUE   FROM    VALUE  DATE(S)
                                          NORMAL
................................................................
TEMPERATURE (F)
RECORD
 HIGH             102   09/03/1948
 LOW               36   09/30/1965
HIGHEST            97   09/06        95       2       98  09/14
LOWEST             49   09/30        50      -1       54  09/23
AVG. MAXIMUM     87.3              89.4    -2.1     89.8
AVG. MINIMUM     59.6              59.2     0.4     60.0
MEAN             73.4              74.3    -0.9     74.9
DAYS MAX >= 90     14              15.3    -1.3       16
DAYS MAX <= 32      0               0.0     0.0        0
DAYS MIN <= 32      0               0.0     0.0        0
DAYS MIN <= 0       0               0.0     0.0        0

PRECIPITATION (INCHES)
RECORD
 MAXIMUM         6.94   1983
 MINIMUM         0.00   1968
TOTALS           2.54              1.54    1.00     2.59
DAILY AVG.       0.08              0.05    0.03     0.09
DAYS >= .01         7               5.9     1.1        8
DAYS >= .10         5               3.0     2.0        6
DAYS >= .50         2               0.9     1.1        3
DAYS >= 1.00        1               0.4     0.6        0
GREATEST
 24 HR. TOTAL    1.52   09/24 TO 09/24

DEGREE_DAYS
HEATING TOTAL       5                 2       3        0
 SINCE 7/1          5                 2       3        0
COOLING TOTAL     266               281     -15      304
 SINCE 1/1       1615              1751    -136     1932
.................................................................

WIND (MPH)
AVERAGE WIND SPEED              6.9
HIGHEST WIND SPEED/DIRECTION    49/340    DATE  09/19
HIGHEST GUST SPEED/DIRECTION    70/330    DATE  09/19

AVERAGE RH (PERCENT)     MM

WEATHER CONDITIONS. NUMBER OF DAYS WITH
THUNDERSTORM             11     MIXED PRECIP               0
HEAVY RAIN                0     RAIN                       0
LIGHT RAIN                0     FREEZING RAIN              0
LT FREEZING RAIN          0     HAIL                       0
HEAVY SNOW                0     SNOW                       0
LIGHT SNOW                0     SLEET                      0
FOG                       4     FOG W/VIS <= 1/4 MILE      1
HAZE                      0

-  INDICATES NEGATIVE NUMBERS.
R  INDICATES RECORD WAS SET OR TIED.
MM INDICATES DATA IS MISSING.
T  INDICATES TRACE AMOUNT.

$$
