601
CXUS55 KTWC 011506
CLMDUG

CLIMATE REPORT
NATIONAL WEATHER SERVICE TUCSON AZ
806 AM MST THU AUG 1 2019

...................................

...THE DOUGLAS AZ CLIMATE SUMMARY FOR THE MONTH OF JULY 2019...

CLIMATE NORMAL PERIOD 1981 TO 2010
CLIMATE RECORD PERIOD 1948 TO 2019

WEATHER         OBSERVED          NORMAL  DEPART  LAST YEAR`S
                 VALUE   DATE(S)  VALUE   FROM    VALUE  DATE(S)
                                          NORMAL
................................................................
TEMPERATURE (F)
RECORD
 HIGH             109   07/03/1989
 LOW               53   07/01/2004
HIGHEST           102   07/26       102       0      105  07/23
                        07/15
                        07/10
LOWEST             58   07/08        59      -1       56  07/01
AVG. MAXIMUM     96.2              94.3     1.9     94.7
AVG. MINIMUM     65.7              65.7     0.0     67.1
MEAN             80.9              80.0     0.9     80.9
DAYS MAX >= 100     7                 4       3        6
DAYS MAX >= 90     27              24.3     2.7       25
DAYS MIN <= 32      0               0.0     0.0        0
DAYS MIN <= 0       0               0.0     0.0        0

PRECIPITATION (INCHES)
RECORD
 MAXIMUM        10.12   2013
 MINIMUM         0.98   2009
TOTALS           2.05              2.95   -0.90     2.90
DAILY AVG.       0.07              0.10   -0.03     0.09
DAYS >= .01        10              13.6    -3.6       10
DAYS >= .10         4               6.9    -2.9        5
DAYS >= .50         1               1.7    -0.7        3
DAYS >= 1.00        0               0.5    -0.5        1
GREATEST
 24 HR. TOTAL    0.65   07/05 TO 07/05

                 OBSERVED          NORMAL  DEPART  LAST YEAR`S

DEGREE_DAYS
COOLING TOTAL     487               465      22      499
 SINCE 1/1        875              1061    -186     1207
.................................................................

WIND (MPH)
AVERAGE WIND SPEED              7.5
HIGHEST WIND SPEED/DIRECTION    36/030    DATE  07/29
HIGHEST GUST SPEED/DIRECTION    50/030    DATE  07/30

AVERAGE RH (PERCENT)     MM

WEATHER CONDITIONS. NUMBER OF DAYS WITH
THUNDERSTORM             18     MIXED PRECIP               0
HEAVY RAIN                1     RAIN                       1
LIGHT RAIN                4     FREEZING RAIN              0
LT FREEZING RAIN          0     HAIL                       0
HEAVY SNOW                0     SNOW                       0
LIGHT SNOW                0     SLEET                      0
FOG                       6     FOG W/VIS <= 1/4 MILE      0
HAZE                      0

-  INDICATES NEGATIVE NUMBERS.
R  INDICATES RECORD WAS SET OR TIED.
MM INDICATES DATA IS MISSING.
T  INDICATES TRACE AMOUNT.

$$
