000
CXUS53 KDVN 011048
CLMDVN


CLIMATE REPORT
NATIONAL WEATHER SERVICE QUAD CITIES IA IL
548 AM CDT WED MAY 1 2019

...................................

...THE DAVENPORT IA CLIMATE SUMMARY FOR THE MONTH OF APRIL 2019...

CLIMATE NORMAL PERIOD 1981 TO 2010
CLIMATE RECORD PERIOD 9999 TO 9999

WEATHER         OBSERVED          NORMAL  DEPART
                 VALUE   DATE(S)  VALUE   FROM
                                          NORMAL
................................................
TEMPERATURE (F)
HIGHEST            84   04/21        67      17
LOWEST             25   04/15        34      -9
AVG. MAXIMUM     60.8              61.7    -0.9
AVG. MINIMUM     39.9              39.0     0.9
MEAN             50.4              50.3     0.1
DAYS MAX >= 90      0
DAYS MAX <= 32      0
DAYS MIN <= 32      7
DAYS MIN <= 0       0

PRECIPITATION (INCHES)
TOTALS           5.84              3.51    2.33
DAILY AVG.       0.19              0.12    0.07
DAYS >= .01        15
DAYS >= .10         9
DAYS >= .50         4
DAYS >= 1.00        3
GREATEST
 24 HR. TOTAL    1.83   04/28 TO 04/29

SNOWFALL (INCHES)
TOTALS              T
SINCE 7/1        56.9
SNOWDEPTH AVG.      0
DAYS >= TRACE       2
DAYS >= 1.0         0
GREATEST
 SNOW DEPTH         0   MM
 24 HR TOTAL        T   04/27 TO 04/27
                        04/22 TO 04/22

DEGREE_DAYS
HEATING TOTAL     432               446     -14
 SINCE 7/1       6584              6304     280
COOLING TOTAL       2                 6      -4
 SINCE 1/1          2                 6      -4
.................................................

WIND (MPH)
AVERAGE WIND SPEED              12.7
HIGHEST WIND SPEED/DIRECTION    37/080    DATE  04/10
HIGHEST GUST SPEED/DIRECTION    49/080    DATE  04/10

SKY COVER
POSSIBLE SUNSHINE (PERCENT)   MM
AVERAGE SKY COVER           0.40
NUMBER OF DAYS FAIR           12
NUMBER OF DAYS PC             12
NUMBER OF DAYS CLOUDY          6

AVERAGE RH (PERCENT)     66

WEATHER CONDITIONS. NUMBER OF DAYS WITH
THUNDERSTORM              6     HAIL                       1
SLEET                     1     FOG                       17
FOG W/VIS <= 1/4 MILE     1     HAZE                       6


-  INDICATES NEGATIVE NUMBERS.
R  INDICATES RECORD WAS SET OR TIED.
MM INDICATES DATA IS MISSING.
T  INDICATES TRACE AMOUNT.

$$


NOTE: SUPPLEMENTAL CLIMATE DATA WAS USED FROM A NEARBY
CLIMATOLOGICALLY REPRESENTATIVE STATION.
