000
CXUS53 KGID 011503
CLMEAR

CLIMATE REPORT
NATIONAL WEATHER SERVICE HASTINGS NE
959 AM CDT WED MAY 1 2019

...................................

...THE KEARNEY CLIMATE SUMMARY FOR THE MONTH OF APRIL 2019...

CLIMATE NORMAL PERIOD 1981 TO 2010
CLIMATE RECORD PERIOD 1894 TO 2019

WEATHER         OBSERVED          NORMAL  DEPART  LAST YEAR`S
                 VALUE   DATE(S)  VALUE   FROM    VALUE  DATE(S)
                                          NORMAL
................................................................
TEMPERATURE (F)
HIGHEST            87   04/20        85       2       84  04/30
LOWEST             24   04/12        20       4        8  04/07
AVG. MAXIMUM     64.9              62.1     2.8     56.1
AVG. MINIMUM     38.4              35.3     3.1     29.8
MEAN             51.7              48.7     3.0     42.9
DAYS MAX >= 90      0               0.3    -0.3        0
DAYS MAX <= 32      1               0.3     0.7        1
DAYS MIN <= 32      8              11.1    -3.1       17
DAYS MIN <= 0       0               0.0     0.0        0

PRECIPITATION (INCHES)
TOTALS             MM              2.23      MM     1.17
DAILY AVG.         MM              0.07      MM
DAYS >= .01        MM               7.7      MM
DAYS >= .10        MM               4.4      MM
DAYS >= .50        MM               1.4      MM
DAYS >= 1.00       MM               0.6      MM
GREATEST
 24 HR. TOTAL      MM

DEGREE_DAYS
HEATING TOTAL     399               496     -97      665
COOLING TOTAL       6                 7      -1        8
.................................................................

WIND (MPH)
AVERAGE WIND SPEED              13.4
HIGHEST WIND SPEED/DIRECTION    41/020
HIGHEST GUST SPEED/DIRECTION    49/340

AVERAGE RH (PERCENT)     64


-  INDICATES NEGATIVE NUMBERS.
R  INDICATES RECORD WAS SET OR TIED.
MM INDICATES DATA IS MISSING.
T  INDICATES TRACE AMOUNT.

&&

THE PRECIPITATION DATA SHOWN ABOVE IS RECORDED BY THE AUTOMATED
WEATHER OBSERVING SYSTEM AT THE KEARNEY AIRPORT. THE PRECIPITATION
IS DEPICTED FOR A CALENDAR DAY FROM MIDNIGHT TO MIDNIGHT. SNOWFALL
IS NOT RECORDED BY THAT SYSTEM.

THE OFFICIAL PRECIPITATION...SNOWFALL...AND SNOW DEPTH OBSERVATION
FOR KEARNEY IS RECORDED DAILY BY THE COOPERATIVE OBSERVER AT 7 AM.
THAT INFORMATION FOLLOWS...

...KEARNEY 4NE COOPERATIVE OBSERVER REPORT FOR APRIL 2019...

PRECIPITATION (IN)
MONTH TO DATE ......................    1.80
YEAR TO DATE .......................    7.87

SNOWFALL (IN)
MONTH TO DATE  ........................ 3.1
SEASONAL TOTAL (SINCE JULY 1ST) ...... 41.9

$$
