000
CXUS53 KMPX 010736
CLMEAU


CLIMATE REPORT
NATIONAL WEATHER SERVICE CHANHASSEN MN
235 AM CDT WED MAY 1 2019

...................................

...THE EAU CLAIRE WI CLIMATE SUMMARY FOR THE MONTH OF APRIL 2019...

CLIMATE NORMAL PERIOD 1981 TO 2010
CLIMATE RECORD PERIOD 1893 TO 2019

WEATHER         OBSERVED          NORMAL  DEPART  LAST YEAR`S
                 VALUE   DATE(S)  VALUE   FROM    VALUE  DATE(S)
                                          NORMAL
................................................................
TEMPERATURE (F)
RECORD
 HIGH              91   04/15/2002
 LOW                0   04/01/1924
HIGHEST            80   04/21        68      12       83  04/30
LOWEST             21   04/15        27      -6        4  04/08
                        04/04
AVG. MAXIMUM     54.2              57.7    -3.5     46.5
AVG. MINIMUM     32.6              34.2    -1.6     23.1
MEAN             43.4              46.0    -2.6     34.8
DAYS MAX >= 90      0               0.0     0.0        0
DAYS MAX <= 32      0               0.4    -0.4        8
DAYS MIN <= 32     16              12.2     3.8       27
DAYS MIN <= 0       0               0.0     0.0        0

PRECIPITATION (INCHES)
RECORD
 MAXIMUM         6.11   1954
 MINIMUM         0.51   1905
TOTALS           2.95              2.75    0.20     1.59
DAILY AVG.       0.10              0.09    0.01     0.05
DAYS >= .01        10              11.0    -1.0        8
DAYS >= .10         4               6.3    -2.3        5
DAYS >= .50         2               1.7     0.3        1
DAYS >= 1.00        2               0.4     1.6        0
GREATEST
 24 HR. TOTAL    1.16   04/17 TO 04/17

SNOWFALL (INCHES)
RECORDS
 TOTAL           18.6   2018
TOTALS           11.4               1.9     9.5     18.6
SINCE 7/1        98.8              46.8    52.0     64.4
SNOWDEPTH AVG.      1                MM      MM        3
DAYS >= 1.0         2               0.7     1.3        5
GREATEST
 SNOW DEPTH         8   04/11                          9  04/16
 24 HR TOTAL      7.4   04/11 TO 04/11

DEGREE_DAYS
HEATING TOTAL     643               576      67      896
 SINCE 7/1       8252              7640     612     8157
COOLING TOTAL       0                 4      -4        1
 SINCE 1/1          0                 4      -4        1
.................................................................

WIND (MPH)
AVERAGE WIND SPEED              8.1
HIGHEST WIND SPEED/DIRECTION    38/060    DATE  04/11
HIGHEST GUST SPEED/DIRECTION    54/070    DATE  04/11

SKY COVER
POSSIBLE SUNSHINE (PERCENT)   MM
AVERAGE SKY COVER           0.50
NUMBER OF DAYS FAIR           11
NUMBER OF DAYS PC              7
NUMBER OF DAYS CLOUDY         12

AVERAGE RH (PERCENT)     66

WEATHER CONDITIONS. NUMBER OF DAYS WITH
  0
  4
  1
  0
  2
  0
  4
HAZE                      6

-  INDICATES NEGATIVE NUMBERS.
R  INDICATES RECORD WAS SET OR TIED.
MM INDICATES DATA IS MISSING.
T  INDICATES TRACE AMOUNT.

$$
