000
CXUS53 KMPX 010711
CLMEAU


CLIMATE REPORT
NATIONAL WEATHER SERVICE CHANHASSEN MN
210 AM CDT THU AUG 1 2019

...................................

...THE EAU CLAIRE WI CLIMATE SUMMARY FOR THE MONTH OF JULY 2019...

CLIMATE NORMAL PERIOD 1981 TO 2010
CLIMATE RECORD PERIOD 1893 TO 2019

WEATHER         OBSERVED          NORMAL  DEPART  LAST YEAR`S
                 VALUE   DATE(S)  VALUE   FROM    VALUE  DATE(S)
                                          NORMAL
................................................................
TEMPERATURE (F)
RECORD
 HIGH             111   07/14/1936
                        07/13/1936
 LOW               41   07/09/1895
HIGHEST            92   07/19        95      -3       93  07/12
LOWEST             47   07/31        55      -8       51  07/28
                                                          07/18
AVG. MAXIMUM     82.6              82.9    -0.3     83.4
AVG. MINIMUM     61.1              60.2     0.9     58.7
MEAN             71.9              71.6     0.3     71.0
DAYS MAX >= 90      2               4.7    -2.7        1
DAYS MAX <= 32      0               0.0     0.0        0
DAYS MIN <= 32      0               0.0     0.0        0
DAYS MIN <= 0       0               0.0     0.0        0

PRECIPITATION (INCHES)
RECORD
 MAXIMUM         8.88   1900
 MINIMUM         0.12   1936
TOTALS           5.45              3.88    1.57     1.56
DAILY AVG.       0.18              0.13    0.05     0.05
DAYS >= .01        11              11.9    -0.9        6
DAYS >= .10        10               7.3     2.7        3
DAYS >= .50         4               2.7     1.3        2
DAYS >= 1.00        1               0.8     0.2        0
GREATEST
 24 HR. TOTAL    1.02   07/15 TO 07/15

SNOWFALL (INCHES)
RECORDS
 TOTAL            0.0   MM
TOTALS            0.0               0.0     0.0      0.0
SINCE 7/1         0.0               0.0     0.0      0.0
SNOWDEPTH AVG.      0                MM      MM        0
DAYS >= 1.0         0               0.0     0.0        0
GREATEST
 SNOW DEPTH         0   MM                             0  MM
 24 HR TOTAL      0.0   07/31 TO 07/31

DEGREE_DAYS
HEATING TOTAL       3                11      -8        1
 SINCE 7/1          3                11      -8        1
COOLING TOTAL     225               214      11      196
 SINCE 1/1        296               366     -70      451
.................................................................

WIND (MPH)
AVERAGE WIND SPEED              6.0
HIGHEST WIND SPEED/DIRECTION    36/320    DATE  07/19
HIGHEST GUST SPEED/DIRECTION    54/320    DATE  07/19

SKY COVER
POSSIBLE SUNSHINE (PERCENT)   MM
AVERAGE SKY COVER           0.30
NUMBER OF DAYS FAIR           17
NUMBER OF DAYS PC             14
NUMBER OF DAYS CLOUDY          0

AVERAGE RH (PERCENT)     72

WEATHER CONDITIONS. NUMBER OF DAYS WITH
  0
 10
  0
  0
  0
  0
  5
HAZE                      2

-  INDICATES NEGATIVE NUMBERS.
R  INDICATES RECORD WAS SET OR TIED.
MM INDICATES DATA IS MISSING.
T  INDICATES TRACE AMOUNT.

$$
