324
CXUS52 KAKQ 011559
CLMECG


CLIMATE REPORT
NATIONAL WEATHER SERVICE WAKEFIELD, VA
1140 AM EDT WED MAY 1 2019

...................................

...THE ELIZABETH CITY NC CLIMATE SUMMARY FOR THE MONTH OF APRIL 2019...

CLIMATE NORMAL PERIOD 1981 TO 2010
CLIMATE RECORD PERIOD 1934 TO 2019

WEATHER         OBSERVED          NORMAL  DEPART  LAST YEAR`S
                 VALUE   DATE(S)  VALUE   FROM    VALUE  DATE(S)
                                          NORMAL
................................................................
TEMPERATURE (F)
RECORD
 HIGH              95   04/23/1985
                        04/22/1985
 LOW               26   04/10/1985
                        04/03/1985
HIGHEST            88   04/25        73      15       81  04/14
LOWEST             36   04/01        45      -9       36  04/20
AVG. MAXIMUM     74.0              69.5     4.5     69.0
AVG. MINIMUM     54.2              47.9     6.3     47.2
MEAN             64.1              58.7     5.4     58.1
DAYS MAX >= 90      0               0.1    -0.1        0
DAYS MAX <= 32      0               0.0     0.0        0
DAYS MIN <= 32      0               0.8    -0.8        0
DAYS MIN <= 0       0               0.0     0.0        0

PRECIPITATION (INCHES)
RECORD
 MAXIMUM           MM   MM
 MINIMUM           MM   MM
TOTALS           5.99              3.14    2.85     4.11
DAILY AVG.       0.20              0.10    0.10     0.14
DAYS >= .01        11               9.4     1.6        9
DAYS >= .10         9               5.6     3.4        7
DAYS >= .50         4               1.9     2.1        3
DAYS >= 1.00        3               0.9     2.1        2
GREATEST
 24 HR. TOTAL    1.35   04/20 TO 04/20

SNOWFALL (INCHES)
RECORDS
 TOTAL             MM   MM
TOTALS            0.0
SINCE 7/1           T                MM      MM      6.8
SNOWDEPTH AVG.      0                MM      MM        0
DAYS >= 1.0         0                MM      MM        0
GREATEST
 SNOW DEPTH         0   MM                             0  MM
 24 HR TOTAL      0.0

DEGREE_DAYS
HEATING TOTAL     109               224    -115      220
 SINCE 7/1       2683              3161    -478     3095
COOLING TOTAL      90                35      55       19
 SINCE 1/1         99                42      57       51
.................................................................

WIND (MPH)
AVERAGE WIND SPEED              10.7
HIGHEST WIND SPEED/DIRECTION    35/300    DATE  04/26
HIGHEST GUST SPEED/DIRECTION    46/270    DATE  04/08

SKY COVER
POSSIBLE SUNSHINE (PERCENT)   MM
AVERAGE SKY COVER           0.30

AVERAGE RH (PERCENT)     67

WEATHER CONDITIONS. NUMBER OF DAYS WITH

THUNDERSTORM              5     MIXED PRECIP               0
HEAVY RAIN                6     RAIN                       9
LIGHT RAIN               13     FREEZING RAIN              0
LT FREEZING RAIN          M     HAIL                       0
HEAVY SNOW                M     SNOW                       0
LIGHT SNOW                M     SLEET                      0
FOG                      13     FOG W/VIS <= 1/4 MILE      3
HAZE                      1


-  INDICATES NEGATIVE NUMBERS.
R  INDICATES RECORD WAS SET OR TIED.
MM INDICATES DATA IS MISSING.
T  INDICATES TRACE AMOUNT.

$$
