334
CXUS52 KAKQ 011420
CLMECG


CLIMATE REPORT
NATIONAL WEATHER SERVICE WAKEFIELD, VA
1008 AM EDT THU AUG 1 2019

...................................

...THE ELIZABETH CITY NC CLIMATE SUMMARY FOR THE MONTH OF JULY 2019...

CLIMATE NORMAL PERIOD 1981 TO 2010
CLIMATE RECORD PERIOD 1934 TO 2019

WEATHER         OBSERVED          NORMAL  DEPART  LAST YEAR`S
                 VALUE   DATE(S)  VALUE   FROM    VALUE  DATE(S)
                                          NORMAL
................................................................
TEMPERATURE (F)
RECORD
 HIGH             107   07/18/1942
 LOW               51   07/13/1978
HIGHEST            97   07/22        88       9       95  07/11
                        07/21
                        07/03
LOWEST             63   07/28        69      -6       56  07/10
                        07/02
AVG. MAXIMUM     90.9              87.5     3.4     86.6
AVG. MINIMUM     72.3              70.0     2.3     71.2
MEAN             81.6              78.8     2.8     78.9
DAYS MAX >= 90     22               9.5    12.5        8
DAYS MAX <= 32      0               0.0     0.0        0
DAYS MIN <= 32      0               0.0     0.0        0
DAYS MIN <= 0       0               0.0     0.0        0

PRECIPITATION (INCHES)
RECORD
 MAXIMUM           MM   MM
 MINIMUM           MM   MM
TOTALS           5.71              5.66    0.05    11.13
DAILY AVG.       0.18              0.18    0.00     0.36
DAYS >= .01        11              12.7    -1.7       15
DAYS >= .10         7               7.9    -0.9       12
DAYS >= .50         2               3.3    -1.3        9
DAYS >= 1.00        2               1.7     0.3        4
GREATEST
 24 HR. TOTAL    2.94   07/23 TO 07/23

DEGREE_DAYS
HEATING TOTAL       0                 0       0        0
 SINCE 7/1          0                 0       0        0
COOLING TOTAL     525               426      99      438
 SINCE 1/1       1304               904     400     1196
.................................................................

WIND (MPH)
AVERAGE WIND SPEED              7.8
HIGHEST WIND SPEED/DIRECTION    36/290    DATE  07/23
HIGHEST GUST SPEED/DIRECTION    41/360    DATE  07/23

SKY COVER
POSSIBLE SUNSHINE (PERCENT)   MM
AVERAGE SKY COVER           0.10

AVERAGE RH (PERCENT)     71

WEATHER CONDITIONS. NUMBER OF DAYS WITH
THUNDERSTORM             11     MIXED PRECIP               0
HEAVY RAIN                7     RAIN                       4
LIGHT RAIN               11     FREEZING RAIN              0
LT FREEZING RAIN          0     HAIL                       0
HEAVY SNOW                0     SNOW                       0
LIGHT SNOW                0     SLEET                      0
FOG                      13     FOG W/VIS <= 1/4 MILE      3
HAZE                      2

-  INDICATES NEGATIVE NUMBERS.
R  INDICATES RECORD WAS SET OR TIED.
MM INDICATES DATA IS MISSING.
T  INDICATES TRACE AMOUNT.

$$
