000
CXUS56 KEKA 021906
CLMEKA

SFOCLMBHX 000
TTAA00 KEKA 021722


CLIMATE REPORT
NATIONAL WEATHER SERVICE EUREKA CA
1021 AM PDT TUE JUL 2 2019

...................................

...THE EUREKA CA CLIMATE SUMMARY FOR THE MONTH OF JUNE 2019...

CLIMATE NORMAL PERIOD 1981 TO 2010
CLIMATE RECORD PERIOD 1886 TO 2019

WEATHER         OBSERVED          NORMAL  DEPART  LAST YEAR`S
                 VALUE   DATE(S)  VALUE   FROM    VALUE
                                          NORMAL
.............................................................
TEMPERATURE (F)
RECORD
 HIGH              85   06/11/2019
                        06/17/1945
                        06/06/1903
 LOW               40   06/24/2003
                        06/08/1999
                        06/06/1899
HIGHEST            85R  06/11                MM
LOWEST             43   06/08                MM
AVG. MAXIMUM     62.7                       0.5
AVG. MINIMUM     49.1                      -1.0
MEAN             55.9                      -0.2

PRECIPITATION (INCHES)
RECORD
 MAXIMUM         4.66   1888
 MINIMUM         0.00   1960
                        1951
                        1926
TOTALS              T              0.75   -0.75
DAYS >= .01         0               5.8    -5.8        2
DAYS >= .10         0               2.2    -2.2        2
DAYS >= .50         0               0.3    -0.3        0
DAYS >= 1.00        0               0.1    -0.1        0
GREATEST
 24 HR. TOTAL       T   06/26 TO 06/26
                        06/16 TO 06/16
                        06/15 TO 06/15

SNOWFALL (INCHES)
 LIQUID 7/1      0.05                        MM

DEGREE_DAYS
HEATING TOTAL     268               266       2      268
 SINCE 7/1       4433              4434      -1     4315
COOLING TOTAL       7                 0       7        0
 SINCE 1/1          7                 0       7        0
..............................................................

WIND (MPH)
AVERAGE WIND SPEED              5.3
HIGHEST WIND SPEED/DIRECTION    20/010    DATE  06/21
HIGHEST GUST SPEED/DIRECTION    28/340    DATE  06/19

SKY COVER
POSSIBLE SUNSHINE (PERCENT)   MM
AVERAGE SKY COVER           0.50
NUMBER OF DAYS FAIR           10
NUMBER OF DAYS PC             10
NUMBER OF DAYS CLOUDY         10


WEATHER CONDITIONS. NUMBER OF DAYS WITH THUNDERSTORM
THUNDERSTORM              0     HEAVY RAIN                 0
RAIN                      0     LIGHT RAIN                 6
HAIL                      0     SLEET                      0
FOG                      13     FOG W/VIS <= 1/4 MILE      3
HAZE                      0


-  INDICATES NEGATIVE NUMBERS.
R  INDICATES RECORD WAS SET OR TIED.
MM INDICATES DATA IS MISSING.
T  INDICATES TRACE AMOUNT.

.REMARKS...THE MAIN STORY FOR THE MONTH WAS THE HOT WEATHER FROM THE
9TH THROUGH THE 12TH. A RIDGE OF HIGH PRESSURE POSITIONED ITSELF IN
SUCH A WAY THAT WINDS WERE LIGHT AND OFFSHORE. THIS WAS THE WARMEST
FOUR DAY PERIOD EVER RECORDED IN THE MONTH OF JUNE. DAILY RECORDS
WERE SET ON THE 11TH AND THE 12TH. THE HIGH TEMPERATURE OF 85
DEGREES ON THE 12 TIED FOR THE 3RD HIGHEST TEMPERATURE EVER RECORDED
IN EUREKA. HIGH TEMPERATURES FOR THE MONTH AS A WHOLE ENDED SLIGHTLY
ABOVE NORMAL WHILE THE LOW TEMPERATURES WERE SLIGHTLY BELOW NORMAL
DUE TO THE CLEAR SKIES.

THE ONLY RAIN FOR THE MONTH CAME IN THE FORM
OF DRIZZLE. THIS LEFT US WITH NO MEASURABLE RAINFALL FOR THE MONTH,
WHICH IS BELOW NORMAL, NOT UNUSUAL. MKK

$$
