000
CXUS55 KLKN 032331
CLMELY


CLIMATE REPORT
NATIONAL WEATHER SERVICE ELKO NV
430 PM PDT SAT AUG 3 2019

...................................

...THE ELY AIRPORT NV CLIMATE SUMMARY FOR THE MONTH OF JULY 2019...

CLIMATE NORMAL PERIOD 1981 TO 2010
CLIMATE RECORD PERIOD 1893 TO 2019

WEATHER         OBSERVED          NORMAL  DEPART  LAST YEAR`S
                 VALUE   DATE(S)  VALUE   FROM    VALUE  DATE(S)
                                          NORMAL
................................................................
TEMPERATURE (F)
RECORD
 HIGH             101   07/12/2002
                        07/18/1998
 LOW               30   07/10/1983
                        07/29/1948
                        07/07/1897
HIGHEST            95   07/22        96      -1       96  07/29
                                                          07/17
                                                          07/07
LOWEST             40   07/09        37       3       40  07/04
                        07/05                             07/01
AVG. MAXIMUM     88.0              87.6     0.4     91.2
AVG. MINIMUM     48.2              48.1     0.1     52.9
MEAN             68.1              67.8     0.3     72.0
DAYS MAX >= 90     14              11.4     2.6       20
DAYS MAX <= 32      0               0.0     0.0        0
DAYS MIN <= 32      0               0.1    -0.1        0
DAYS MIN <= 0       0               0.0     0.0        0

PRECIPITATION (INCHES)
RECORD
 MAXIMUM         2.30   1987
 MINIMUM            T   2000
                        1948
                        1903
TOTALS           0.42              0.64   -0.22     1.14
DAILY AVG.       0.01              0.02   -0.01     0.04
DAYS >= .01         3               5.3    -2.3        9
DAYS >= .10         2               1.9     0.1        4
DAYS >= .50         0               0.2    -0.2        0
DAYS >= 1.00        0               0.0     0.0        0
GREATEST
 24 HR. TOTAL    0.27   07/26 TO 07/26              0.38

SNOWFALL (INCHES)
RECORDS
 TOTAL              T   2011
                        1992
                        1989
TOTALS            0.0               0.0     0.0      0.0
SINCE 7/1         0.0               0.0     0.0      0.0
SNOWDEPTH AVG.      0                                  0
DAYS >= TRACE       0               0.0     0.0        0
DAYS >= 1.0         0               0.0     0.0        0
GREATEST
 SNOW DEPTH         0   MM                             0
 24 HR TOTAL      0.0   07/31 TO 07/31               0.0

DEGREE_DAYS
HEATING TOTAL      10                23     -13        1
 SINCE 7/1         10                23     -13        1
COOLING TOTAL     114               111       3      227
 SINCE 1/1        119               135     -16      265
.................................................................

WIND (MPH)
AVERAGE WIND SPEED              9.3
HIGHEST WIND SPEED/DIRECTION    35/150    DATE  07/31
HIGHEST GUST SPEED/DIRECTION    40/190    DATE  07/31

AVERAGE RH (PERCENT)     35

WEATHER CONDITIONS. NUMBER OF DAYS WITH
THUNDERSTORM              5     MIXED PRECIP               0
HEAVY RAIN                1     RAIN                       2
LIGHT RAIN                7     FREEZING RAIN              0
LT FREEZING RAIN          0     HAIL                       0
HEAVY SNOW                0     SNOW                       0
LIGHT SNOW                0     SLEET                      0
FOG                       2     FOG W/VIS <= 1/4 MILE      0
HAZE                      0

-  INDICATES NEGATIVE NUMBERS.
R  INDICATES RECORD WAS SET OR TIED.
MM INDICATES DATA IS MISSING.
T  INDICATES TRACE AMOUNT.

$$
