000
CXUS53 KTOP 011457
CLMEMP


CLIMATE REPORT
NATIONAL WEATHER SERVICE TOPEKA KS
956 AM CDT WED MAY 1 2019

...................................

...THE EMPORIA KS CLIMATE SUMMARY FOR THE MONTH OF APRIL 2019...

CLIMATE NORMAL PERIOD 1981 TO 2010
CLIMATE RECORD PERIOD 9999 TO 9999

WEATHER         OBSERVED          NORMAL  DEPART  LAST YEAR`S
                 VALUE   DATE(S)  VALUE   FROM    VALUE
                                          NORMAL
.............................................................
TEMPERATURE (F)
HIGHEST            87   04/10                         85
LOWEST             28   04/01                         17
AVG. MAXIMUM     70.4              67.8     2.6     62.1
AVG. MINIMUM     44.6              43.8     0.8     35.2
MEAN             57.5              55.8     1.7     48.6
DAYS MAX >= 90      0               0.4    -0.4        0
DAYS MAX <= 32      0               0.0     0.0        0
DAYS MIN <= 32      3               3.1    -0.1       13
DAYS MIN <= 0       0               0.0     0.0        0

PRECIPITATION (INCHES)
TOTALS           4.67              3.38    1.29     1.57
DAILY AVG.       0.16                               0.05
DAYS >= .01         6                                  8
DAYS >= .10         4                                  2
DAYS >= .50         3                                  2
DAYS >= 1.00        2                                  0
GREATEST
 24 HR. TOTAL    2.52   04/30 TO 04/30              0.80

DEGREE_DAYS
HEATING TOTAL     240               297     -57      491
 SINCE 7/1       5027              4729     298     4810
COOLING TOTAL      23                21       2        8
 SINCE 1/1         23                23       0        8
..............................................................

WIND (MPH)
AVERAGE WIND SPEED              11.9
HIGHEST WIND SPEED/DIRECTION    36/190    DATE  04/21
HIGHEST GUST SPEED/DIRECTION    52/180    DATE  04/21

SKY COVER
POSSIBLE SUNSHINE (PERCENT)   MM
AVERAGE SKY COVER           0.40
NUMBER OF DAYS FAIR           15
NUMBER OF DAYS PC             11
NUMBER OF DAYS CLOUDY          4

AVERAGE RH (PERCENT)     65


-  INDICATES NEGATIVE NUMBERS.
R  INDICATES RECORD WAS SET OR TIED.
MM INDICATES DATA IS MISSING.
T  INDICATES TRACE AMOUNT.

$$
