627
CXUS53 KTOP 011750
CLMEMP


CLIMATE REPORT
NATIONAL WEATHER SERVICE TOPEKA KS
1239 PM CDT THU AUG 1 2019

...................................

...THE EMPORIA KS CLIMATE SUMMARY FOR THE MONTH OF JULY 2019...

CLIMATE NORMAL PERIOD 1981 TO 2010
CLIMATE RECORD PERIOD 9999 TO 9999

WEATHER         OBSERVED          NORMAL  DEPART  LAST YEAR`S
                 VALUE   DATE(S)  VALUE   FROM    VALUE
                                          NORMAL
.............................................................
TEMPERATURE (F)
HIGHEST            97   07/18                         99
                        07/17
LOWEST             56   07/24                         57
                        07/23
AVG. MAXIMUM     88.9              89.8    -0.9     91.6
AVG. MINIMUM     66.9              68.2    -1.3     66.3
MEAN             77.9              79.0    -1.1     79.0
DAYS MAX >= 90     13              15.7    -2.7       22
DAYS MAX <= 32      0               0.0     0.0        0
DAYS MIN <= 32      0               0.0     0.0        0
DAYS MIN <= 0       0               0.0     0.0        0

PRECIPITATION (INCHES)
TOTALS           1.97              4.27   -2.30     2.50
DAILY AVG.       0.06                               0.08
DAYS >= .01         7                                  9
DAYS >= .10         5                                  5
DAYS >= .50         1                                  2
DAYS >= 1.00        1                                  1
GREATEST
 24 HR. TOTAL    1.18   07/04 TO 07/04              1.10

DEGREE_DAYS
HEATING TOTAL       0                 0       0        0
 SINCE 7/1          0                 0       0        0
COOLING TOTAL     408               434     -26      441
 SINCE 1/1        764               816     -52     1082
..............................................................

WIND (MPH)
AVERAGE WIND SPEED              9.1
HIGHEST WIND SPEED/DIRECTION    26/200    DATE  07/17
HIGHEST GUST SPEED/DIRECTION    44/290    DATE  07/02

SKY COVER
POSSIBLE SUNSHINE (PERCENT)   MM
AVERAGE SKY COVER           0.10
NUMBER OF DAYS FAIR           28
NUMBER OF DAYS PC              3
NUMBER OF DAYS CLOUDY          0

AVERAGE RH (PERCENT)     74


-  INDICATES NEGATIVE NUMBERS.
R  INDICATES RECORD WAS SET OR TIED.
MM INDICATES DATA IS MISSING.
T  INDICATES TRACE AMOUNT.

$$
