952
CXUS51 KCLE 041220
CLMERI


CLIMATE REPORT
NATIONAL WEATHER SERVICE CLEVELAND OH
754 AM EDT THU JUL 4 2019

...................................

...THE ERIE PA CLIMATE SUMMARY FOR THE MONTH OF JUNE 2019...

CLIMATE NORMAL PERIOD 1981 TO 2010
CLIMATE RECORD PERIOD 1873 TO 2019

WEATHER         OBSERVED          NORMAL  DEPART  LAST YEAR`S
                 VALUE   DATE(S)  VALUE   FROM    VALUE
                                          NORMAL
.............................................................
TEMPERATURE (F)
RECORD
 HIGH             100   06/25/1988
 LOW               32   06/11/1972
HIGHEST            87   06/28
                        06/24
LOWEST             46   06/04
                        06/03
AVG. MAXIMUM     75.1              75.7    -0.6     76.8
AVG. MINIMUM     58.5              58.4     0.1     60.8
MEAN             66.8              67.1    -0.3     68.8
DAYS MAX >= 90      0               0.5    -0.5        2
DAYS MAX <= 32      0               0.0     0.0        0
DAYS MIN <= 32      0               0.0     0.0        0
DAYS MIN <= 0       0               0.0     0.0        0

PRECIPITATION (INCHES)
RECORD
 MAXIMUM         8.46   2017
 MINIMUM         0.75   1991
TOTALS           3.90              3.76    0.14     4.06
DAYS >= .01        15              11.1     3.9       11
DAYS >= .10         9               7.2     1.8       10
DAYS >= .50         3               2.0     1.0        2
DAYS >= 1.00        1               0.9     0.1        1
GREATEST
 24 HR. TOTAL    1.19   06/20 TO 06/20              1.09

SNOWFALL (INCHES)
RECORDS
 TOTAL              T   1990
                        1933
TOTALS            0.0               0.0     0.0      0.0
SINCE 7/1        90.3             100.9   -10.6    198.5
DAYS >= 1.0         0               0.0     0.0        0
GREATEST
 24 HR TOTAL      0.0

DEGREE_DAYS
HEATING TOTAL      38                61     -23       22
 SINCE 7/1       5946              6147    -201     6026
COOLING TOTAL     100               123     -23      143
 SINCE 1/1        133               162     -29      241
..............................................................

WIND (MPH)
AVERAGE WIND SPEED              8.3
HIGHEST WIND SPEED/DIRECTION    36/310    DATE  06/01
HIGHEST GUST SPEED/DIRECTION    57/310    DATE  06/01

SKY COVER
AVERAGE SKY COVER           0.40

AVERAGE RH (PERCENT)     69

WEATHER CONDITIONS. NUMBER OF DAYS WITH
HAZE 6
FOG 16
DENSE FOG 5
THUNDER 0

-  INDICATES NEGATIVE NUMBERS.
R  INDICATES RECORD WAS SET OR TIED.
MM INDICATES DATA IS MISSING.
T  INDICATES TRACE AMOUNT.

$$
