272
CXUS51 KCLE 091602
CLMERI


CLIMATE REPORT
NATIONAL WEATHER SERVICE CLEVELAND OH
1159 AM EDT THU MAY 9 2019

...................................

...THE ERIE PA CLIMATE SUMMARY FOR THE SEASON, FROM
12/1/2018 TO 2/28/2019...

CLIMATE NORMAL PERIOD 1981 TO 2010
CLIMATE RECORD PERIOD 1873 TO 2019

WEATHER         OBSERVED          NORMAL  DEPART
                 VALUE   DATE(S)  VALUE   FROM
                                          NORMAL
................................................
TEMPERATURE (F)
RECORD
 HIGH              77   02/24/2017
 LOW              -18   01/19/1994
HIGHEST            64   02/04
                        12/02
LOWEST             -4   01/31
                        01/30
AVG. MAXIMUM     38.0              35.8     2.2
AVG. MINIMUM     24.6              22.9     1.7
MEAN             31.3              29.3     2.0
DAYS MAX >= 90      0               0.0
DAYS MAX <= 32     28              34.5
DAYS MIN <= 32     68              73.1
DAYS MIN <= 0       2               1.9

PRECIPITATION (INCHES)
RECORD
 MAXIMUM        16.20   1887
 MINIMUM         3.00   1906
TOTALS           9.97              9.08    0.89
DAYS >= .01        54              53.8
DAYS >= .10        28              25.8
DAYS >= .50         6               4.1
DAYS >= 1.00        0               0.7

SNOWFALL (INCHES)
RECORDS
 TOTAL          156.4   2018
TOTALS           65.7              75.3
DAYS >= TRACE      44
DAYS >= 1.0        17              20.7

DEGREE_DAYS
HEATING TOTAL    3003              3210    -207
COOLING TOTAL       0                 0       0
.................................................

WIND (MPH)
HIGHEST GUST SPEED/DIRECTION    55/250    DATE  01/01

SKY COVER
POSSIBLE SUNSHINE (PERCENT)   MM
NUMBER OF DAYS FAIR            9
NUMBER OF DAYS PC             29
NUMBER OF DAYS CLOUDY         52


WEATHER CONDITIONS. NUMBER OF DAYS WITH
THUNDERSTORM              0     MIXED PRECIP               0
HEAVY RAIN                2     RAIN                       9
LIGHT RAIN               33     FREEZING RAIN              0
LT FREEZING RAIN          3     HAIL                       0
HEAVY SNOW                7     SNOW                      14
LIGHT SNOW               43     SLEET                      0
FOG                      55     FOG W/VIS <= 1/4 MILE      8
HAZE                     50

-  INDICATES NEGATIVE NUMBERS.
R  INDICATES RECORD WAS SET OR TIED.
MM INDICATES DATA IS MISSING.
T  INDICATES TRACE AMOUNT.

$$
