000
CXUS56 KPQR 011443
CLMEUG

CLIMATE REPORT
NATIONAL WEATHER SERVICE PORTLAND OREGON
740 AM PDT THU AUG 1 2019

...................................

...THE EUGENE OR CLIMATE SUMMARY FOR THE MONTH OF JULY 2019...

CLIMATE NORMAL PERIOD 1981 TO 2010
CLIMATE RECORD PERIOD 1892 TO 2019

WEATHER         OBSERVED          NORMAL  DEPART  LAST YEAR`S
                 VALUE   DATE(S)  VALUE   FROM    VALUE  DATE(S)
                                          NORMAL
................................................................
TEMPERATURE (F)
HIGHEST            95                                 98  07/12
LOWEST             44                                 38  07/03
AVG. MAXIMUM     82.5              82.3     0.2     87.4
AVG. MINIMUM     53.4              51.4     2.0     50.2
MEAN             67.9              66.8     1.1     68.8
DAYS MAX >= 90      2               5.2    -3.2       15
DAYS MAX <= 32      0               0.0     0.0        0
DAYS MIN <= 32      0               0.0     0.0        0
DAYS MIN <= 0       0               0.0     0.0        0

PRECIPITATION (INCHES)
RECORD
 MAXIMUM         3.38   1916
 MINIMUM         0.00   2018
                        2013
                        2003
TOTALS           0.23              0.54   -0.31     0.00
DAYS >= .01         3               3.1    -0.1        0
DAYS >= .10         1               1.2    -0.2        0
DAYS >= .50         0               0.3    -0.3        0
DAYS >= 1.00        0               0.0     0.0        0
GREATEST
 24 HR. TOTAL    0.19   07/09 TO 07/09

DEGREE_DAYS
HEATING TOTAL      10                36     -26       27
 SINCE 7/1         10                36     -26       27
COOLING TOTAL     108                93      15      153
 SINCE 1/1        150               117      33      173
.................................................................

WIND (MPH)
AVERAGE WIND SPEED              6.1
RESULTANT WIND SPEED/DIRECTION   3/330
HIGHEST WIND SPEED/DIRECTION    23/360    DATE  07/24
HIGHEST GUST SPEED/DIRECTION    29/010    DATE  07/24

SKY COVER
POSSIBLE SUNSHINE (PERCENT)    0
AVERAGE SKY COVER           0.40
NUMBER OF DAYS FAIR           13
NUMBER OF DAYS PC             13
NUMBER OF DAYS CLOUDY          5

AVERAGE RH (PERCENT)     61

WEATHER CONDITIONS. NUMBER OF DAYS WITH
THUNDERSTORMS             0     MIXED PRECIP                0
HEAVY RAIN                0     RAIN                        0
LIGHT RAIN                6     FREEZING RAIN               0
LT FREEZING RAIN          0     HAIL                        0
HEAVY SNOW                0     SNOW                        0
LIGHT SNOW                0     SLEET                       0
FOG                       7     FOG W/VIS <= 1/4 MILE       0
HAZE                      4

-  INDICATES NEGATIVE NUMBERS.
R  INDICATES RECORD WAS SET OR TIED.
MM INDICATES DATA IS MISSING.
T  INDICATES TRACE AMOUNT.

$$
