000
CXUS53 KPAH 010654
CLMEVV

CLIMATE REPORT
NATIONAL WEATHER SERVICE PADUCAH KY
150 AM CDT MON JUL 1 2019

...................................

...THE EVANSVILLE ASOS CLIMATE SUMMARY FOR THE MONTH OF JUNE 2019...

CLIMATE NORMAL PERIOD 1981 TO 2010
CLIMATE RECORD PERIOD 1896 TO 2019

WEATHER         OBSERVED          NORMAL  DEPART  LAST YEAR`S
                 VALUE   DATE(S)  VALUE   FROM    VALUE  DATE(S)
                                          NORMAL
................................................................
TEMPERATURE (F)
RECORD
 HIGH             107   06/29/2012
                        06/28/2012
                        02/05/2000
 LOW               41   06/01/1966
                        06/02/1956
HIGHEST            92   06/30        86       6       95  06/17
LOWEST             49   06/14        63     -14       58  06/05
AVG. MAXIMUM     83.2              85.6    -2.4     87.6
AVG. MINIMUM     63.6              63.9    -0.3     68.5
MEAN             73.4              74.8    -1.4     78.0
DAYS MAX >= 90      3               8.1    -5.1       12
DAYS MAX <= 32      0               0.0     0.0        0
DAYS MIN <= 32      0               0.0     0.0        0
DAYS MIN <= 0       0               0.0     0.0        0

PRECIPITATION (INCHES)
RECORD
 MAXIMUM        11.44   1900
 MINIMUM         0.15   2012
TOTALS           7.53              3.78    3.75     5.16
DAILY AVG.       0.25              0.13    0.12     0.21
DAYS >= .01        15               9.9     5.1       10
DAYS >= .10        10               6.4     3.6        7
DAYS >= .50         4               2.7     1.3        4
DAYS >= 1.00        2               1.0     1.0        2
GREATEST
 24 HR. TOTAL    3.12   06/16 TO 06/16
 STORM TOTAL       MM
 (MM/DD(HH))            MM

DEGREE_DAYS
COOLING TOTAL     264               298     -34      381
 SINCE 1/1        452               433      19      684
.................................................................

WIND (MPH)
AVERAGE WIND SPEED              6.5
HIGHEST WIND SPEED/DIRECTION    41/020    DATE  06/30
HIGHEST GUST SPEED/DIRECTION    55/020    DATE  06/30

SKY COVER
POSSIBLE SUNSHINE (PERCENT)   MM
AVERAGE SKY COVER           0.30
NUMBER OF DAYS FAIR           19
NUMBER OF DAYS PC              9
NUMBER OF DAYS CLOUDY          2

AVERAGE RH (PERCENT)     74

WEATHER CONDITIONS. NUMBER OF DAYS WITH
THUNDERSTORM             12     MIXED PRECIP               0
HEAVY RAIN               10     RAIN                      10
LIGHT RAIN               15     FREEZING RAIN              0
LT FREEZING RAIN          0     HAIL                       0
HEAVY SNOW                0     SNOW                       0
LIGHT SNOW                0     SLEET                      0
FOG                      12     FOG W/VIS <= 1/4 MILE      0
HAZE                      2

-  INDICATES NEGATIVE NUMBERS.
R  INDICATES RECORD WAS SET OR TIED.
MM INDICATES DATA IS MISSING.
T  INDICATES TRACE AMOUNT.

$$
