000
CXUS52 KMHX 041733
CLMEWN


CLIMATE REPORT
NATIONAL WEATHER SERVICE NEWPORT/MOREHEAD CITY NC
132 PM EDT SAT MAY 4 2019

...................................

...THE NEW BERN NC CLIMATE SUMMARY FOR THE MONTH OF APRIL 2019...

CLIMATE NORMAL PERIOD 1981 TO 2010
CLIMATE RECORD PERIOD 1948 TO 2019

WEATHER         OBSERVED          NORMAL  DEPART  LAST YEAR`S
                 VALUE   DATE(S)  VALUE   FROM    VALUE  DATE(S)
                                          NORMAL
................................................................
TEMPERATURE (F)
RECORD
 HIGH              95   04/26/1990
 LOW               29   04/10/2007
                        04/15/1950
HIGHEST            90   04/25                         83  04/18
                                                          04/02
LOWEST             36   04/03                         35  04/08
AVG. MAXIMUM     75.4              73.5     1.9     70.6
AVG. MINIMUM     53.5              50.1     3.4     45.9
MEAN             64.5              61.8     2.7     58.2
DAYS MAX >= 90      1               0.6     0.4        0
DAYS MAX <= 32      0               0.0     0.0        0
DAYS MIN <= 32      0               0.3    -0.3        0
DAYS MIN <= 0       0               0.0     0.0        0

PRECIPITATION (INCHES)
RECORD
 MAXIMUM         8.36   2000
 MINIMUM         0.53   2010
TOTALS           3.47              3.17    0.30     3.88
DAILY AVG.       0.12              0.11    0.01     0.14
DAYS >= .01         7               8.5    -1.5        6
DAYS >= .10         6               5.8     0.2        3
DAYS >= .50         3               2.2     0.8        2
DAYS >= 1.00        0               1.0    -1.0        2
GREATEST
 24 HR. TOTAL    0.96   04/02 TO 04/02

SNOWFALL (INCHES)
RECORDS
 TOTAL             MM   5
 24 HR TOTAL       MM
 SNOW DEPTH        MM   MM
TOTALS            0.0               0.1    -0.1      0.0
 LIQUID EQUIV    0.00              0.00    0.00     0.00
SINCE 7/1         0.2               1.5    -1.3      6.0
 LIQUID 7/1      0.02              0.20   -0.18     0.60
SNOWDEPTH AVG.      0                MM      MM        0
DAYS >= TRACE       0               0.1    -0.1        0
DAYS >= 1.0         0               0.1    -0.1        0
GREATEST
 SNOW DEPTH         0   MM                             0  MM
 24 HR TOTAL      0.0   04/30 TO 04/30
 STORM TOTAL       MM                                 MM
 (MM/DD(HH))

DEGREE_DAYS
HEATING TOTAL      91               152     -61      210
 SINCE 7/1       2408              2667    -259     2902
.................................................................

WIND (MPH)
AVERAGE WIND SPEED              8.4
RESULTANT WIND SPEED/DIRECTION   3/204
HIGHEST WIND SPEED/DIRECTION    40/240    DATE  04/15
HIGHEST GUST SPEED/DIRECTION    60/260    DATE  04/15

SKY COVER
POSSIBLE SUNSHINE (PERCENT)   MM
AVERAGE SKY COVER           0.30
NUMBER OF DAYS FAIR           17
NUMBER OF DAYS PC              8
NUMBER OF DAYS CLOUDY          5

AVERAGE RH (PERCENT)     71

WEATHER CONDITIONS. NUMBER OF DAYS WITH
  0
  5
  0
  0
  0
  0
  4
HAZE                      3

-  INDICATES NEGATIVE NUMBERS.
R  INDICATES RECORD WAS SET OR TIED.
MM INDICATES DATA IS MISSING.
T  INDICATES TRACE AMOUNT.

$$
