000
CXUS52 KMHX 051238
CLMEWN


CLIMATE REPORT
NATIONAL WEATHER SERVICE NEWPORT/MOREHEAD CITY NC
837 AM EDT WED JUN 5 2019

...................................

...THE NEW BERN NC CLIMATE SUMMARY FOR THE MONTH OF MAY 2019...

CLIMATE NORMAL PERIOD 1981 TO 2010
CLIMATE RECORD PERIOD 1948 TO 2019

WEATHER         OBSERVED          NORMAL  DEPART  LAST YEAR`S
                 VALUE   DATE(S)  VALUE   FROM    VALUE  DATE(S)
                                          NORMAL
................................................................
TEMPERATURE (F)
RECORD
 HIGH             100   MM
 LOW               43   05/10/2010
HIGHEST            99   05/30                         MM  MM
                        05/29
LOWEST             49   05/15                         MM  MM
AVG. MAXIMUM     86.6              80.3     6.3       MM
AVG. MINIMUM     63.1              58.7     4.4       MM
MEAN             74.9              69.5     5.4       MM
DAYS MAX >= 90      9               2.0     7.0       MM
DAYS MAX <= 32      0               0.0     0.0       MM
DAYS MIN <= 32      0               0.0     0.0       MM
DAYS MIN <= 0       0               0.0     0.0       MM

PRECIPITATION (INCHES)
RECORD
 MAXIMUM        10.10   2003
 MINIMUM         0.47   2011
TOTALS           1.64              4.15   -2.51       MM
DAILY AVG.       0.05              0.13   -0.08       MM
DAYS >= .01         4              10.4    -6.4       MM
DAYS >= .10         3               6.8    -3.8       MM
DAYS >= .50         2               2.8    -0.8       MM
DAYS >= 1.00        0               1.2    -1.2       MM
GREATEST
 24 HR. TOTAL    0.65   05/05 TO 05/05

DEGREE_DAYS
HEATING TOTAL       7                34     -27       MM
 SINCE 7/1       2415              2701    -286       MM
COOLING TOTAL     320               173     147       MM
 SINCE 1/1        419               243     176       MM
.................................................................

WIND (MPH)
AVERAGE WIND SPEED              6.7
RESULTANT WIND SPEED/DIRECTION   3/208
HIGHEST WIND SPEED/DIRECTION    31/310    DATE  05/31
HIGHEST GUST SPEED/DIRECTION    42/310    DATE  05/31

SKY COVER
POSSIBLE SUNSHINE (PERCENT)   MM
AVERAGE SKY COVER           0.20
NUMBER OF DAYS FAIR           24
NUMBER OF DAYS PC              7
NUMBER OF DAYS CLOUDY          0

AVERAGE RH (PERCENT)     71

WEATHER CONDITIONS. NUMBER OF DAYS WITH
  0
  3
  0
  0
  0
  0
  4
HAZE                      3

-  INDICATES NEGATIVE NUMBERS.
R  INDICATES RECORD WAS SET OR TIED.
MM INDICATES DATA IS MISSING.
T  INDICATES TRACE AMOUNT.

$$
