000
CXUS53 KIND 011515
CLMEYE


CLIMATE REPORT
NATIONAL WEATHER SERVICE INDIANAPOLIS IN
1115 AM EDT WED MAY 1 2019

...................................

...THE INDIANAPOLIS EAGLE CREEK IN CLIMATE SUMMARY FOR THE MONTH OF APRIL 2019...

CLIMATE NORMAL PERIOD 1981 TO 2010
CLIMATE RECORD PERIOD 9999 TO 9999

WEATHER         OBSERVED          NORMAL  DEPART  LAST YEAR`S
                 VALUE   DATE(S)  VALUE   FROM    VALUE  DATE(S)
                                          NORMAL
................................................................
TEMPERATURE (F)
HIGHEST            81   04/11                         78  04/13
                                                          04/12
LOWEST             24   04/01                         23  04/08
AVG. MAXIMUM     63.6              62.7     0.9     57.2
AVG. MINIMUM     43.7              43.6     0.1     37.0
MEAN             53.6              53.1     0.5     47.1
DAYS MAX >= 90      0               0.0     0.0        0
DAYS MAX <= 32      0               0.1    -0.1        0
DAYS MIN <= 32      1               2.5    -1.5       13
DAYS MIN <= 0       0               0.0     0.0        0

PRECIPITATION (INCHES)
TOTALS           5.46              3.90    1.56     3.92
DAILY AVG.       0.18              0.13    0.05     0.13
DAYS >= .01        14                MM      MM       10
DAYS >= .10         8                MM      MM        5
DAYS >= .50         4                MM      MM        2
DAYS >= 1.00        2                MM      MM        1
GREATEST
 24 HR. TOTAL    1.13   04/14 TO 04/14

DEGREE_DAYS
HEATING TOTAL     332               370     -38      535
 SINCE 7/1       5178              5195     -17     5216
COOLING TOTAL       0                14     -14        7
 SINCE 1/1          0                15     -15       13
.................................................................

WIND (MPH)
AVERAGE WIND SPEED              7.9
HIGHEST WIND SPEED/DIRECTION    29/290    DATE  04/12
HIGHEST GUST SPEED/DIRECTION    42/290    DATE  04/12

SKY COVER
POSSIBLE SUNSHINE (PERCENT)   MM
AVERAGE SKY COVER           0.50
NUMBER OF DAYS FAIR            9
NUMBER OF DAYS PC             15
NUMBER OF DAYS CLOUDY          6

AVERAGE RH (PERCENT)     66

WEATHER CONDITIONS. NUMBER OF DAYS WITH
THUNDERSTORM              6     MIXED PRECIP                0
HEAVY RAIN                4     RAIN                        6
LIGHT RAIN               15     FREEZING RAIN               0
LT FREEZING RAIN          0     HAIL                        0
HEAVY SNOW                0     SNOW                        0
LIGHT SNOW                0     SLEET                       0
FOG                      13     FOG W/VIS <= 1/4 MILE       3
HAZE                      3

-  INDICATES NEGATIVE NUMBERS.
R  INDICATES RECORD WAS SET OR TIED.
MM INDICATES DATA IS MISSING.
T  INDICATES TRACE AMOUNT.

$$
