000
CXUS53 KIND 011514
CLMEYE


CLIMATE REPORT
NATIONAL WEATHER SERVICE INDIANAPOLIS IN
1114 AM EDT MON JUL 1 2019

...................................

...THE INDIANAPOLIS EAGLE CREEK IN CLIMATE SUMMARY FOR THE MONTH OF JUNE 2019...

CLIMATE NORMAL PERIOD 1981 TO 2010
CLIMATE RECORD PERIOD 9999 TO 9999

WEATHER         OBSERVED          NORMAL  DEPART  LAST YEAR`S
                 VALUE   DATE(S)  VALUE   FROM    VALUE  DATE(S)
                                          NORMAL
................................................................
TEMPERATURE (F)
HIGHEST            93   06/30                         94  06/17
LOWEST             46   06/14                         55  06/14
AVG. MAXIMUM     80.7              81.3    -0.6     85.0
AVG. MINIMUM     62.1              63.4    -1.3     66.8
MEAN             71.4              72.3    -0.9     75.9
DAYS MAX >= 90      2               1.8     0.2       10
DAYS MAX <= 32      0               0.0     0.0        0
DAYS MIN <= 32      0               0.0     0.0        0
DAYS MIN <= 0       0               0.0     0.0        0

PRECIPITATION (INCHES)
TOTALS           3.97              4.39   -0.42     6.16
DAILY AVG.       0.13              0.15   -0.02     0.21
DAYS >= .01        13                MM      MM       13
DAYS >= .10         7                MM      MM        5
DAYS >= .50         3                MM      MM        4
DAYS >= 1.00        1                MM      MM        4
GREATEST
 24 HR. TOTAL    1.95   06/15 TO 06/15

DEGREE_DAYS
HEATING TOTAL      12                14      -2        0
 SINCE 7/1       5319              5348     -29     5223
COOLING TOTAL     197               234     -37      335
 SINCE 1/1        296               318     -22      586
.................................................................

WIND (MPH)
AVERAGE WIND SPEED              5.6
HIGHEST WIND SPEED/DIRECTION    30/330    DATE  06/13
HIGHEST GUST SPEED/DIRECTION    44/340    DATE  06/05

SKY COVER
POSSIBLE SUNSHINE (PERCENT)   MM
AVERAGE SKY COVER           0.40
NUMBER OF DAYS FAIR           16
NUMBER OF DAYS PC              9
NUMBER OF DAYS CLOUDY          5

AVERAGE RH (PERCENT)     71

WEATHER CONDITIONS. NUMBER OF DAYS WITH
THUNDERSTORM              9     MIXED PRECIP                0
HEAVY RAIN                5     RAIN                        7
LIGHT RAIN               16     FREEZING RAIN               0
LT FREEZING RAIN          0     HAIL                        0
HEAVY SNOW                0     SNOW                        0
LIGHT SNOW                0     SLEET                       0
FOG                      15     FOG W/VIS <= 1/4 MILE       2
HAZE                      3

-  INDICATES NEGATIVE NUMBERS.
R  INDICATES RECORD WAS SET OR TIED.
MM INDICATES DATA IS MISSING.
T  INDICATES TRACE AMOUNT.

$$
