000
CXUS52 KEYW 011954
CLMEYW


CLIMATE REPORT
NATIONAL WEATHER SERVICE KEY WEST, FL
354 PM EDT MON JUL 1 2019

...................................

...THE KEY WEST CLIMATE SUMMARY FOR THE MONTH OF JUNE 2019...

CLIMATE NORMAL PERIOD 1981 TO 2010
CLIMATE RECORD PERIOD 1871 TO 2019

WEATHER         OBSERVED          NORMAL  DEPART  LAST YEAR`S
                 VALUE   DATE(S)  VALUE   FROM    VALUE  DATE(S)
                                          NORMAL
................................................................
TEMPERATURE (F)
RECORD
 HIGH              96   06/06/1881
 LOW               65   06/02/1932
HIGHEST            93   06/27                         90  06/23
                                                          06/20
LOWEST             75   06/15                         73  06/09
                                                          06/06
AVG. MAXIMUM     88.6              87.8     0.8     87.8
AVG. MINIMUM     80.8              78.8     2.0     78.4
MEAN             84.7              83.3     1.4     83.1
DAYS MAX >= 90      6               3.1     2.9        2
DAYS MAX <= 32      0               0.0     0.0        0
DAYS MIN <= 32      0               0.0     0.0        0
DAYS MIN <= 0       0               0.0     0.0        0

PRECIPITATION (INCHES)
RECORD
 MAXIMUM        14.43   1972
 MINIMUM         0.14   1927
TOTALS           0.88              4.11   -3.23     2.80
DAILY AVG.       0.03              0.14   -0.11     0.09
DAYS >= .01         5              11.0    -6.0       10
DAYS >= .10         3               6.3    -3.3        7
DAYS >= .50         0               2.5    -2.5        3
DAYS >= 1.00        0               1.2    -1.2        0
GREATEST
 24 HR. TOTAL    0.45   06/17 TO 06/17

SNOWFALL (INCHES)
RECORDS
 TOTAL            0.0
TOTALS            0.0               0.0     0.0      0.0
SINCE 7/1         0.0               0.0     0.0      0.0

DEGREE_DAYS
HEATING TOTAL       0                 0       0        0
 SINCE 7/1         12                73     -61       44
COOLING TOTAL     599               549      50      551
 SINCE 1/1       2488              1979     509     2076
.................................................................

WIND (MPH)
AVERAGE WIND SPEED              8.5
HIGHEST WIND SPEED/DIRECTION    30/100    DATE  06/28
HIGHEST GUST SPEED/DIRECTION    41/100    DATE  06/28

SKY COVER
POSSIBLE SUNSHINE (PERCENT)   MM
AVERAGE SKY COVER           0.20
NUMBER OF DAYS FAIR           29
NUMBER OF DAYS PC              1
NUMBER OF DAYS CLOUDY          0

AVERAGE RH (PERCENT)     75

WEATHER CONDITIONS. NUMBER OF DAYS WITH
THUNDERSTORM             13     MIXED PRECIP                0
HEAVY RAIN                2     RAIN                        3
LIGHT RAIN                8     FREEZING RAIN               0
LT FREEZING RAIN          0     HAIL                        0
HEAVY SNOW                0     SNOW                        0
LIGHT SNOW                0     SLEET                       0
FOG                       3     FOG W/VIS <= 1/4 MILE       0
HAZE                      2

-  INDICATES NEGATIVE NUMBERS.
R  INDICATES RECORD WAS SET OR TIED.
MM INDICATES DATA IS MISSING.
T  INDICATES TRACE AMOUNT.

$$

KEY WEST DAILY RECORDS, JUNE 2019 AND 2019-TO-DATE

Record                       Jun 2019   2019
======                       ========   ====
Maximum Temperature              0        6
Cool Maximum Temperature         0        0
Warm Minimum Temperature         4       24
Minimum Temperature              0        0
Rainfall                         0        2


TOP 10 WARMEST AVERAGE MONTHLY TEMPERATURES FOR JUNE

RANKING    YEAR    AVERAGE (DEG F)
=======    ====    ===============
   1       2010         85.9
   2       1994         85.2
   3       1998         85.1
           1985         85.1
           1981         85.1
   6       1881         85.0
   7       1950         84.9
           1927         84.9
   9       1878         84.8
  10       2019         84.7


Ross
