000
CXUS52 KKEY 011442
CLMEYW

CLIMATE REPORT
NATIONAL WEATHER SERVICE KEY WEST, FL
1041 AM EDT WED MAY 1 2019

...................................

...THE KEY WEST CLIMATE SUMMARY FOR THE MONTH OF APRIL 2019...

CLIMATE NORMAL PERIOD 1981 TO 2010
CLIMATE RECORD PERIOD 1871 TO 2019

WEATHER         OBSERVED          NORMAL  DEPART  LAST YEAR`S
                 VALUE   DATE(S)  VALUE   FROM    VALUE  DATE(S)
                                          NORMAL
................................................................
TEMPERATURE (F)
RECORD
 HIGH              91   04/27/1881
 LOW               48   04/02/1987
HIGHEST            87   04/29                         86  04/10
LOWEST             67   04/21                         67  04/17
                        04/01
AVG. MAXIMUM     84.0              81.3     2.7     82.8
AVG. MINIMUM     74.4              71.6     2.8     73.4
MEAN             79.2              76.4     2.8     78.1
DAYS MAX >= 90      0               0.0     0.0        0
DAYS MAX <= 32      0               0.0     0.0        0
DAYS MIN <= 32      0               0.0     0.0        0
DAYS MIN <= 0       0               0.0     0.0        0

PRECIPITATION (INCHES)
RECORD
 MAXIMUM        13.14   1941
 MINIMUM         0.00   1959
TOTALS           2.42              2.05    0.37     0.21
DAILY AVG.       0.08              0.07    0.01     0.01
DAYS >= .01         7               4.5     2.5        2
DAYS >= .10         4               2.8     1.2        1
DAYS >= .50         1               1.3    -0.3        0
DAYS >= 1.00        1               0.6     0.4        0
GREATEST
 24 HR. TOTAL    1.72   04/19 TO 04/19

SNOWFALL (INCHES)
RECORDS
 TOTAL
TOTALS            0.0               0.0     0.0      0.0
SINCE 7/1         0.0               0.0     0.0      0.0

DEGREE_DAYS
HEATING TOTAL       0                 0       0        0
 SINCE 7/1         12                73     -61       44
COOLING TOTAL     433               344      89      402
 SINCE 1/1       1342               954     388     1087
.................................................................

WIND (MPH)
AVERAGE WIND SPEED              11.2
HIGHEST WIND SPEED/DIRECTION    25/150    DATE  04/19
HIGHEST GUST SPEED/DIRECTION    32/250    DATE  04/19

SKY COVER
POSSIBLE SUNSHINE (PERCENT)   MM
AVERAGE SKY COVER           0.30
NUMBER OF DAYS FAIR           22
NUMBER OF DAYS PC              8
NUMBER OF DAYS CLOUDY          0

AVERAGE RH (PERCENT)     72

WEATHER CONDITIONS. NUMBER OF DAYS WITH
THUNDERSTORM              3     MIXED PRECIP                0
HEAVY RAIN                3     RAIN                        4
LIGHT RAIN                8     FREEZING RAIN               0
LT FREEZING RAIN          0     HAIL                        0
HEAVY SNOW                0     SNOW                        0
LIGHT SNOW                0     SLEET                       0
FOG                       5     FOG W/VIS <= 1/4 MILE       0
HAZE                      3

-  INDICATES NEGATIVE NUMBERS.
R  INDICATES RECORD WAS SET OR TIED.
MM INDICATES DATA IS MISSING.
T  INDICATES TRACE AMOUNT.

$$

BT

KEY WEST DAILY RECORDS, APRIL 2019 AND 2019-TO-DATE

RECORD                       APR 2019   2019
======                       ========   ====
MAXIMUM TEMPERATURE              0        5
COOL MAXIMUM TEMPERATURE         0        0
WARM MINIMUM TEMPERATURE         2       17
MINIMUM TEMPERATURE              0        0
RAINFALL                         1        2
