000
CXAK59 PAFG 012225
CLMFAI


CLIMATE REPORT
NATIONAL WEATHER SERVICE FAIRBANKS, AK
220 PM AKDT THU AUG 1 2019

...................................

...THE FAIRBANKS CLIMATE SUMMARY FOR THE MONTH OF JULY 2019...

CLIMATE NORMAL PERIOD 1981 TO 2010
CLIMATE RECORD PERIOD 1904 TO 2019

WEATHER         OBSERVED          NORMAL  DEPART  LAST YEAR`S
                 VALUE   DATE(S)  VALUE   FROM    VALUE  DATE(S)
                                          NORMAL
................................................................
TEMPERATURE (F)
RECORD
 HIGH              99   07/28/1919
 LOW               30   07/11/1905
HIGHEST            87   07/09        85       2       88  07/22
LOWEST             50   07/31        43       7       41  07/18
                        07/02
AVG. MAXIMUM     75.5              72.7     2.8     74.9
AVG. MINIMUM     56.4              52.3     4.1     53.0
MEAN             66.0              62.5     3.5     63.9
DAYS MAX >= 90      0               0.1    -0.1        0
DAYS MAX <= 32      0               0.0     0.0        0
DAYS MIN <= 32      0               0.0     0.0        0
DAYS MIN <= 0       0               0.0     0.0        0

PRECIPITATION (INCHES)
RECORD
 MAXIMUM         5.96   2003
 MINIMUM         0.06   2009
TOTALS           0.89              2.16   -1.27     1.01
DAILY AVG.       0.03              0.07   -0.04     0.03
DAYS >= .01        10              12.9    -2.9        7
DAYS >= .10         3               5.3    -2.3        4
DAYS >= .50         0               1.0    -1.0        0
DAYS >= 1.00        0               0.3    -0.3        0
GREATEST
 24 HR. TOTAL    0.41   07/28 TO 07/28           07/11 TO 07/11

SNOWFALL (INCHES)
RECORDS
 TOTAL            0.0   MM
 24 HR TOTAL      0.0   MM
 SNOW DEPTH         0   MM
TOTALS            0.0               0.0     0.0      0.0
SINCE 7/1         0.0               0.0     0.0      0.0
SNOWDEPTH AVG.      0                MM      MM        0
DAYS >= TRACE       0               0.0     0.0        0
DAYS >= 1.0         0               0.0     0.0        0
GREATEST
 SNOW DEPTH         0   MM                             0  MM
 24 HR TOTAL      0.0   07/31 TO 07/31           07/31 TO 07/31

DEGREE_DAYS
HEATING TOTAL      37               108     -71       70
 SINCE 7/1         37               108     -71       70
COOLING TOTAL      75                31      44       44
 SINCE 1/1        123                55      68       54
.................................................................

WIND (MPH)
AVERAGE WIND SPEED              3.8
HIGHEST WIND SPEED/DIRECTION    25/280    DATE  07/31
HIGHEST GUST SPEED/DIRECTION    33/290    DATE  07/31

SKY COVER
AVERAGE SKY COVER           0.70


-  INDICATES NEGATIVE NUMBERS.
R  INDICATES RECORD WAS SET OR TIED.
MM INDICATES DATA IS MISSING.
T  INDICATES TRACE AMOUNT.

$$
