000
CXAK59 PAFG 011354
CLMFAI


CLIMATE REPORT
NATIONAL WEATHER SERVICE FAIRBANKS, AK
548 AM AKDT TUE OCT 1 2019

...................................

...THE FAIRBANKS CLIMATE SUMMARY FOR THE MONTH OF SEPTEMBER 2019...

CLIMATE NORMAL PERIOD 1981 TO 2010
CLIMATE RECORD PERIOD 1904 TO 2019

WEATHER         OBSERVED          NORMAL  DEPART  LAST YEAR`S
                 VALUE   DATE(S)  VALUE   FROM    VALUE  DATE(S)
                                          NORMAL
................................................................
TEMPERATURE (F)
RECORD
 HIGH              84   09/05/1957
 LOW                3   09/30/1992
HIGHEST            73   09/13        69       4       65  09/13
                        09/02
LOWEST             27   09/24        22       5       27  09/30
AVG. MAXIMUM     58.1              54.6     3.5     56.4
AVG. MINIMUM     38.7              35.1     3.6     39.9
MEAN             48.4              44.9     3.5     48.2
DAYS MAX >= 90      0               0.0     0.0        0
DAYS MAX <= 32      0               0.3    -0.3        0
DAYS MIN <= 32      7               9.6    -2.6        6
DAYS MIN <= 0       0               0.0     0.0        0

PRECIPITATION (INCHES)
RECORD
 MAXIMUM         5.61   1925
 MINIMUM         0.09   1918
TOTALS           1.04              1.10   -0.06     1.86
DAILY AVG.       0.03              0.04   -0.01     0.06
DAYS >= .01         9              10.4    -1.4       12
DAYS >= .10         5               3.5     1.5        6
DAYS >= .50         0               0.3    -0.3        0
DAYS >= 1.00        0               0.0     0.0        0
GREATEST
 24 HR. TOTAL    0.35   09/29 TO 09/29           09/22 TO 09/22

SNOWFALL (INCHES)
RECORDS
 TOTAL           24.4   1922
 24 HR TOTAL     11.2   09/29/2015 TO 09/29/2015
 SNOW DEPTH        13   09/18/1992
TOTALS            0.0               1.8    -1.8      0.0
SINCE 7/1         0.0               1.8    -1.8      0.0
SNOWDEPTH AVG.      0                MM      MM        0
DAYS >= TRACE       0               1.4    -1.4        0
DAYS >= 1.0         0               0.5    -0.5        0
GREATEST
 SNOW DEPTH         0   MM                             0  MM
 24 HR TOTAL      0.0   09/30 TO 09/30           09/30 TO 09/30

DEGREE_DAYS
HEATING TOTAL     488               605    -117      498
 SINCE 7/1        808               994    -186      856
COOLING TOTAL       0                 0       0        0
 SINCE 1/1        123                61      62       54
.................................................................

WIND (MPH)
AVERAGE WIND SPEED              3.9
HIGHEST WIND SPEED/DIRECTION    18/280    DATE  09/03
HIGHEST GUST SPEED/DIRECTION    23/290    DATE  09/03

SKY COVER
AVERAGE SKY COVER           0.70

-  INDICATES NEGATIVE NUMBERS.
R  INDICATES RECORD WAS SET OR TIED.
MM INDICATES DATA IS MISSING.
T  INDICATES TRACE AMOUNT.

$$
