469
CXAK59 PAFG 031310
CLMFAI


CLIMATE REPORT
NATIONAL WEATHER SERVICE FAIRBANKS, AK
503 AM AKDT FRI MAY 3 2019

...................................

...THE FAIRBANKS CLIMATE SUMMARY FOR THE MONTH OF APRIL 2019...

CLIMATE NORMAL PERIOD 1981 TO 2010
CLIMATE RECORD PERIOD 1904 TO 2019

WEATHER         OBSERVED          NORMAL  DEPART  LAST YEAR`S
                 VALUE   DATE(S)  VALUE   FROM    VALUE  DATE(S)
                                          NORMAL
................................................................
TEMPERATURE (F)
RECORD
 HIGH              76   04/30/2009
 LOW              -32   04/03/1944
                        04/11/1911
                        04/10/1911
HIGHEST            69   04/30        60       9       54  04/23
LOWEST             12   04/04        -3      15       -4  04/03
AVG. MAXIMUM     47.7              44.5     3.2     42.3
AVG. MINIMUM     26.3              20.6     5.7     20.3
MEAN             37.0              32.5     4.5     31.3
DAYS MAX >= 90      0               0.0     0.0        0
DAYS MAX <= 32      3               4.1    -1.1        4
DAYS MIN <= 32     26              27.3    -1.3       28
DAYS MIN <= 0       0               2.2    -2.2        2

PRECIPITATION (INCHES)
RECORD
 MAXIMUM         3.06   2002
 MINIMUM            T   2000
TOTALS           0.59              0.31    0.28     0.15
DAILY AVG.       0.02              0.01    0.01     0.01
DAYS >= .01         5               3.6     1.4        3
DAYS >= .10         3               0.9     2.1        0
DAYS >= .50         0               0.0     0.0        0
DAYS >= 1.00        0               0.0     0.0        0
GREATEST
 24 HR. TOTAL    0.15   04/22 TO 04/22           04/30 TO 04/30

SNOWFALL (INCHES)
RECORDS
 TOTAL           25.1   1948
 24 HR TOTAL     10.8   04/01/1948 TO 04/01/1948
 SNOW DEPTH        51   04/01/1991
TOTALS            5.4               2.9     2.5      1.8
SINCE 7/1        57.5              64.1    -6.6     85.0
SNOWDEPTH AVG.      1                12     -11       19
DAYS >= TRACE       8               2.8     5.2        5
DAYS >= 1.0         3               0.9     2.1        1
GREATEST
 SNOW DEPTH         4   04/01                         29  04/01
 24 HR TOTAL      2.2   04/17 TO 04/17           04/20 TO 04/20

DEGREE_DAYS
HEATING TOTAL     835               974    -139     1005
 SINCE 7/1      11262             13024   -1762    11753
COOLING TOTAL       0                 0       0        0
 SINCE 1/1          0                 0       0        0
.................................................................

WIND (MPH)
AVERAGE WIND SPEED              5.8
HIGHEST WIND SPEED/DIRECTION    30/050    DATE  04/03
HIGHEST GUST SPEED/DIRECTION    34/040    DATE  04/03

SKY COVER
AVERAGE SKY COVER           0.50

-  INDICATES NEGATIVE NUMBERS.
R  INDICATES RECORD WAS SET OR TIED.
MM INDICATES DATA IS MISSING.
T  INDICATES TRACE AMOUNT.

$$
