373
CXUS53 KFGF 011625
CLMFAR

CLIMATE REPORT
NATIONAL WEATHER SERVICE GRAND FORKS ND
1049 AM CDT THU AUG 1 2019

...................................

...THE FARGO HECTOR INTL AP ND CLIMATE SUMMARY FOR THE MONTH OF JULY 2019...

CLIMATE NORMAL PERIOD 1981 TO 2010
CLIMATE RECORD PERIOD 1881 TO 2019

WEATHER         OBSERVED          NORMAL  DEPART  LAST YEAR`S
                 VALUE   DATE(S)  VALUE   FROM    VALUE  DATE(S)
                                          NORMAL
................................................................
TEMPERATURE (F)
RECORD
 HIGH             114   07/06/1936
 LOW               36   07/03/1967
HIGHEST            91   07/15        82       9       92  07/11
LOWEST             45   07/30        59     -14       46  07/27
AVG. MAXIMUM     82.8              82.5     0.3     82.3
AVG. MINIMUM     61.7              59.5     2.2     59.5
MEAN             72.3              71.0     1.3     70.9
DAYS MAX >= 90      2               3.8    -1.8        4
DAYS MAX <= 32      0               0.0     0.0        0
DAYS MIN <= 32      0               0.0     0.0        0
DAYS MIN <= 0       0               0.0     0.0        0

PRECIPITATION (INCHES)
RECORD
 MAXIMUM         8.42   1952
 MINIMUM         0.42   1950
TOTALS           4.70              2.79    1.91     2.86
DAILY AVG.       0.15              0.09    0.06     0.09
DAYS >= .01        12               9.5     2.5       12
DAYS >= .10         6               5.4     0.6        7
DAYS >= .50         3               1.7     1.3        3
DAYS >= 1.00        1               0.7     0.3        0
GREATEST
 24 HR. TOTAL    2.20   07/08 TO 07/08

DEGREE_DAYS
COOLING TOTAL     239               202      37      194
 SINCE 1/1        378               340      38       MM
.................................................................

WIND (MPH)
AVERAGE WIND SPEED              8.5
HIGHEST WIND SPEED/DIRECTION    36/340    DATE  07/10
HIGHEST GUST SPEED/DIRECTION    46/010    DATE  07/08

SKY COVER
POSSIBLE SUNSHINE (PERCENT)   MM
AVERAGE SKY COVER           0.20
NUMBER OF DAYS FAIR           25
NUMBER OF DAYS PC              6
NUMBER OF DAYS CLOUDY          0

AVERAGE RH (PERCENT)     70


-  INDICATES NEGATIVE NUMBERS.
R  INDICATES RECORD WAS SET OR TIED.
MM INDICATES DATA IS MISSING.
T  INDICATES TRACE AMOUNT.

&&

THE MONTH OF JULY 2019 AT THE FARGO HECTOR INTL AIRPORT HAD NEAR
NORMAL TEMPERATURES AND MUCH ABOVE AVERAGE PRECIPITATION. THE
AVERAGE MONTHLY TEMPERATURE WAS 72.3 DEGREES WHICH IS 1.3 DEGREES
WARMER THAN NORMAL. THE TOTAL PRECIPITATION FOR THE MONTH WAS 4.70
INCHES WHICH IS 1.91 INCHES ABOVE NORMAL. ONE DAILY PRECIPITATION
RECORD WAS BROKEN DURING THE MONTH. ON JULY 8, 2.20 INCHES OF RAIN
FELL BREAKING THE OLD RECORD OF 1.15 INCHES SET PREVIOUSLY IN 1994.

REMEMBER...THIS DATA IS PROVISIONAL AND SUBJECT TO CHANGE. THE FINAL
AND OFFICIAL RECORDS WILL BE AVAILABLE FROM THE NATIONAL CENTERS FOR
ENVIRONMENTAL INFORMATION (FORMERLY THE NATIONAL CLIMATE DATA
CENTER).

$$
