000
CXUS53 KFGF 011415
CLMFAR

CLIMATE REPORT
NATIONAL WEATHER SERVICE EASTERN NORTH DAKOTA/GRAND FORKS
910 AM CDT WED MAY 1 2019

...................................

...THE FARGO HECTOR INTL AP ND CLIMATE SUMMARY FOR THE MONTH OF APRIL 2019...

CLIMATE NORMAL PERIOD 1981 TO 2010
CLIMATE RECORD PERIOD 1881 TO 2019

WEATHER         OBSERVED          NORMAL  DEPART  LAST YEAR`S
                 VALUE   DATE(S)  VALUE   FROM    VALUE  DATE(S)
                                          NORMAL
................................................................
TEMPERATURE (F)
RECORD
 HIGH             100   04/21/1980
 LOW              -13   04/01/1881
HIGHEST            75   04/24        55      20       81  04/30
LOWEST             21   04/14        32     -11        3  04/07
                                                          04/06
AVG. MAXIMUM     51.8              55.8    -4.0     45.0
AVG. MINIMUM     34.4              32.7     1.7     24.0
MEAN             43.1              44.2    -1.1     34.5
DAYS MAX >= 90      0               0.1    -0.1        0
DAYS MAX <= 32      1               0.9     0.1        9
DAYS MIN <= 32     13              15.1    -2.1       22
DAYS MIN <= 0       0               0.0     0.0        0

PRECIPITATION (INCHES)
RECORD
 MAXIMUM         5.49   1886
 MINIMUM         0.00   2006
TOTALS           1.27              1.36   -0.09     0.37
DAILY AVG.       0.04              0.05   -0.01     0.01
DAYS >= .01        11               7.4     3.6        6
DAYS >= .10         3               3.7    -0.7        1
DAYS >= .50         1               0.6     0.4        0
DAYS >= 1.00        0               0.2    -0.2        0
GREATEST
 24 HR. TOTAL    0.59   04/11 TO 04/11

SNOWFALL (INCHES)
RECORDS
 TOTAL           17.4   1886
 SNOW DEPTH        MM   MM
TOTALS            6.1               3.3     2.8      3.8
SINCE 7/1        65.4              50.4    15.0     50.0
SNOWDEPTH AVG.      1                MM      MM        2
DAYS >= 1.0         1               0.9     0.1        2
GREATEST
 SNOW DEPTH         5   04/12                          5  04/04
                                                          04/03
                                                          04/01
 24 HR TOTAL      5.8   04/11 TO 04/11

DEGREE_DAYS
HEATING TOTAL     649               626      23      908
 SINCE 7/1       9346              8456     890     8752
COOLING TOTAL       0                 3      -3        0
 SINCE 1/1          0                 3      -3        0
.................................................................

WIND (MPH)
AVERAGE WIND SPEED              11.7
HIGHEST WIND SPEED/DIRECTION    35/300    DATE  04/25
HIGHEST GUST SPEED/DIRECTION    48/130    DATE  04/28

SKY COVER
POSSIBLE SUNSHINE (PERCENT)   MM
AVERAGE SKY COVER           0.50
NUMBER OF DAYS FAIR           13
NUMBER OF DAYS PC             10
NUMBER OF DAYS CLOUDY          7

AVERAGE RH (PERCENT)     71

WEATHER CONDITIONS. NUMBER OF DAYS WITH
THUNDERSTORM              0     MIXED PRECIP               0
HEAVY RAIN                0     RAIN                       1
LIGHT RAIN               10     FREEZING RAIN              0
LT FREEZING RAIN          0     HAIL                       1
HEAVY SNOW                1     SNOW                       2
LIGHT SNOW                4     SLEET                      0
FOG                      16     FOG W/VIS <= 1/4 MILE      2
HAZE                      3

-  INDICATES NEGATIVE NUMBERS.
R  INDICATES RECORD WAS SET OR TIED.
MM INDICATES DATA IS MISSING.
T  INDICATES TRACE AMOUNT.

&&

THE MONTH OF APRIL AT THE FARGO HECTOR INTERNATIONAL AIRPORT WAS
SLIGHTLY COLDER AND SLIGHTLY DRIER THAN NORMAL. ONE DAILY SNOW
RECORD WAS BROKEN DURING THE MONTH.

THE FIRST PART OF THE MONTH STARTED OFF WITH NEAR NORMAL
TEMPERATURES BEFORE VALUES DIPPED JUST BEFORE MID MONTH. THE
TEMPERATURES THEN PUSHED UP TO WELL ABOVE NORMAL BEFORE ANOTHER COOL
PERIOD OCCURRED TO END THE MONTH. THE AVERAGE TEMPERATURE FOR THE
MONTH WAS 43.1 DEGREES WHICH WAS 1.1 DEGREES BELOW NORMAL.

PRECIPITATION WAS SLIGHTLY BELOW NORMAL BUT SNOWFALL WAS ABOVE
NORMAL. A MONTHLY TOTAL OF 1.27 INCHES OF LIQUID PRECIPITATION FELL
THROUGHOUT THE MONTH WHICH IS 0.09 INCHES BELOW NORMAL. TOTAL
SNOWFALL WAS 6.1 INCHES WHICH DOUBLED THE  MONTHLY AVERAGE OF 3.0
INCHES.

ONE DAILY SNOWFALL RECORD WAS BROKEN DURING THE MONTH. ON APRIL 11,
5.8 INCHES OF SNOW WAS RECORDED BREAKING THE OLD RECORD OF 3.8
INCHES SET IN 1995.

REMEMBER...THIS DATA IS PROVISIONAL AND SUBJECT TO CHANGE. THE FINAL
AND OFFICIAL RECORDS WILL BE AVAILABLE FROM THE NATIONAL CENTERS FOR
ENVIRONMENTAL INFORMATION (FORMERLY THE NATIONAL CLIMATIC DATA
CENTER).

$$
