934
CXUS56 KHNX 011203
CLMFAT


CLIMATE REPORT
NATIONAL WEATHER SERVICE SAN JOAQUIN VALLEY, CA
457 AM PDT WED MAY 1 2019

...................................

...THE FRESNO CA CLIMATE SUMMARY FOR THE MONTH OF APRIL 2019...

CLIMATE NORMAL PERIOD 1981 TO 2010
CLIMATE RECORD PERIOD 1887 TO 2019

WEATHER         OBSERVED          NORMAL  DEPART  LAST YEAR`S
                 VALUE   DATE(S)  VALUE   FROM    VALUE  DATE(S)
                                          NORMAL
................................................................
TEMPERATURE (F)
RECORD
 HIGH             101   04/24/1910
                        04/25/1898
 LOW               32   04/07/1982
                        04/01/1975
                        04/09/1953
HIGHEST            96   04/25        MM      MM       93  04/24
LOWEST             46   04/12        MM      MM       41  04/17
AVG. MAXIMUM     79.3              74.6     4.7     77.6
AVG. MINIMUM     54.8              49.4     5.4     52.3
MEAN             67.1              62.0     5.1     64.9
DAYS MAX >= 90      4               1.8     2.2        3
DAYS MIN <= 32      0               0.0     0.0        0

PRECIPITATION (INCHES)
RECORD
 MAXIMUM         4.41   1967
TOTALS           0.39              0.95   -0.56     0.64
DAYS >= .01         3               4.5    -1.5        2
DAYS >= .10         2               2.3    -0.3        2
DAYS >= .50         0               0.5    -0.5        0
DAYS >= 1.00        0               0.1    -0.1        0
GREATEST
 24 HR. TOTAL    0.17   04/16 TO 04/16

SNOWFALL (INCHES)
RECORDS
 TOTAL            0.0
TOTALS            0.0               0.0

DEGREE_DAYS
HEATING TOTAL      46               136     -90       70
 SINCE 7/1       1769              2313    -544     1809
COOLING TOTAL     114                46      68       78
 SINCE 1/1        119                51      68       88
.................................................................

WIND (MPH)
AVERAGE WIND SPEED              6.9
HIGHEST WIND SPEED/DIRECTION    40/310    DATE  04/09
HIGHEST GUST SPEED/DIRECTION    50/310    DATE  04/09

AVERAGE RH (PERCENT)     53

WEATHER CONDITIONS. NUMBER OF DAYS WITH
THUNDERSTORM              1     RAIN                       1
HAIL                      0     FOG                        2
FOG W/VIS <= 1/4 MILE     0     HAZE                      11

-  INDICATES NEGATIVE NUMBERS.
R  INDICATES RECORD WAS SET OR TIED.
MM INDICATES DATA IS MISSING.
T  INDICATES TRACE AMOUNT.

$$
