258
CXUS56 KHNX 161743
CLMFAT


CLIMATE REPORT
NATIONAL WEATHER SERVICE SAN JOAQUIN VALLEY, CA
1041 AM PDT TUE JUL 16 2019

...................................

...THE FRESNO CA CLIMATE SUMMARY FOR THE MONTH OF JUNE 2019...

CLIMATE NORMAL PERIOD 1981 TO 2010
CLIMATE RECORD PERIOD 1887 TO 2019

WEATHER         OBSERVED          NORMAL  DEPART  LAST YEAR`S
                 VALUE   DATE(S)  VALUE   FROM    VALUE  DATE(S)
                                          NORMAL
................................................................
TEMPERATURE (F)
RECORD
 HIGH             112   06/25/1925
                        06/30/1891
 LOW               42   06/14/1907
HIGHEST           106   06/12        MM      MM      104  06/13
                                                          06/03
LOWEST             56   06/08        MM      MM       53  06/01
AVG. MAXIMUM     94.3              92.0     2.3     94.6
AVG. MINIMUM     67.1              62.4     4.7     64.1
MEAN             80.7              77.2     3.5     79.4
DAYS MAX >= 90     24              18.5     5.5       22
DAYS MIN <= 32      0               0.0     0.0        0

PRECIPITATION (INCHES)
RECORD
 MAXIMUM         1.93   1998
TOTALS           0.00R             0.21   -0.21     0.00
DAYS >= .01         0               0.7    -0.7        0
DAYS >= .10         0               0.4    -0.4        0
DAYS >= .50         0               0.1    -0.1        0
DAYS >= 1.00        0               0.1    -0.1        0
GREATEST
 24 HR. TOTAL    0.00   06/30 TO 06/30


SNOWFALL (INCHES)
RECORDS
 TOTAL            0.0
TOTALS            0.0               0.0

DEGREE_DAYS
HEATING TOTAL       0                 3      -3        0
 SINCE 7/1       1826              2346    -520     1813
COOLING TOTAL     477               369     108      440
 SINCE 1/1        714               610     104      721
.................................................................

WIND (MPH)
AVERAGE WIND SPEED              8.1
HIGHEST WIND SPEED/DIRECTION    25/310    DATE  06/06
HIGHEST GUST SPEED/DIRECTION    30/310    DATE  06/27

AVERAGE RH (PERCENT)     39

WEATHER CONDITIONS. NUMBER OF DAYS WITH
THUNDERSTORM              0     RAIN                       0
HAIL                      0     FOG                        0
FOG W/VIS <= 1/4 MILE     0     HAZE                       7

-  INDICATES NEGATIVE NUMBERS.
R  INDICATES RECORD WAS SET OR TIED.
MM INDICATES DATA IS MISSING.
T  INDICATES TRACE AMOUNT.

$$
