000
CXUS52 KRAH 011337
CLMFAY


CLIMATE REPORT
NATIONAL WEATHER SERVICE RALEIGH NC
931 AM EDT WED MAY 1 2019

...................................

...THE FAYETTEVILLE REGL AIRPORT NC CLIMATE SUMMARY FOR THE MONTH OF APRIL 2019...

CLIMATE NORMAL PERIOD 1981 TO 2010
CLIMATE RECORD PERIOD 1910 TO 2019

WEATHER         OBSERVED          NORMAL  DEPART  LAST YEAR`S
                 VALUE   DATE(S)  VALUE   FROM    VALUE
                                          NORMAL
.............................................................
TEMPERATURE (F)
RECORD
 HIGH              96   04/12/1930
 LOW               22   04/10/1996
HIGHEST            88   04/30                         86
                        04/24
LOWEST             33   04/03                         36
AVG. MAXIMUM     75.9              74.9     1.0     73.3
AVG. MINIMUM     53.8              50.4     3.4     47.1
MEAN             64.8              62.7     2.1     60.2
DAYS MAX >= 90      0                                  0
DAYS MAX <= 32      0                                  0
DAYS MIN <= 32      0                                  0
DAYS MIN <= 0       0                                  0

PRECIPITATION (INCHES)
RECORD
 MAXIMUM         7.37   1918
TOTALS           4.89              2.82    2.07     2.92
DAYS >= .01         9
DAYS >= .10         6
DAYS >= .50         4
DAYS >= 1.00        1
GREATEST
 24 HR. TOTAL    1.95   04/12 TO 04/12

DEGREE_DAYS
HEATING TOTAL     101               138     -37      173
 SINCE 7/1       2478              2707    -229     2703
COOLING TOTAL     103                67      36       36
 SINCE 1/1        119                83      36       89
..............................................................

WIND (MPH)
AVERAGE WIND SPEED              8.8
HIGHEST WIND SPEED/DIRECTION    48/140    DATE  04/19
HIGHEST GUST SPEED/DIRECTION    64/180    DATE  04/19

SKY COVER
POSSIBLE SUNSHINE (PERCENT)   MM
AVERAGE SKY COVER           0.30
NUMBER OF DAYS FAIR           17
NUMBER OF DAYS PC              7
NUMBER OF DAYS CLOUDY          6

AVERAGE RH (PERCENT)     67

WEATHER CONDITIONS. NUMBER OF DAYS WITH
THUNDERSTORM              4     MIXED PRECIP               0
HEAVY RAIN                4     RAIN                       5
LIGHT RAIN               12     FREEZING RAIN              0
LT FREEZING RAIN          0     HAIL                       0
HEAVY SNOW                0     SNOW                       0
LIGHT SNOW                1     SLEET                      0
FOG                      12     FOG W/VIS <= 1/4 MILE      3
HAZE                      3

-  INDICATES NEGATIVE NUMBERS.
R  INDICATES RECORD WAS SET OR TIED.
MM INDICATES DATA IS MISSING.
T  INDICATES TRACE AMOUNT.

&&

THE HIGH TEMPERATURE AT FAYETTEVILLE REGL AIRPORT ON APRIL 2, 2019
WAS 43 DEGREES. THIS BROKE THE OLD RECORD LOW MAXIMUM TEMPERATURE
OF 47 DEGREES SET IN 1965.

THE LOW TEMPERATURE AT THE FAYETTEVILLE REGL AIRPORT ON APRIL 13,
2019 WAS 68 DEGREES. THIS BROKE THE PREVIOUS HIGH MINIMUM
TEMPERATURE RECORD OF 66 DEGREES, SET IN 2001.

THE LOW TEMPERATURE AT THE FAYETTEVILLE REGL AIRPORT ON APRIL 14,
2019 WAS 69 DEGREES. THIS BROKE THE PREVIOUS HIGH MINIMUM
TEMPERATURE RECORD OF 68 DEGREES, SET IN 1922.

$$
