000
CXUS52 KRAH 011339
CLMFAY


CLIMATE REPORT
NATIONAL WEATHER SERVICE RALEIGH NC
933 AM EDT MON JUL 1 2019

...................................

...THE FAYETTEVILLE REGL AIRPORT NC CLIMATE SUMMARY FOR THE MONTH OF JUNE 2019...

CLIMATE NORMAL PERIOD 1981 TO 2010
CLIMATE RECORD PERIOD 1910 TO 2019

WEATHER         OBSERVED          NORMAL  DEPART  LAST YEAR`S
                 VALUE   DATE(S)  VALUE   FROM    VALUE
                                          NORMAL
.............................................................
TEMPERATURE (F)
RECORD
 HIGH             106   06/29/2012
 LOW               44   06/12/1972
                        06/02/1966
                        06/16/1933
HIGHEST           100   06/30                         99
LOWEST             54   06/15                         62
AVG. MAXIMUM     89.3              88.6     0.7     92.1
AVG. MINIMUM     68.9              67.8     1.1     70.5
MEAN             79.1              78.2     0.9     81.3
DAYS MAX >= 90     16                                 24
DAYS MAX <= 32      0                                  0
DAYS MIN <= 32      0                                  0
DAYS MIN <= 0       0                                  0

PRECIPITATION (INCHES)
RECORD
 MAXIMUM        15.94   1995
TOTALS           2.70              4.35   -1.65     4.31
DAYS >= .01         8
DAYS >= .10         5
DAYS >= .50         3
DAYS >= 1.00        0
GREATEST
 24 HR. TOTAL    1.16   06/09 TO 06/10

DEGREE_DAYS
COOLING TOTAL     427               396      31      497
 SINCE 1/1        918               680     238      927
..............................................................

WIND (MPH)
AVERAGE WIND SPEED              7.3
HIGHEST WIND SPEED/DIRECTION    29/210    DATE  06/20
HIGHEST GUST SPEED/DIRECTION    38/190    DATE  06/20

SKY COVER
POSSIBLE SUNSHINE (PERCENT)   MM
AVERAGE SKY COVER           0.30
NUMBER OF DAYS FAIR           20
NUMBER OF DAYS PC              6
NUMBER OF DAYS CLOUDY          4

AVERAGE RH (PERCENT)     70

WEATHER CONDITIONS. NUMBER OF DAYS WITH
THUNDERSTORM              4     MIXED PRECIP               0
HEAVY RAIN                4     RAIN                       6
LIGHT RAIN                10    FREEZING RAIN              0
LT FREEZING RAIN          0     HAIL                       0
HEAVY SNOW                0     SNOW                       0
LIGHT SNOW                0     SLEET                      0
FOG                       11    FOG W/VIS <= 1/4 MILE      5
HAZE                      0

-  INDICATES NEGATIVE NUMBERS.
R  INDICATES RECORD WAS SET OR TIED.
MM INDICATES DATA IS MISSING.
T  INDICATES TRACE AMOUNT.

&&

THERE WERE NO RECORDS IN THE MONTH OF JUNE.

$$
