000
CXUS53 KLMK 011412
CLMFFT


CLIMATE REPORT
NATIONAL WEATHER SERVICE LOUISVILLE KY
959 AM EDT TUE MAY 1 2018

...................................

...THE FRANKFORT KY CLIMATE SUMMARY FOR THE MONTH OF APRIL 2018...

CLIMATE NORMAL PERIOD 1981 TO 2010
CLIMATE RECORD PERIOD 1895 TO 2018

WEATHER         OBSERVED          NORMAL  DEPART  LAST YEAR`S
                 VALUE   DATE(S)  VALUE   FROM    VALUE  DATE(S)
                                          NORMAL
................................................................
TEMPERATURE (F)
RECORD
 HIGH              95   04/27/1914
 LOW               16   04/01/1969
HIGHEST            82   04/13        MM      MM       84  04/30
                                                          04/29
                                                          04/26
LOWEST             23   04/08        MM      MM       30  04/08
AVG. MAXIMUM     62.3              67.0    -4.7     73.2
AVG. MINIMUM     39.6              43.3    -3.7     51.7
MEAN             50.9              55.2    -4.3     62.5
DAYS MAX >= 90      0               0.0     0.0        0
DAYS MAX <= 32      0               0.0     0.0        0
DAYS MIN <= 32      9               3.8     5.2        1
DAYS MIN <= 0       0               0.0     0.0        0

PRECIPITATION (INCHES)
RECORD
 MAXIMUM        13.95   2011
 MINIMUM         0.69   1896
TOTALS           4.23              3.69    0.54     3.34
DAILY AVG.       0.14              0.12    0.02     0.11
DAYS >= .01        11                MM      MM       13
DAYS >= .10         7                MM      MM       10
DAYS >= .50         3                MM      MM        2
DAYS >= 1.00        0                MM      MM        1
GREATEST
 24 HR. TOTAL    1.06   04/14 TO 04/15

SNOWFALL (INCHES)
RECORDS
 TOTAL             MM   MM
TOTALS             MM                MM      MM       MM
SINCE 7/1          MM                MM      MM       MM
SNOWDEPTH AVG.     MM                MM      MM        0
DAYS >= 1.0         0                MM      MM        0
GREATEST
 SNOW DEPTH        MM                                  0  MM
 24 HR TOTAL       MM

DEGREE_DAYS
HEATING TOTAL     428               314     114      136
 SINCE 7/1       4484              4578     -94     3439
COOLING TOTAL      13                18      -5       67
 SINCE 1/1         20                20       0       76
.................................................................

WIND (MPH)
AVERAGE WIND SPEED              7.8
HIGHEST WIND SPEED/DIRECTION    38/210    DATE  04/03
HIGHEST GUST SPEED/DIRECTION    55/210    DATE  04/03

SKY COVER
POSSIBLE SUNSHINE (PERCENT)   MM
AVERAGE SKY COVER           0.50
NUMBER OF DAYS FAIR           15
NUMBER OF DAYS PC              7
NUMBER OF DAYS CLOUDY          8

AVERAGE RH (PERCENT)     57

WEATHER CONDITIONS. NUMBER OF DAYS WITH
THUNDERSTORM         1        MIXED PRECIP            0
HEAVY RAIN           3        RAIN                    7
LIGHT RAIN          10        FREEZING RAIN           0
LT FREEZING RAIN     0        HAIL                    0
HEAVY SNOW           0        SNOW                    0
LIGHT SNOW           4        SLEET                   0
FOG                 10        FOG W/VIZ <= 1/4 MILE   1
HAZE                 5

-  INDICATES NEGATIVE NUMBERS.
R  INDICATES RECORD WAS SET OR TIED.
MM INDICATES DATA IS MISSING.
T  INDICATES TRACE AMOUNT.

$$
