000
CXUS53 KFGF 011558
CLMFGF

CLIMATE REPORT
NATIONAL WEATHER SERVICE GRAND FORKS ND
1049 AM CDT THU AUG 1 2019

...................................

...THE GRAND FORKS UNIV. (NWS) ND CLIMATE SUMMARY FOR THE MONTH OF JULY 2019...

CLIMATE NORMAL PERIOD 1981 TO 2010
CLIMATE RECORD PERIOD 1893 TO 2019

WEATHER         OBSERVED          NORMAL  DEPART  LAST YEAR`S
                 VALUE   DATE(S)  VALUE   FROM    VALUE  DATE(S)
                                          NORMAL
................................................................
TEMPERATURE (F)
RECORD
 HIGH             109   07/12/1936
 LOW               36   07/06/1908
HIGHEST            90   07/15        82       8
LOWEST             46   07/30        58     -12
AVG. MAXIMUM     82.7              81.2     1.5
AVG. MINIMUM     60.4              58.4     2.0
MEAN             71.5              69.8     1.7
DAYS MAX >= 90      1               2.9    -1.9
DAYS MAX <= 32      0               0.0     0.0
DAYS MIN <= 32      0               0.0     0.0
DAYS MIN <= 0       0               0.0     0.0

PRECIPITATION (INCHES)
RECORD
 MAXIMUM         8.10   2001
 MINIMUM         0.38   1976
TOTALS           3.98              3.17    0.81
DAILY AVG.       0.13              0.10    0.03
DAYS >= .01        10               9.8     0.2
DAYS >= .10         7               6.0     1.0
DAYS >= .50         3               2.0     1.0
DAYS >= 1.00        1               0.8     0.2
GREATEST
 24 HR. TOTAL    1.57   07/09 TO 07/09              1.18

SNOWFALL (INCHES)
RECORDS
 TOTAL             MM   MM
TOTALS            0.0               0.0     0.0
SINCE 7/1         0.0               0.0     0.0       MM
SNOWDEPTH AVG.      0                MM      MM       MM
DAYS >= 1.0         0               0.0     0.0
GREATEST
 SNOW DEPTH         0   MM                            MM  MM
 24 HR TOTAL      0.0   07/31 TO 07/31

DEGREE_DAYS
HEATING TOTAL       6                23     -17
 SINCE 7/1          6                23     -17
COOLING TOTAL     216               171      45
 SINCE 1/1        340               288      52
.................................................................

SKY COVER
POSSIBLE SUNSHINE (PERCENT)   MM
AVERAGE SKY COVER             MM
NUMBER OF DAYS FAIR            0
NUMBER OF DAYS PC              0
NUMBER OF DAYS CLOUDY          0


WEATHER CONDITIONS. NUMBER OF DAYS WITH
THUNDERSTORM              3     MIXED PRECIP               0
HEAVY RAIN                3     RAIN                       4
LIGHT RAIN                5     FREEZING RAIN              0
LT FREEZING RAIN          0     HAIL                       0
HEAVY SNOW                0     SNOW                       0
LIGHT SNOW                0     SLEET                      0
FOG                       0     FOG W/VIS <= 1/4 MILE      0
HAZE                      2

-  INDICATES NEGATIVE NUMBERS.
R  INDICATES RECORD WAS SET OR TIED.
MM INDICATES DATA IS MISSING.
T  INDICATES TRACE AMOUNT.

&&

FOR THE MONTH OF JULY 2019, GRAND FORKS UNIV./NWS HAD NEAR NORMAL
TEMPERATURES AND ABOVE AVERAGE PRECIPITATION. THE AVERAGE
TEMPERATURE FOR THE MONTH WAS 71.5 DEGREES FAHRENHEIT, WHICH IS 1.7
DEGREES WARMER THAN NORMAL. THE TOTAL PRECIPITATION WAS 3.98 INCHES,
WHICH IS 0.81 INCHES ABOVE NORMAL. NO DAILY RECORDS WERE SET DURING
THE MONTH.

REMEMBER...THIS DATA IS PROVISIONAL AND SUBJECT TO CHANGE. THE FINAL
AND OFFICIAL RECORDS WILL BE AVAILABLE FROM THE NATIONAL CENTERS FOR
ENVIRONMENTAL INFORMATION (FORMERLY THE NATIONAL CLIMATE DATA
CENTER).

$$
