770
CXUS52 KMFL 011519
CLMFLL


CLIMATE REPORT
NATIONAL WEATHER SERVICE MIAMI, FL
1114 AM EDT MON JUL 1 2019

...................................

...THE FORT LAUDERDALE CLIMATE SUMMARY FOR THE MONTH OF JUNE 2019...

CLIMATE NORMAL PERIOD 1981 TO 2010
CLIMATE RECORD PERIOD 1912 TO 2019

WEATHER         OBSERVED          NORMAL  DEPART  LAST YEAR`S
                 VALUE   DATE(S)  VALUE   FROM    VALUE
                                          NORMAL
.............................................................
TEMPERATURE (F)
RECORD
 HIGH             100   06/22/2009
 LOW               57   06/04/1933
HIGHEST            95   06/25                         94
                        06/24
LOWEST             71   06/17                         71
AVG. MAXIMUM     90.2              88.8     1.4     88.8
AVG. MINIMUM     77.7              77.4     0.3     76.5
MEAN             83.9              83.1     0.8     82.7
DAYS MAX >= 90     21                                  9
DAYS MAX <= 32      0                                  0
DAYS MIN <= 32      0                                  0
DAYS MIN <= 0       0                                  0

PRECIPITATION (INCHES)
RECORD
 MAXIMUM        24.37   1992
 MINIMUM         0.70   1952
TOTALS          11.18             10.16    1.02     6.60
DAILY AVG.       0.37              0.34    0.03     0.22
DAYS >= .01        18                                 16
DAYS >= .10        11                                  6
DAYS >= .50         8                                  4
DAYS >= 1.00        4                                  3
GREATEST
 24 HR. TOTAL    2.42   06/07 TO 06/07              2.49

DEGREE_DAYS
HEATING TOTAL       0                 0       0        0
 SINCE 7/1         72               112     -40      141
COOLING TOTAL     574               543      31      537
 SINCE 1/1       2189              1961     228     1941
..............................................................

WIND (MPH)
AVERAGE WIND SPEED              6.7
HIGHEST WIND SPEED/DIRECTION    32/270    DATE  06/11
HIGHEST GUST SPEED/DIRECTION    40/120    DATE  06/28

SKY COVER
POSSIBLE SUNSHINE (PERCENT)   MM
AVERAGE SKY COVER           0.60
NUMBER OF DAYS FAIR            5
NUMBER OF DAYS PC             22
NUMBER OF DAYS CLOUDY          3

AVERAGE RH (PERCENT)     73

THUNDERSTORM             20     MIXED PRECIP                0
HEAVY RAIN                9     RAIN                       13
LIGHT RAIN               19     FREEZING RAIN               0
LT FREEZING RAIN          0     HAIL                        0
HEAVY SNOW                0     SNOW                        0
LIGHT SNOW                0     SLEET                       0
FOG                      11     FOG W/VIS <= 1/4 MILE       0
HAZE                      2

-  INDICATES NEGATIVE NUMBERS.
R  INDICATES RECORD WAS SET OR TIED.
MM INDICATES DATA IS MISSING.
T  INDICATES TRACE AMOUNT.

$$
