000
CXUS52 KMFL 011415
CLMFLL


CLIMATE REPORT
NATIONAL WEATHER SERVICE MIAMI, FL
1012 AM EDT WED MAY 1 2019

...................................

...THE FORT LAUDERDALE CLIMATE SUMMARY FOR THE MONTH OF APRIL 2019...

CLIMATE NORMAL PERIOD 1981 TO 2010
CLIMATE RECORD PERIOD 1912 TO 2019

WEATHER         OBSERVED          NORMAL  DEPART  LAST YEAR`S
                 VALUE   DATE(S)  VALUE   FROM    VALUE
                                          NORMAL
.............................................................
TEMPERATURE (F)
RECORD
 HIGH              98   04/04/1980
                        04/04/1926
 LOW               40   04/07/1960
HIGHEST            90   04/26                         91
LOWEST             61   04/21                         58
AVG. MAXIMUM     83.8              82.7     1.1     83.7
AVG. MINIMUM     71.9              69.7     2.2     70.3
MEAN             77.8              76.2     1.6     77.0
DAYS MAX >= 90      1                                  1
DAYS MAX <= 32      0                                  0
DAYS MIN <= 32      0                                  0
DAYS MIN <= 0       0                                  0

PRECIPITATION (INCHES)
RECORD
 MAXIMUM        19.47   1979
 MINIMUM         0.02   1946
TOTALS           1.14              2.89   -1.75     2.27
DAILY AVG.       0.04              0.10   -0.06     0.08
DAYS >= .01         5                                  6
DAYS >= .10         3                                  5
DAYS >= .50         1                                  2
DAYS >= 1.00        0                                  1
GREATEST
 24 HR. TOTAL    0.70   04/19 TO 04/19              1.03

DEGREE_DAYS
HEATING TOTAL       0                 1      -1        0
 SINCE 7/1         72               112     -40      141
COOLING TOTAL     391               337      54      368
 SINCE 1/1       1111               947     164      978
..............................................................

WIND (MPH)
AVERAGE WIND SPEED              10.7
HIGHEST WIND SPEED/DIRECTION    26/270    DATE  04/19
HIGHEST GUST SPEED/DIRECTION    34/170    DATE  04/19

SKY COVER
POSSIBLE SUNSHINE (PERCENT)   MM
AVERAGE SKY COVER           0.50
NUMBER OF DAYS FAIR            8
NUMBER OF DAYS PC             20
NUMBER OF DAYS CLOUDY          2

AVERAGE RH (PERCENT)     67

WEATHER CONDITIONS. NUMBER OF DAYS WITH
THUNDERSTORM              2     MIXED PRECIP                0
HEAVY RAIN                2     RAIN                        2
LIGHT RAIN                6     FREEZING RAIN               0
LT FREEZING RAIN          0     HAIL                        0
HEAVY SNOW                0     SNOW                        0
LIGHT SNOW                0     SLEET                       0
FOG                       2     FOG W/VIS <= 1/4 MILE       0
HAZE                      0

-  INDICATES NEGATIVE NUMBERS.
R  INDICATES RECORD WAS SET OR TIED.
MM INDICATES DATA IS MISSING.
T  INDICATES TRACE AMOUNT.

$$
