000
CXUS52 KILM 012011
CLMFLO


CLIMATE REPORT
NATIONAL WEATHER SERVICE WILMINGTON NC
405 PM EDT MON JUL 1 2019

...................................

...THE FLORENCE SOUTH  CAROLINA CLIMATE SUMMARY FOR THE MONTH OF JUNE 2019...

CLIMATE NORMAL PERIOD 1981 TO 2010
CLIMATE RECORD PERIOD 1948 TO 2019

WEATHER         OBSERVED          NORMAL  DEPART  LAST YEAR`S
                 VALUE   DATE(S)  VALUE   FROM    VALUE  DATE(S)
                                          NORMAL
................................................................
TEMPERATURE (F)
RECORD
 HIGH             108   06/27/1954
 LOW               47   06/02/1966
HIGHEST            98   06/29        MM      MM       98  06/19
LOWEST             57   06/15        MM      MM       63  06/06
AVG. MAXIMUM     90.8              88.4     2.4     91.9
AVG. MINIMUM     69.7              68.0     1.7     72.0
MEAN             80.2              78.2     2.0     81.9
DAYS MAX >= 90     18              12.6     5.4       25
DAYS MAX <= 32      0               0.0     0.0        0
DAYS MIN <= 32      0               0.0     0.0        0
DAYS MIN <= 0       0               0.0     0.0        0

PRECIPITATION (INCHES)
RECORD
 MAXIMUM         9.29   1961
 MINIMUM         0.17   2008
TOTALS           3.96              4.62   -0.66     6.61
DAILY AVG.       0.13              0.15   -0.02
DAYS >= .01        10              10.0     0.0
DAYS >= .10         8               7.0     1.0
DAYS >= .50         4               3.0     1.0
DAYS >= 1.00        0               1.2    -1.2
GREATEST
 24 HR. TOTAL    0.81   06/08 TO 06/08

SNOWFALL (INCHES)
RECORDS
 TOTAL             MM   MM
TOTALS             MM               0.0
SINCE 7/1          MM               1.5

DEGREE_DAYS
HEATING TOTAL       0                 1      -1        0
 SINCE 7/1       2154              2524    -370
COOLING TOTAL     465               397      68      518
 SINCE 1/1        989               704     285

FREEZE DATES
RECORD
 EARLIEST     10/14/1988
 LATEST       04/20/1983
EARLIEST                        11/11
LATEST                          03/22
.................................................................

WIND (MPH)
AVERAGE WIND SPEED              6.5
RESULTANT WIND SPEED/DIRECTION   2/224
HIGHEST WIND SPEED/DIRECTION    41/270    DATE  06/20
HIGHEST GUST SPEED/DIRECTION    50/280    DATE  06/20

SKY COVER
POSSIBLE SUNSHINE (PERCENT)   MM
AVERAGE SKY COVER           0.30
NUMBER OF DAYS FAIR           19
NUMBER OF DAYS PC              9
NUMBER OF DAYS CLOUDY          2

AVERAGE RH (PERCENT)     66

WEATHER CONDITIONS. NUMBER OF DAYS WITH
THUNDERSTORM             10     MIXED PRECIP               M
HEAVY RAIN                7     RAIN                       5
LIGHT RAIN               13     FREEZING RAIN              0
LT FREEZING RAIN          0     HAIL                       M
HEAVY SNOW                0     SNOW                       0
LIGHT SNOW                0     SLEET                      M
FOG                      14     FOG W/VIS <= 1/4 MILE      2
HAZE                      6

-  INDICATES NEGATIVE NUMBERS.
R  INDICATES RECORD WAS SET OR TIED.
MM INDICATES DATA IS MISSING.
T  INDICATES TRACE AMOUNT.

$$
