161
CXUS52 KILM 020134
CLMFLO


CLIMATE REPORT
NATIONAL WEATHER SERVICE WILMINGTON NC
930 PM EDT WED MAY 1 2019

...................................

...THE FLORENCE SOUTH  CAROLINA CLIMATE SUMMARY FOR THE MONTH OF APRIL 2019...

CLIMATE NORMAL PERIOD 1981 TO 2010
CLIMATE RECORD PERIOD 1948 TO 2019

WEATHER         OBSERVED          NORMAL  DEPART  LAST YEAR`S
                 VALUE   DATE(S)  VALUE   FROM    VALUE  DATE(S)
                                          NORMAL
................................................................
TEMPERATURE (F)
RECORD
 HIGH              97   04/28/1981
 LOW               26   04/08/2007
HIGHEST            89   04/24        MM      MM       87  04/18
                                                          04/03
LOWEST             33   04/03        MM      MM       35  04/17
AVG. MAXIMUM     77.5              75.8     1.7     74.5
AVG. MINIMUM     53.5              50.7     2.8     48.5
MEAN             65.5              63.3     2.2     61.5
DAYS MAX >= 90      0               1.2    -1.2        0
DAYS MAX <= 32      0               0.0     0.0        0
DAYS MIN <= 32      0               0.3    -0.3        0
DAYS MIN <= 0       0               0.0     0.0        0

PRECIPITATION (INCHES)
RECORD
 MAXIMUM         7.84   1949
 MINIMUM         0.23   2001
TOTALS           3.87              2.62    1.25     5.90
DAILY AVG.       0.13              0.09    0.04
DAYS >= .01         8               8.0     0.0
DAYS >= .10         6               4.9     1.1
DAYS >= .50         4               1.6     2.4
DAYS >= 1.00        1               0.6     0.4
GREATEST
 24 HR. TOTAL    1.28   04/02 TO 04/02

SNOWFALL (INCHES)
RECORDS
 TOTAL             MM   MM
TOTALS             MM               0.0
SINCE 7/1          MM               1.5

DEGREE_DAYS
HEATING TOTAL      90               124     -34      149
 SINCE 7/1       2150              2500    -350
COOLING TOTAL     114                72      42       54
 SINCE 1/1        140                96      44

FREEZE DATES
RECORD
 EARLIEST     10/14/1988
 LATEST       04/20/1983
EARLIEST                        11/11
LATEST                          03/22
.................................................................

WIND (MPH)
AVERAGE WIND SPEED              7.8
RESULTANT WIND SPEED/DIRECTION   3/198
HIGHEST WIND SPEED/DIRECTION    35/220    DATE  04/12
HIGHEST GUST SPEED/DIRECTION    49/220    DATE  04/12

SKY COVER
POSSIBLE SUNSHINE (PERCENT)   MM
AVERAGE SKY COVER           0.30
NUMBER OF DAYS FAIR           19
NUMBER OF DAYS PC              7
NUMBER OF DAYS CLOUDY          4

AVERAGE RH (PERCENT)     67

WEATHER CONDITIONS. NUMBER OF DAYS WITH
THUNDERSTORM              2     MIXED PRECIP               M
HEAVY RAIN                4     RAIN                       6
LIGHT RAIN                9     FREEZING RAIN              0
LT FREEZING RAIN          0     HAIL                       M
HEAVY SNOW                0     SNOW                       0
LIGHT SNOW                0     SLEET                      M
FOG                      13     FOG W/VIS <= 1/4 MILE      4
HAZE                      1

-  INDICATES NEGATIVE NUMBERS.
R  INDICATES RECORD WAS SET OR TIED.
MM INDICATES DATA IS MISSING.
T  INDICATES TRACE AMOUNT.

$$
