000
CXUS52 KTBW 021251
CLMFMY


CLIMATE REPORT
NATIONAL WEATHER SERVICE TAMPA BAY FL
850 AM EDT TUE JUL 2 2019

...................................

...THE FORT MYERS CLIMATE SUMMARY FOR THE MONTH OF JUNE 2019...

CLIMATE NORMAL PERIOD 1981 TO 2010
CLIMATE RECORD PERIOD 1902 TO 2019

WEATHER         OBSERVED          NORMAL  DEPART  LAST YEAR`S
                 VALUE   DATE(S)  VALUE   FROM    VALUE  DATE(S)
                                          NORMAL
................................................................
TEMPERATURE (F)
ALL-TIME JUNE RECORD
 HIGH             103   06/17/1981
                        06/16/1981
 LOW               60   06/01/1984
                        06/03/1916

JUNE 2019
HIGHEST            98   06/26        MM      MM       95  06/20
                        06/25
LOWEST             70   06/28        MM      MM       71  06/12
                        06/16
AVG. MAXIMUM     90.9E             91.5    -0.6     91.3
AVG. MINIMUM     75.1E             73.5     1.6     75.5
MEAN             83.0E             82.5     0.5     83.4
DAYS MAX >= 90     20              21.3    -1.3       20
DAYS MAX <= 32      0               0.0     0.0        0
DAYS MIN <= 32      0               0.0     0.0        0
DAYS MIN <= 0       0               0.0     0.0        0

PRECIPITATION (INCHES)
ALL-TIME JUNE RECORD
 MAXIMUM        27.61   1912
 MINIMUM         1.99   1980

JUNE 2019
TOTALS           6.12             10.09   -3.97     7.52
DAILY AVG.       0.20              0.34   -0.14     0.25
DAYS >= .01        16              16.0     0.0       10
DAYS >= .10        11              11.7    -0.7        8
DAYS >= .50         3               6.1    -3.1        6
DAYS >= 1.00        2               3.6    -1.6        4
GREATEST
 24 HR. TOTAL    1.77   06/28 TO 06/28

DEGREE_DAYS
HEATING TOTAL       0                 0       0        0
 SINCE 7/1        196               287     -91      208
COOLING TOTAL     457               525     -68      449
 SINCE 1/1       1767              1591     176     1768
.................................................................

WIND (MPH)
AVERAGE WIND SPEED              5.9
HIGHEST WIND SPEED/DIRECTION    33/030    DATE  06/26
HIGHEST GUST SPEED/DIRECTION    44/040    DATE  06/26

SKY COVER (DOES NOT INCLUDE ANY CLOUDS ABOVE 12000 FEET)
POSSIBLE SUNSHINE (PERCENT)   MM
AVERAGE SKY COVER           0.20
NUMBER OF DAYS FAIR           27
NUMBER OF DAYS PC              3
NUMBER OF DAYS CLOUDY          0

AVERAGE RH (PERCENT)     74

WEATHER CONDITIONS. NUMBER OF DAYS WITH
THUNDERSTORM             17     MIXED PRECIP                0
HEAVY RAIN                9     RAIN                       12
LIGHT RAIN               19     FREEZING RAIN               0
LT FREEZING RAIN          0     HAIL                        0
HEAVY SNOW                0     SNOW                        0
LIGHT SNOW                0     SLEET                       0
FOG                      17     FOG W/VIS <= 1/4 MILE       0
HAZE                      2
.................................................................

REMARKS
THE JUNE 2019 MONTHLY AVERAGE TEMPERATURE WAS ESTIMATED AND NOT
CONSIDERED OFFICIAL BECAUSE SEVERAL DAYS WERE MISSING. THE
WARMEST JUNE HAD AN AVERAGE TEMPERATURE OF 85.9 DEGREES WHICH
OCCURRED IN 1981 AND THE COOLEST JUNE HAD AN AVERAGE TEMPERATURE
OF 78.5 DEGREES IN 1908.

THE JUNE 2019 MONTHLY RAINFALL TOTAL OF 6.12 INCHES RANKS AS
THE 94TH WETTEST/25TH DRIEST JUNE SINCE RECORDS BEGAN IN 1902.


E  INDICATES ESTIMATED VALUE (SEVERAL DAYS WERE MISSING
-  INDICATES NEGATIVE NUMBERS.
R  INDICATES RECORD WAS SET OR TIED.
MM INDICATES DATA IS MISSING.
T  INDICATES TRACE AMOUNT.

$$
