000
CXUS52 KTBW 031330
CLMFMY


CLIMATE REPORT
NATIONAL WEATHER SERVICE TAMPA BAY FL
930 AM EDT FRI MAY 3 2019

...................................

...THE FORT MYERS CLIMATE SUMMARY FOR THE MONTH OF APRIL 2019...

CLIMATE NORMAL PERIOD 1981 TO 2010
CLIMATE RECORD PERIOD 1902 TO 2019

WEATHER         OBSERVED          NORMAL  DEPART  LAST YEAR`S
                 VALUE   DATE(S)  VALUE   FROM    VALUE  DATE(S)
                                          NORMAL
................................................................
TEMPERATURE (F)
ALL-TIME APRIL RECORD
 HIGH              96   04/28/2017
                        04/30/1986
                        04/30/1975
 LOW               39   04/08/1950

APRIL 2019
HIGHEST            91   04/30        MM      MM       92  04/21
                        04/07
LOWEST             56   04/22        MM      MM       57  04/18
                                                          04/17
AVG. MAXIMUM     85.2              84.6     0.6     87.4
AVG. MINIMUM     65.2              63.1     2.1     66.4
MEAN             75.2              73.8     1.4     76.9
DAYS MAX >= 90      3               3.0     0.0        6
DAYS MAX <= 32      0               0.0     0.0        0
DAYS MIN <= 32      0               0.0     0.0        0
DAYS MIN <= 0       0               0.0     0.0        0

PRECIPITATION (INCHES)
ALL-TIME APRIL RECORD
 MAXIMUM         8.42   1939
 MINIMUM            T   1970
                        1967
                        1903

APRIL 2019
TOTALS           2.28              2.18    0.10     0.98
DAILY AVG.       0.08              0.07    0.01     0.03
DAYS >= .01         5               4.2     0.8        3
DAYS >= .10         4               3.1     0.9        3
DAYS >= .50         2               1.4     0.6        1
DAYS >= 1.00        1               0.6     0.4        0
GREATEST
 24 HR. TOTAL    1.16   04/19 TO 04/19

DEGREE_DAYS
HEATING TOTAL       0                 3      -3        0
 SINCE 7/1        196               287     -91      208
COOLING TOTAL     317               269      48      363
 SINCE 1/1        822               630     192      873
.................................................................

WIND (MPH)
AVERAGE WIND SPEED              7.8
HIGHEST WIND SPEED/DIRECTION    31/280    DATE  04/19
HIGHEST GUST SPEED/DIRECTION    46/280    DATE  04/19

SKY COVER (DOES NOT INCLUDE ANY CLOUDS ABOVE 12000 FEET)
POSSIBLE SUNSHINE (PERCENT)   MM
AVERAGE SKY COVER           0.20
NUMBER OF DAYS FAIR           21
NUMBER OF DAYS PC              9
NUMBER OF DAYS CLOUDY          0

AVERAGE RH (PERCENT)     69

WEATHER CONDITIONS. NUMBER OF DAYS WITH
THUNDERSTORM              2     MIXED PRECIP                0
HEAVY RAIN                3     RAIN                        3
LIGHT RAIN                8     FREEZING RAIN               0
LT FREEZING RAIN          0     HAIL                        0
HEAVY SNOW                0     SNOW                        0
LIGHT SNOW                0     SLEET                       0
FOG                       5     FOG W/VIS <= 1/4 MILE       0
HAZE                      1
.................................................................

REMARKS
THE APRIL 2019 MONTHLY AVERAGE TEMPERATURE OF 75.2 DEGREES TIES
WITH 1995 AND 1948 AS THE 25TH WARMEST/92ND COOLEST APRIL SINCE
RECORDS BEGAN IN 1902. THE WARMEST APRIL HAD AN AVERAGE
TEMPERATURE OF 78.8 DEGREES WHICH OCCURRED IN 2015 AND THE
COOLEST APRIL HAD AN AVERAGE TEMPERATURE OF 68.5 DEGREES IN 1950.

THE APRIL 2019 MONTHLY RAINFALL TOTAL OF 2.28 INCHES TIES WITH
1953 AS THE 42ND WETTEST/76TH DRIEST APRIL SINCE RECORDS BEGAN
IN 1902.


-  INDICATES NEGATIVE NUMBERS.
R  INDICATES RECORD WAS SET OR TIED.
MM INDICATES DATA IS MISSING.
T  INDICATES TRACE AMOUNT.

$$
