000
CXUS53 KDTX 102139 RRA
CLMFNT

CLIMATE REPORT
NATIONAL WEATHER SERVICE DETROIT/PONTIAC MI
538 PM EDT FRI MAY 10 2019

...................................

...THE FLINT MI CLIMATE SUMMARY FOR THE MONTH OF APRIL 2019...

CLIMATE NORMAL PERIOD 1981 TO 2010
CLIMATE RECORD PERIOD 1921 TO 2019

WEATHER         OBSERVED          NORMAL  DEPART
                 VALUE   DATE(S)  VALUE   FROM
                                          NORMAL
................................................
TEMPERATURE (F)
RECORD
 HIGH              88   04/24/1925
                        04/23/1925
 LOW                6   04/07/1982
HIGHEST            74   04/22        MM      MM
LOWEST             20   04/01        MM      MM
AVG. MAXIMUM     55.5              57.3    -1.8
AVG. MINIMUM     36.8              35.5     1.3
MEAN             46.2              46.4    -0.2
DAYS MAX >= 90      0               0.0     0.0
DAYS MAX <= 32      0               0.3    -0.3
DAYS MIN <= 32      5              11.1    -6.1
DAYS MIN <= 0       0               0.0     0.0

PRECIPITATION (INCHES)
RECORD
 MAXIMUM         6.44   2013
 MINIMUM         0.62   1942
TOTALS           3.80              2.89    0.91
DAILY AVG.       0.13              0.10    0.03
DAYS >= .01        16              12.6     3.4
DAYS >= .10        11               6.8     4.2
DAYS >= .50         3               1.4     1.6
DAYS >= 1.00        0               0.4    -0.4
GREATEST
 24 HR. TOTAL    0.56   04/29 TO 04/29
 STORM TOTAL       MM
 (MM/DD(HH))            MM

SNOWFALL (INCHES)
RECORDS
 TOTAL           17.3   1975
                        0
                        0
TOTALS            2.1               2.3    -0.2
 LIQUID EQUIV    0.21              0.20    0.01
SINCE 7/1        52.4              47.4     5.0
 LIQUID 7/1      5.24
DAYS >= TRACE       5               2.3     2.7
DAYS >= 1.0         1               0.6     0.4
GREATEST
 SNOW DEPTH         2   04/11
 24 HR TOTAL      1.7   04/11 TO 04/11
 STORM TOTAL       MM
 (MM/DD(HH))            MM

DEGREE_DAYS
HEATING TOTAL     557               562      -5
 SINCE 7/1       6688              6607      81
COOLING TOTAL       0                 4      -4
 SINCE 1/1          0                 4      -4

FREEZE DATES
RECORD
 EARLIEST     MM
 LATEST       MM
EARLIEST                        MM
LATEST                          MM
.................................................

WIND (MPH)
AVERAGE WIND SPEED              10.9
HIGHEST WIND SPEED/DIRECTION    33/310    DATE  04/26
HIGHEST GUST SPEED/DIRECTION    42/320    DATE  04/26

SKY COVER
POSSIBLE SUNSHINE (PERCENT)   MM
AVERAGE SKY COVER           0.60
NUMBER OF DAYS FAIR            8
NUMBER OF DAYS PC             12
NUMBER OF DAYS CLOUDY         10

AVERAGE RH (PERCENT)     66



-  INDICATES NEGATIVE NUMBERS.
R  INDICATES RECORD WAS SET OR TIED.
MM INDICATES DATA IS MISSING.
T  INDICATES TRACE AMOUNT.

$$
