000
CXUS52 KMLB 011619
CLMFPR


CLIMATE REPORT
NATIONAL WEATHER SERVICE MELBOURNE FL
1047 AM EDT THU AUG 1 2019

...................................

...THE FORT PIERCE CLIMATE SUMMARY FOR THE MONTH OF JULY 2019...

CLIMATE NORMAL PERIOD 1981 TO 2010
CLIMATE RECORD PERIOD 1901 TO 2019

WEATHER         OBSERVED          NORMAL  DEPART  LAST YEAR`S
                 VALUE   DATE(S)  VALUE   FROM    VALUE
                                          NORMAL
.............................................................
TEMPERATURE (F)
MONTHLY RECORD
 HOTTEST         84.0   1932
 COOLEST         78.5   1910
DAILY RECORD
 HIGH             101   07/20/1993
                        07/23/1989
 LOW               61   07/06/1903
JULY 2019
HIGHEST            95   07/24                         96
LOWEST             71   07/27                         69
                        07/26
                        07/22
AVG. MAXIMUM     90.5              90.1     0.4     90.9
AVG. MINIMUM     73.1              72.7     0.4     72.9
MEAN             81.8              81.4     0.4     81.9
DAYS MAX >= 90     23              16.0     7.0       20
DAYS MAX <= 32      0               0.0     0.0        0
DAYS MIN <= 32      0               0.0     0.0        0
DAYS MIN <= 0       0               0.0     0.0        0

PRECIPITATION (INCHES)
MONTHLY RECORD
 MAXIMUM        13.17   1991
 MINIMUM         0.75   1912
DAILY RECORD
 MAXIMUM         4.50   07/09/1909
JULY 2019
TOTALS           5.37              6.07   -0.70     7.21
DAYS >= .01        17                                 13
DAYS >= .10        11                                  8
DAYS >= .50         5                                  4
DAYS >= 1.00        1                                  2
GREATEST
 24 HR. TOTAL    1.12   07/08 TO 07/08

SNOWFALL (INCHES)
TOTALS            0.0                                0.0
SINCE 7/1         0.0                                0.0
DAYS >= TRACE       0                MM      MM        0

DEGREE_DAYS
HEATING TOTAL       0                 0       0        0
 SINCE 7/1          0                 0       0        0
COOLING TOTAL     530               508      22      533
 SINCE 1/1       1998              1751     247     1921
..............................................................

WIND (MPH)
AVERAGE WIND SPEED              4.9
HIGHEST WIND SPEED/DIRECTION    30/120    DATE  07/06
HIGHEST GUST SPEED/DIRECTION    38/110    DATE  07/06

SKY COVER
POSSIBLE SUNSHINE (PERCENT)   MM
AVERAGE SKY COVER           0.20
NUMBER OF DAYS FAIR           30
NUMBER OF DAYS PC              1
NUMBER OF DAYS CLOUDY          0

AVERAGE RH (PERCENT)     75

WEATHER CONDITIONS. NUMBER OF DAYS WITH
THUNDERSTORM             21     MIXED PRECIP                0
HEAVY RAIN               11     RAIN                       10
LIGHT RAIN               16     LT FREEZING RAIN            0
HAIL                      0     LIGHT SNOW                  0
SLEET                     0     FOG                        13
FOG W/VIS <= 1/4 MILE     1     HAZE                        1

-  INDICATES NEGATIVE NUMBERS.
R  INDICATES RECORD WAS SET OR TIED.
MM INDICATES DATA IS MISSING.
T  INDICATES TRACE AMOUNT.

$$
