000
CXUS52 KMLB 011227
CLMFPR


CLIMATE REPORT
NATIONAL WEATHER SERVICE MELBOURNE FL
731 AM EDT WED MAY 1 2019

...................................

...THE FORT PIERCE CLIMATE SUMMARY FOR THE MONTH OF APRIL 2019...

CLIMATE NORMAL PERIOD 1981 TO 2010
CLIMATE RECORD PERIOD 1901 TO 2019

WEATHER         OBSERVED          NORMAL  DEPART  LAST YEAR`S
                 VALUE   DATE(S)  VALUE   FROM    VALUE
                                          NORMAL
.............................................................
TEMPERATURE (F)
MONTHLY RECORD
 HOTTEST        77.1   1947
 COLDEST        66.3   1987
DAILY RECORD
 HIGH              97   04/30/1971
 LOW               42   04/25/2012
APRIL 2019
HIGHEST            88   04/26                         91
                        04/14
LOWEST             50   04/21                         47
AVG. MAXIMUM     83.3              81.4     1.9     82.5
AVG. MINIMUM     62.0              60.9     1.1     61.3
MEAN             72.7              71.1     1.6     71.9
DAYS MAX >= 90      0               0.8    -0.8        2
DAYS MAX <= 32      0               0.0     0.0        0
DAYS MIN <= 32      0               0.0     0.0        0
DAYS MIN <= 0       0               0.0     0.0        0

PRECIPITATION (INCHES)
MONTHLY RECORD
 MAXIMUM        11.16   1931
 MINIMUM         0.00   1903
DAILY RECORD
 MAXIMUM         5.92   04/17/1933
APRIL 2019
TOTALS           2.57              2.66   -0.09     4.00
DAYS >= .01         6                                  9
DAYS >= .10         3                                  8
DAYS >= .50         2                                  4
DAYS >= 1.00        1                                  0
GREATEST
 24 HR. TOTAL    1.49   04/19 TO 04/19

SNOWFALL (INCHES)
TOTALS            0.0                                0.0
SINCE 7/1         0.0                                0.0
DAYS >= TRACE       0                MM      MM        0

DEGREE_DAYS
HEATING TOTAL       0                13     -13        4
 SINCE 7/1        292               441    -149      387
COOLING TOTAL     237               198      39      218
 SINCE 1/1        578               443     135      565
..............................................................

WIND (MPH)
AVERAGE WIND SPEED              8.2
HIGHEST WIND SPEED/DIRECTION    43/250    DATE  04/19
HIGHEST GUST SPEED/DIRECTION    52/230    DATE  04/19

SKY COVER
POSSIBLE SUNSHINE (PERCENT)   MM
AVERAGE SKY COVER           0.30
NUMBER OF DAYS FAIR           20
NUMBER OF DAYS PC             10
NUMBER OF DAYS CLOUDY          0

AVERAGE RH (PERCENT)     71

WEATHER CONDITIONS. NUMBER OF DAYS WITH

THUNDERSTORM              2     MIXED PRECIP                0
HEAVY RAIN                2     RAIN                        2
LIGHT RAIN               11     FREEZING RAIN               0
LT FREEZING RAIN          0     HAIL                        0
HEAVY SNOW                0     SNOW                        0
LIGHT SNOW                0     SLEET                       0
FOG                       7     FOG W/VIS <= 1/4 MILE       2
HAZE                      1

-  INDICATES NEGATIVE NUMBERS.
R  INDICATES RECORD WAS SET OR TIED.
MM INDICATES DATA IS MISSING.
T  INDICATES TRACE AMOUNT.

$$
