000
CXUS54 KTSA 011132
CLMFSM

CLIMATE REPORT
NATIONAL WEATHER SERVICE TULSA OK
631 AM CDT WED MAY 1 2019

...................................

...THE FORT SMITH ARKANSAS CLIMATE SUMMARY FOR THE MONTH OF APRIL 2019...

CLIMATE NORMAL PERIOD 1981 TO 2010
CLIMATE RECORD PERIOD 1882 TO 2019

WEATHER         OBSERVED          NORMAL  DEPART  LAST YEAR`S
                 VALUE   DATE(S)  VALUE   FROM    VALUE  DATE(S)
                                          NORMAL
................................................................
TEMPERATURE (F)
RECORD
 HIGH              96   04/18/2006
 LOW               22   04/03/1975
HIGHEST            90   04/10        95      -5       84
LOWEST             35   04/02        22      13       31
AVG. MAXIMUM     75.4              73.7     1.7     68.6
AVG. MINIMUM     51.2              49.5     1.7     44.5
MEAN             63.3              61.6     1.7     56.5
DAYS MAX >= 90      1
DAYS MAX <= 32      0
DAYS MIN <= 32      0
DAYS MIN <= 0       0

PRECIPITATION (INCHES)
RECORD
 MAXIMUM        10.32   1957
 MINIMUM         0.36   1903
TOTALS           6.71              4.30    2.41     3.63
DAILY AVG.       0.22              0.14    0.08     0.12
DAYS >= .01        11               9.1     1.9        8
DAYS >= .10        10               6.1     3.9        6
DAYS >= .50         5               2.7     2.3        3
DAYS >= 1.00        3               1.3     1.7        2
GREATEST
 24 HR. TOTAL    1.97   04/13 TO 04/13

SNOWFALL (INCHES)
RECORDS
 TOTAL            0.7   1933
TOTALS            0.0               0.0     0.0      0.0
SINCE 7/1         1.0               4.9    -3.9        T
SNOWDEPTH AVG.      0                MM      MM        0
DAYS >= 1.0         0               0.0     0.0        0
GREATEST
 SNOW DEPTH         0   MM                             0  MM
 24 HR TOTAL      0.0   04/30 TO 04/30

DEGREE_DAYS
HEATING TOTAL     110               156     -46      259
 SINCE 7/1       3193              3215     -22     3046
COOLING TOTAL      66                54      12       12
 SINCE 1/1         69                66       3       20
.................................................................

WIND (MPH)
AVERAGE WIND SPEED              7.1
HIGHEST WIND SPEED/DIRECTION    31/240    DATE  04/27
HIGHEST GUST SPEED/DIRECTION    37/240    DATE  04/27

SKY COVER
POSSIBLE SUNSHINE (PERCENT)   MM
AVERAGE SKY COVER           0.30
NUMBER OF DAYS FAIR           18
NUMBER OF DAYS PC             10
NUMBER OF DAYS CLOUDY          2

AVERAGE RH (PERCENT)     64

WEATHER CONDITIONS. NUMBER OF DAYS WITH
THUNDERSTORM              9     MIXED PRECIP                0
HEAVY RAIN                6     RAIN                        9
LIGHT RAIN               12     FREEZING RAIN               0
LT FREEZING RAIN          0     HAIL                        0
HEAVY SNOW                0     SNOW                        0
LIGHT SNOW                0     SLEET                       0
FOG                      13     FOG W/VIS <= 1/4 MILE       2
HAZE                      2

-  INDICATES NEGATIVE NUMBERS.
R  INDICATES RECORD WAS SET OR TIED.
MM INDICATES DATA IS MISSING.
T  INDICATES TRACE AMOUNT.

&&
-------------------------------------------------------------------
 YEARLY PRECIPITATION (INCHES):
 TOTAL.....................18.56
 DEPARTURE FROM NORMAL.....+4.84
$$
