531
CXUS54 KTSA 011525
CLMFSM

CLIMATE REPORT
NATIONAL WEATHER SERVICE TULSA OK
1025 AM CDT THU AUG 1 2019

...................................

...THE FORT SMITH ARKANSAS CLIMATE SUMMARY FOR THE MONTH OF JULY 2019...

CLIMATE NORMAL PERIOD 1981 TO 2010
CLIMATE RECORD PERIOD 1882 TO 2019

WEATHER         OBSERVED          NORMAL  DEPART  LAST YEAR`S
                 VALUE   DATE(S)  VALUE   FROM    VALUE  DATE(S)
                                          NORMAL
................................................................
TEMPERATURE (F)
RECORD
 HIGH             111   07/14/1954
                        07/13/1954
 LOW               50   07/06/1972
HIGHEST            97   07/21       111     -14      108
                        07/19
LOWEST             65   07/26        50      15       65
                        07/24
AVG. MAXIMUM     91.4              93.0    -1.6     95.3
AVG. MINIMUM     72.1              71.6     0.5     74.0
MEAN             81.7              82.3    -0.6     84.7
DAYS MAX >= 90     22
DAYS MAX <= 32      0
DAYS MIN <= 32      0
DAYS MIN <= 0       0

PRECIPITATION (INCHES)
RECORD
 MAXIMUM        14.99   1895
 MINIMUM         0.07   2001
TOTALS           3.33              3.30    0.03     2.31
DAILY AVG.       0.11              0.11    0.00     0.07
DAYS >= .01        10               6.5     3.5        9
DAYS >= .10         6               4.7     1.3        4
DAYS >= .50         3               2.1     0.9        3
DAYS >= 1.00        0               0.9    -0.9        0
GREATEST
 24 HR. TOTAL    0.90   07/10 TO 07/10

DEGREE_DAYS
COOLING TOTAL     525               536     -11      620
 SINCE 1/1       1212              1165      47     1538
.................................................................

WIND (MPH)
AVERAGE WIND SPEED              5.4
HIGHEST WIND SPEED/DIRECTION    41/010    DATE  07/10
HIGHEST GUST SPEED/DIRECTION    52/010    DATE  07/10

SKY COVER
POSSIBLE SUNSHINE (PERCENT)   MM
AVERAGE SKY COVER           0.20
NUMBER OF DAYS FAIR           25
NUMBER OF DAYS PC              5
NUMBER OF DAYS CLOUDY          1

AVERAGE RH (PERCENT)     75

WEATHER CONDITIONS. NUMBER OF DAYS WITH
THUNDERSTORM              7     MIXED PRECIP                0
HEAVY RAIN                6     RAIN                        7
LIGHT RAIN                8     FREEZING RAIN               0
LT FREEZING RAIN          0     HAIL                        0
HEAVY SNOW                0     SNOW                        0
LIGHT SNOW                0     SLEET                       0
FOG                      19     FOG W/VIS <= 1/4 MILE       1
HAZE                      4

-  INDICATES NEGATIVE NUMBERS.
R  INDICATES RECORD WAS SET OR TIED.
MM INDICATES DATA IS MISSING.
T  INDICATES TRACE AMOUNT.

&&
-------------------------------------------------------------------
 YEARLY PRECIPITATION (INCHES):
 TOTAL.....................38.37
 DEPARTURE FROM NORMAL.....+11.60
$$
