733
CXUS56 KSGX 011453
CLMFUL


CLIMATE REPORT
NATIONAL WEATHER SERVICE SAN DIEGO, CA
752 AM PDT THU AUG 1 2019

...................................

...THE FULLERTON AIRPORT CA CLIMATE SUMMARY FOR THE MONTH OF JULY 2019...

CLIMATE NORMAL PERIOD 1981 TO 2010
CLIMATE RECORD PERIOD 1998 TO 2019

WEATHER         OBSERVED          NORMAL  DEPART  LAST YEAR`S
                 VALUE   DATE(S)  VALUE   FROM    VALUE  DATE(S)
                                          NORMAL
................................................................
TEMPERATURE (F)
RECORD
 HIGH             116   07/06/2018
 LOW               58   07/28/2010
                        07/12/2001
                        07/24/1999
HIGHEST            98   07/23        84      14      116  07/06
LOWEST             63   07/21        62       1       64  07/05
                        07/16                             07/01
                        07/11
AVG. MAXIMUM     84.1              83.2     0.9     90.9
AVG. MINIMUM     66.0              64.5     1.5     70.0
MEAN             75.1              73.8     1.3     80.4
DAYS MAX >= 90      5               3.3     1.7       17
DAYS MAX <= 32      0               0.0     0.0        0
DAYS MIN <= 32      0               0.0     0.0        0

PRECIPITATION (INCHES)
RECORD
 MAXIMUM         0.48   2015
 MINIMUM         0.00   2018
                        2017
                        2016
TOTALS              T              0.04   -0.04     0.00
DAILY AVG.          T              0.00    0.00     0.00
DAYS >= .01         0                MM      MM        0
DAYS >= .10         0                MM      MM        0
DAYS >= .50         0                MM      MM        0
DAYS >= 1.00        0                MM      MM        0
GREATEST
 24 HR. TOTAL       T   07/25 TO 07/25           07/31 TO 07/31
                        07/23 TO 07/23                    07/30 TO 07/30EATHER         OBSERVED          NORMAL  DEPART  LAST YEAR`S
                                                          07/29 TO 07/29EATHER         OBSERVED          NORMAL  DEPART  LAST YEAR`S
 STORM TOTAL       MM                                 MM
 (MM/DD(HH))            MM                    07/31(00) TO 07/31(00)
                                                 07/30(00) TO 07/30(00)9EATHER         OBSERVED          NORMAL  DEPART  LAST YEAR`S
                                                 07/29(00) TO 07/29(00)9EATHER         OBSERVED          NORMAL  DEPART  LAST YEAR`S

DEGREE_DAYS
HEATING TOTAL       0                 0       0        0
 SINCE 7/1          0                 0       0        0
COOLING TOTAL     318               274      44      488
 SINCE 1/1        579               542      37      852

FREEZE DATES
RECORD
 EARLIEST     MM
 LATEST       MM
EARLIEST                        MM
LATEST                          MM
.................................................................

WIND (MPH)
AVERAGE WIND SPEED              4.0
RESULTANT WIND SPEED/DIRECTION   3/179
HIGHEST WIND SPEED/DIRECTION    14/190    DATE  07/24
HIGHEST GUST SPEED/DIRECTION    20/190    DATE  07/06

SKY COVER
POSSIBLE SUNSHINE (PERCENT)   MM
AVERAGE SKY COVER           0.30
NUMBER OF DAYS FAIR           18
NUMBER OF DAYS PC             13
NUMBER OF DAYS CLOUDY          0

AVERAGE RH (PERCENT)     62

WEATHER CONDITIONS. NUMBER OF DAYS WITH
  0
  0
  0
  0
  0
  0
  1
HAZE                     11

-  INDICATES NEGATIVE NUMBERS.
R  INDICATES RECORD WAS SET OR TIED.
MM INDICATES DATA IS MISSING.
T  INDICATES TRACE AMOUNT.

$$
