899
CXUS51 KCAR 020331
CLMFVE


CLIMATE REPORT
NATIONAL WEATHER SERVICE CARIBOU, ME
1131 PM EDT MON JUL 1 2019

...................................

...THE FRENCHVILLE ME CLIMATE SUMMARY FOR THE MONTH OF JUNE 2019...

CLIMATE NORMAL PERIOD 1981 TO 2010
CLIMATE RECORD PERIOD 9999 TO 9999

WEATHER         OBSERVED          NORMAL  DEPART  LAST YEAR`S
                 VALUE   DATE(S)  VALUE   FROM    VALUE  DATE(S)
                                          NORMAL
................................................................
TEMPERATURE (F)
RECORD
 HIGH              MM   MM
 LOW               MM   MM
HIGHEST            79   06/28        MM      MM       86  06/27
                        06/19
LOWEST             42   06/09        MM      MM       35  06/11
                        06/07
                        06/04
AVG. MAXIMUM     70.6              69.2     1.4     69.3
AVG. MINIMUM     50.2              49.3     0.9     48.7
MEAN             60.4              59.3     1.1     59.0
DAYS MAX >= 90      0               0.1    -0.1        0
DAYS MAX <= 32      0               0.0     0.0        0
DAYS MIN <= 32      0               0.0     0.0        0
DAYS MIN <= 0       0               0.0     0.0        0

PRECIPITATION (INCHES)
RECORD
 MAXIMUM           MM   MM
 MINIMUM           MM   MM
TOTALS           2.99              3.85   -0.86     2.01
DAILY AVG.       0.10              0.13   -0.03     0.07
DAYS >= .01        18                MM      MM       12
DAYS >= .10         7                MM      MM        8
DAYS >= .50         3                MM      MM        1
DAYS >= 1.00        0                MM      MM        0
GREATEST
 24 HR. TOTAL    0.54   06/14 TO 06/14           06/14 TO 06/14
                                                          06/14 TO 06/14EATHER         OBSERVED          NORMAL  DEPART  LAST YEAR`S
                                                          06/14 TO 06/14EATHER         OBSERVED          NORMAL  DEPART  LAST YEAR`S
 STORM TOTAL       MM                                 MM
 (MM/DD(HH))            MM                    06/14(00) TO 06/14(00)
                                                 06/14(00) TO 06/14(00)4EATHER         OBSERVED          NORMAL  DEPART  LAST YEAR`S
                                                 06/14(00) TO 06/14(00)4EATHER         OBSERVED          NORMAL  DEPART  LAST YEAR`S

SNOWFALL (INCHES)
RECORDS
 TOTAL             MM   MM
TOTALS             MM                MM      MM       MM
SINCE 7/1          MM                MM      MM       MM
SNOWDEPTH AVG.     MM                MM      MM       MM
DAYS >= 1.0         0                MM      MM        0
GREATEST
 SNOW DEPTH        MM                                 MM  MM
 24 HR TOTAL       MM                                 MM

DEGREE_DAYS
HEATING TOTAL     143               197     -54      202
 SINCE 7/1       9491              9784    -293     9432
COOLING TOTAL      13                24     -11       30
 SINCE 1/1         13                28     -15       35
.................................................................

WIND (MPH)
AVERAGE WIND SPEED              8.7
HIGHEST WIND SPEED/DIRECTION    33/330    DATE  06/23
HIGHEST GUST SPEED/DIRECTION    44/330    DATE  06/23

SKY COVER
POSSIBLE SUNSHINE (PERCENT)   MM
AVERAGE SKY COVER           0.50
NUMBER OF DAYS FAIR           10
NUMBER OF DAYS PC             12
NUMBER OF DAYS CLOUDY          8

AVERAGE RH (PERCENT)     60

WEATHER CONDITIONS. NUMBER OF DAYS WITH
  0
  8
  0
  0
  0
  0
  6
HAZE                      3

-  INDICATES NEGATIVE NUMBERS.
R  INDICATES RECORD WAS SET OR TIED.
MM INDICATES DATA IS MISSING.
T  INDICATES TRACE AMOUNT.

$$
