000
CXUS51 KCAR 012146
CLMFVE


CLIMATE REPORT
NATIONAL WEATHER SERVICE CARIBOU, ME
543 PM EDT WED MAY 1 2019

...................................

...THE FRENCHVILLE ME CLIMATE SUMMARY FOR THE MONTH OF APRIL 2019...

CLIMATE NORMAL PERIOD 1981 TO 2010
CLIMATE RECORD PERIOD 9999 TO 9999

WEATHER         OBSERVED          NORMAL  DEPART  LAST YEAR`S
                 VALUE   DATE(S)  VALUE   FROM    VALUE  DATE(S)
                                          NORMAL
................................................................
TEMPERATURE (F)
RECORD
 HIGH              MM   MM
 LOW               MM   MM
HIGHEST            63   04/21        MM      MM       65  04/24
                        04/13
LOWEST             16   04/05        MM      MM        8  04/06
AVG. MAXIMUM     44.2              45.1    -0.9     43.1
AVG. MINIMUM     30.7              28.8     1.9     27.4
MEAN             37.4              37.0     0.4     35.2
DAYS MAX >= 90      0               0.0     0.0        0
DAYS MAX <= 32      4               1.8     2.2        4
DAYS MIN <= 32     16              20.0    -4.0       20
DAYS MIN <= 0       0               0.1    -0.1        0

PRECIPITATION (INCHES)
RECORD
 MAXIMUM           MM   MM
 MINIMUM           MM   MM
TOTALS           2.70              2.81   -0.11     3.79
DAILY AVG.       0.09              0.09    0.00     0.13
DAYS >= .01        16                MM      MM       15
DAYS >= .10         8                MM      MM        7
DAYS >= .50         1                MM      MM        3
DAYS >= 1.00        0                MM      MM        1
GREATEST
 24 HR. TOTAL    0.83   04/20 TO 04/20           04/26 TO 04/26
                                                          04/26 TO 04/26EATHER         OBSERVED          NORMAL  DEPART  LAST YEAR`S
                                                          04/26 TO 04/26EATHER         OBSERVED          NORMAL  DEPART  LAST YEAR`S
 STORM TOTAL       MM                                 MM
 (MM/DD(HH))            MM                    04/26(00) TO 04/26(00)
                                                 04/26(00) TO 04/26(00)6EATHER         OBSERVED          NORMAL  DEPART  LAST YEAR`S
                                                 04/26(00) TO 04/26(00)6EATHER         OBSERVED          NORMAL  DEPART  LAST YEAR`S

SNOWFALL (INCHES)
RECORDS
 TOTAL             MM   MM
TOTALS             MM                MM      MM       MM
SINCE 7/1          MM                MM      MM       MM
SNOWDEPTH AVG.     MM                MM      MM        0
DAYS >= 1.0         0                MM      MM        0
GREATEST
 SNOW DEPTH        MM                                  0  MM
 24 HR TOTAL       MM                                 MM

DEGREE_DAYS
HEATING TOTAL     820               841     -21      888
 SINCE 7/1       8863              9132    -269     8852
COOLING TOTAL       0                 0       0        0
 SINCE 1/1          0                 0       0        0
.................................................................

WIND (MPH)
AVERAGE WIND SPEED              11.5
HIGHEST WIND SPEED/DIRECTION    45/290    DATE  04/04
HIGHEST GUST SPEED/DIRECTION    59/280    DATE  04/04

SKY COVER
POSSIBLE SUNSHINE (PERCENT)   MM
AVERAGE SKY COVER           0.60
NUMBER OF DAYS FAIR            8
NUMBER OF DAYS PC              8
NUMBER OF DAYS CLOUDY         14

AVERAGE RH (PERCENT)     61

WEATHER CONDITIONS. NUMBER OF DAYS WITH
  0
  6
  0
  0
  4
  0
  8
HAZE                     12

-  INDICATES NEGATIVE NUMBERS.
R  INDICATES RECORD WAS SET OR TIED.
MM INDICATES DATA IS MISSING.
T  INDICATES TRACE AMOUNT.

$$
