000
CXUS54 KTSA 021400
CLMFYV

CLIMATE REPORT
NATIONAL WEATHER SERVICE TULSA OK
859 AM CDT MON APR 2 2018

...................................

...THE FAYETTEVILLE ARKANSAS CLIMATE SUMMARY FOR THE MONTH OF MARCH 2018...

CLIMATE NORMAL PERIOD 1981 TO 2010
CLIMATE RECORD PERIOD 1905 TO 2018

WEATHER         OBSERVED          NORMAL  DEPART  LAST YEAR`S
                 VALUE   DATE(S)  VALUE   FROM    VALUE  DATE(S)
                                          NORMAL
................................................................
TEMPERATURE (F)
RECORD
 HIGH              89   03/22/1995
                        03/31/1974
 LOW                0   03/04/2002
HIGHEST            78   03/16        96     -18       85  03/20
LOWEST             21   03/14         1      20       23  03/03
                        03/08                             03/02
AVG. MAXIMUM     62.6              60.1     2.5     64.5
AVG. MINIMUM     36.9              36.2     0.7     40.9
MEAN             49.7              48.1     1.6     52.7
DAYS MAX >= 90      0               0.0     0.0        0
DAYS MAX <= 32      0               0.3    -0.3        0
DAYS MIN <= 32     11              11.9    -0.9       10
DAYS MIN <= 0       0               0.0     0.0        0

PRECIPITATION (INCHES)
RECORD
 MAXIMUM        10.05   2008
 MINIMUM         0.58   2001
TOTALS           5.40              3.95    1.45     5.95
DAILY AVG.       0.17              0.13    0.04     0.19
DAYS >= .01        11              10.3     0.7       13
DAYS >= .10         5               6.8    -1.8        7
DAYS >= .50         2               2.9    -0.9        5
DAYS >= 1.00        2               1.1     0.9        1
GREATEST
 24 HR. TOTAL    3.42   03/27 TO 03/27           03/24 TO 03/24
                                                          03/11 TO 03/11EATHER         OBSERVED          NORMAL  DEPART  LAST YEAR`S
                                                          03/11 TO 03/11EATHER         OBSERVED          NORMAL  DEPART  LAST YEAR`S

SNOWFALL (INCHES)
RECORDS
 TOTAL           15.0   1968
 24 HR TOTAL     12.0   03/21/2010 TO 03/21/2010
TOTALS            0.0               1.4    -1.4      0.2
SINCE 7/1         0.4               7.0    -6.6      1.0
SNOWDEPTH AVG.      0                MM      MM        0
DAYS >= TRACE       0               0.4    -0.4        1
DAYS >= 1.0         0               0.2    -0.2        0
GREATEST
 SNOW DEPTH         0   MM                             0  MM
 24 HR TOTAL      0.0   03/30 TO 03/30           03/11 TO 03/11
                                                          03/11 TO 03/11EATHER         OBSERVED          NORMAL  DEPART  LAST YEAR`S
                                                          03/11 TO 03/11EATHER         OBSERVED          NORMAL  DEPART  LAST YEAR`S

DEGREE_DAYS
HEATING TOTAL     468               526     -58      387
 SINCE 7/1       3597              3829    -232     2958
COOLING TOTAL       0                 4      -4       13
 SINCE 1/1          3                 4      -1       18
.................................................................

WIND (MPH)
AVERAGE WIND SPEED              7.7
HIGHEST WIND SPEED/DIRECTION    36/310    DATE  03/06
HIGHEST GUST SPEED/DIRECTION    48/320    DATE  03/06

SKY COVER
POSSIBLE SUNSHINE (PERCENT)   MM
AVERAGE SKY COVER           0.40
NUMBER OF DAYS FAIR           11
NUMBER OF DAYS PC             15
NUMBER OF DAYS CLOUDY          5

AVERAGE RH (PERCENT)     68

WEATHER CONDITIONS. NUMBER OF DAYS WITH
THUNDERSTORM              8     MIXED PRECIP               0
HEAVY RAIN                8     RAIN                       2
LIGHT RAIN               12     FREEZING RAIN              0
LT FREEZING RAIN          0     HAIL                       0
HEAVY SNOW                0     SNOW                       0
LIGHT SNOW                0     SLEET                      0
FOG                      14     FOG W/VIS <= 1/4 MILE      1
HAZE                      6

-  INDICATES NEGATIVE NUMBERS.
R  INDICATES RECORD WAS SET OR TIED.
MM INDICATES DATA IS MISSING.
T  INDICATES TRACE AMOUNT.

&&
-------------------------------------------------------------------
 YEARLY PRECIPITATION (INCHES):
 TOTAL.....................15.07
 DEPARTURE FROM NORMAL.....+5.33
$$
