000
CXUS54 KTSA 011148
CLMFYV

CLIMATE REPORT
NATIONAL WEATHER SERVICE TULSA OK
648 AM CDT WED MAY 1 2019

...................................

...THE FAYETTEVILLE ARKANSAS CLIMATE SUMMARY FOR THE MONTH OF APRIL 2019...

CLIMATE NORMAL PERIOD 1981 TO 2010
CLIMATE RECORD PERIOD 1905 TO 2019

WEATHER         OBSERVED          NORMAL  DEPART  LAST YEAR`S
                 VALUE   DATE(S)  VALUE   FROM    VALUE  DATE(S)
                                          NORMAL
................................................................
TEMPERATURE (F)
RECORD
 HIGH              93   04/17/2006
 LOW               17   04/08/2007
HIGHEST            85   04/10        96     -11       82  04/17
LOWEST             27   04/01        18       9       23  04/08
AVG. MAXIMUM     71.5              69.0     2.5     65.3
AVG. MINIMUM     45.5              44.7     0.8     37.7
MEAN             58.5              56.8     1.7     51.5
DAYS MAX >= 90      0               0.1    -0.1        0
DAYS MAX <= 32      0               0.0     0.0        0
DAYS MIN <= 32      3               2.8     0.2        9
DAYS MIN <= 0       0               0.0     0.0        0

PRECIPITATION (INCHES)
RECORD
 MAXIMUM        15.28   2011
 MINIMUM         0.14   1989
TOTALS           5.11              4.57    0.54     1.54
DAILY AVG.       0.17              0.15    0.02     0.05
DAYS >= .01         9              10.1    -1.1        7
DAYS >= .10         8               7.0     1.0        4
DAYS >= .50         3               3.2    -0.2        0
DAYS >= 1.00        2               1.4     0.6        0
GREATEST
 24 HR. TOTAL    1.94   04/30 TO 04/30           04/25 TO 04/25
                                                          04/07 TO 04/07EATHER         OBSERVED          NORMAL  DEPART  LAST YEAR`S
                                                          04/07 TO 04/07EATHER         OBSERVED          NORMAL  DEPART  LAST YEAR`S

SNOWFALL (INCHES)
RECORDS
 TOTAL            1.0   1957
 24 HR TOTAL      1.0   04/12/1957 TO 04/12/1957
TOTALS              T               0.0     0.0        T
SINCE 7/1         2.0               7.0    -5.0      0.4
SNOWDEPTH AVG.      0                MM      MM        0
DAYS >= TRACE       1               0.0     1.0        2
DAYS >= 1.0         0               0.0     0.0        0
GREATEST
 SNOW DEPTH         0   MM                             0  MM
 24 HR TOTAL        T   04/14 TO 04/14           04/07 TO 04/07
                                                          04/07 TO 04/07EATHER         OBSERVED          NORMAL  DEPART  LAST YEAR`S
                                                          04/07 TO 04/07EATHER         OBSERVED          NORMAL  DEPART  LAST YEAR`S

DEGREE_DAYS
HEATING TOTAL     208               269     -61      406
 SINCE 7/1       4121              4098      23     4003
COOLING TOTAL      22                24      -2        8
 SINCE 1/1         22                28      -6       11
.................................................................

WIND (MPH)
AVERAGE WIND SPEED              7.8
HIGHEST WIND SPEED/DIRECTION    35/190    DATE  04/10
HIGHEST GUST SPEED/DIRECTION    44/190    DATE  04/10

SKY COVER
POSSIBLE SUNSHINE (PERCENT)   MM
AVERAGE SKY COVER           0.30
NUMBER OF DAYS FAIR           18
NUMBER OF DAYS PC             10
NUMBER OF DAYS CLOUDY          2

AVERAGE RH (PERCENT)     69

WEATHER CONDITIONS. NUMBER OF DAYS WITH
THUNDERSTORM              7     MIXED PRECIP                0
HEAVY RAIN                4     RAIN                        8
LIGHT RAIN               10     FREEZING RAIN               0
LT FREEZING RAIN          0     HAIL                        0
HEAVY SNOW                0     SNOW                        0
LIGHT SNOW                0     SLEET                       1
FOG                      11     FOG W/VIS <= 1/4 MILE       1
HAZE                      1

-  INDICATES NEGATIVE NUMBERS.
R  INDICATES RECORD WAS SET OR TIED.
MM INDICATES DATA IS MISSING.
T  INDICATES TRACE AMOUNT.

&&
-------------------------------------------------------------------
 YEARLY PRECIPITATION (INCHES):
 TOTAL.....................15.96
 DEPARTURE FROM NORMAL.....+1.79
$$
