000
CXUS54 KTSA 011544
CLMFYV

CLIMATE REPORT
NATIONAL WEATHER SERVICE TULSA OK
1044 AM CDT THU AUG 1 2019

...................................

...THE FAYETTEVILLE ARKANSAS CLIMATE SUMMARY FOR THE MONTH OF JULY 2019...

CLIMATE NORMAL PERIOD 1981 TO 2010
CLIMATE RECORD PERIOD 1905 TO 2019

WEATHER         OBSERVED          NORMAL  DEPART  LAST YEAR`S
                 VALUE   DATE(S)  VALUE   FROM    VALUE  DATE(S)
                                          NORMAL
................................................................
TEMPERATURE (F)
RECORD
 HIGH             110   07/13/1954
 LOW               45   07/06/1972
HIGHEST            92   07/20       111     -19      100  07/20
                        07/06
LOWEST             55   07/24        45      10       60  07/30
AVG. MAXIMUM     87.2              88.6    -1.4     90.2
AVG. MINIMUM     65.7              66.6    -0.9     66.7
MEAN             76.4              77.6    -1.2     78.4
DAYS MAX >= 90     10              12.9    -2.9       18
DAYS MAX <= 32      0               0.0     0.0        0
DAYS MIN <= 32      0               0.0     0.0        0
DAYS MIN <= 0       0               0.0     0.0        0

PRECIPITATION (INCHES)
RECORD
 MAXIMUM        12.03   1960
 MINIMUM         0.26   1964
TOTALS           3.07              3.46   -0.39     4.31
DAILY AVG.       0.10              0.11   -0.01     0.14
DAYS >= .01        10               8.1     1.9       13
DAYS >= .10         5               5.0     0.0       12
DAYS >= .50         2               2.0     0.0        3
DAYS >= 1.00        0               1.1    -1.1        0
GREATEST
 24 HR. TOTAL    0.91   07/06 TO 07/06           07/21 TO 07/21
                                                          07/31 TO 07/31EATHER         OBSERVED          NORMAL  DEPART  LAST YEAR`S
                                                          07/31 TO 07/31EATHER         OBSERVED          NORMAL  DEPART  LAST YEAR`S

SNOWFALL (INCHES)
RECORDS
 TOTAL            0.0   2002
 24 HR TOTAL       MM
TOTALS            0.0               0.0     0.0      0.0
SINCE 7/1         0.0               0.0     0.0      0.0
SNOWDEPTH AVG.      0                MM      MM        0
DAYS >= TRACE       0               0.0     0.0        0
DAYS >= 1.0         0               0.0     0.0        0
GREATEST
 SNOW DEPTH         0   MM                             0  MM
 24 HR TOTAL      0.0   07/31 TO 07/31           07/31 TO 07/31
                                                          07/31 TO 07/31EATHER         OBSERVED          NORMAL  DEPART  LAST YEAR`S
                                                          07/31 TO 07/31EATHER         OBSERVED          NORMAL  DEPART  LAST YEAR`S

DEGREE_DAYS
HEATING TOTAL       0                 0       0        0
 SINCE 7/1          0                 0       0        0
COOLING TOTAL     362               391     -29      427
 SINCE 1/1        746               749      -3     1017
.................................................................

WIND (MPH)
AVERAGE WIND SPEED              4.6
HIGHEST WIND SPEED/DIRECTION    33/330    DATE  07/10
HIGHEST GUST SPEED/DIRECTION    41/330    DATE  07/10

SKY COVER
POSSIBLE SUNSHINE (PERCENT)   MM
AVERAGE SKY COVER           0.20
NUMBER OF DAYS FAIR           24
NUMBER OF DAYS PC              6
NUMBER OF DAYS CLOUDY          1

AVERAGE RH (PERCENT)     78

WEATHER CONDITIONS. NUMBER OF DAYS WITH
THUNDERSTORM              6     MIXED PRECIP                0
HEAVY RAIN                5     RAIN                        4
LIGHT RAIN               10     FREEZING RAIN               0
LT FREEZING RAIN          0     HAIL                        0
HEAVY SNOW                0     SNOW                        0
LIGHT SNOW                0     SLEET                       0
FOG                      24     FOG W/VIS <= 1/4 MILE       6
HAZE                      1

-  INDICATES NEGATIVE NUMBERS.
R  INDICATES RECORD WAS SET OR TIED.
MM INDICATES DATA IS MISSING.
T  INDICATES TRACE AMOUNT.

&&
-------------------------------------------------------------------
 YEARLY PRECIPITATION (INCHES):
 TOTAL.....................34.52
 DEPARTURE FROM NORMAL.....+5.87
$$
