000
CXUS53 KDDC 011502
CLMGCK


CLIMATE REPORT
NATIONAL WEATHER SERVICE DODGE CITY KS
953 AM CDT MON JUL 1 2019

...................................

...THE GARDEN CITY REGIONAL ARPT KS CLIMATE SUMMARY FOR THE MONTH OF JUNE 2019...

CLIMATE NORMAL PERIOD 1981 TO 2010
CLIMATE RECORD PERIOD 1948 TO 2019

WEATHER         OBSERVED          NORMAL  DEPART  LAST YEAR`S
                 VALUE   DATE(S)  VALUE   FROM    VALUE  DATE(S)
                                          NORMAL
................................................................
TEMPERATURE (F)
RECORD
 HIGH             110   06/08/1985
                        06/24/1953
 LOW               38   06/10/2019
HIGHEST            98   06/29        MM      MM      103  06/10
                        06/27
LOWEST             38R  06/10        MM      MM       49  06/03
AVG. MAXIMUM     85.0              86.0    -1.0     92.3
AVG. MINIMUM     56.7              59.7    -3.0     62.4
MEAN             70.9              72.8    -1.9     77.4
DAYS MAX >= 90      6              10.8    -4.8       19
DAYS MAX <= 32      0               0.0     0.0        0
DAYS MIN <= 32      0               0.0     0.0        0
DAYS MIN <= 0       0               0.0     0.0        0

PRECIPITATION (INCHES)
RECORD
 MAXIMUM        10.88   2014
 MINIMUM            T   1952
TOTALS           1.68              3.48   -1.80     4.20
DAYS >= .01         9               9.5    -0.5       12
DAYS >= .10         5               6.2    -1.2        8
DAYS >= .50         1               2.3    -1.3        3
DAYS >= 1.00        0               1.1    -1.1        1
GREATEST
 24 HR. TOTAL    0.59   06/17 TO 06/18           06/23 TO 06/24

DEGREE_DAYS
HEATING TOTAL      13                16      -3        0
 SINCE 7/1       5877              5207     670     4989
COOLING TOTAL     197               252     -55      379
 SINCE 1/1        235               341    -106      568
.................................................................

WIND (MPH)
AVERAGE WIND SPEED              11.6
HIGHEST WIND SPEED/DIRECTION    44/250    DATE  06/03
HIGHEST GUST SPEED/DIRECTION    63/220    DATE  06/03

SKY COVER
POSSIBLE SUNSHINE (PERCENT)   MM
AVERAGE SKY COVER           0.10
NUMBER OF DAYS FAIR           23
NUMBER OF DAYS PC              7
NUMBER OF DAYS CLOUDY          0


WEATHER CONDITIONS. NUMBER OF DAYS WITH
THUNDERSTORM             12     MIXED PRECIP                0
HEAVY RAIN                3     RAIN                        5
LIGHT RAIN               11     FREEZING RAIN               0
LT FREEZING RAIN          0     HAIL                        0
HEAVY SNOW                0     SNOW                        0
LIGHT SNOW                0     SLEET                       0
FOG                       6     FOG W/VIS <= 1/4 MILE       1
HAZE                      2     BLOWING SNOW                0
TORNADO                   0

-  INDICATES NEGATIVE NUMBERS.
R  INDICATES RECORD WAS SET OR TIED.
MM INDICATES DATA IS MISSING.
T  INDICATES TRACE AMOUNT.

$$
