000
CXUS53 KDDC 011453
CLMGCK


CLIMATE REPORT
NATIONAL WEATHER SERVICE DODGE CITY KS
944 AM CDT WED MAY 1 2019

...................................

...THE GARDEN CITY REGIONAL ARPT KS CLIMATE SUMMARY FOR THE MONTH OF APRIL 2019...

CLIMATE NORMAL PERIOD 1981 TO 2010
CLIMATE RECORD PERIOD 1948 TO 2019

WEATHER         OBSERVED          NORMAL  DEPART  LAST YEAR`S
                 VALUE   DATE(S)  VALUE   FROM    VALUE  DATE(S)
                                          NORMAL
................................................................
TEMPERATURE (F)
RECORD
 HIGH             100   04/22/1989
 LOW               10   04/12/1997
HIGHEST            87   04/21        MM      MM       94  04/12
                        04/20
LOWEST             19   04/12        MM      MM       14  04/15
AVG. MAXIMUM     70.0              67.3     2.7     65.4
AVG. MINIMUM     38.5              38.6    -0.1     31.1
MEAN             54.3              53.0     1.3     48.2
DAYS MAX >= 90      0               0.6    -0.6        2
DAYS MAX <= 32      0               0.0     0.0        0
DAYS MIN <= 32      6               6.9    -0.9       15
DAYS MIN <= 0       0               0.0     0.0        0

PRECIPITATION (INCHES)
RECORD
 MAXIMUM         4.77   1984
 MINIMUM            T   1963
TOTALS           0.15              1.72   -1.57     0.40
DAYS >= .01         2               6.8    -4.8        8
DAYS >= .10         1               4.0    -3.0        1
DAYS >= .50         0               1.1    -1.1        0
DAYS >= 1.00        0               0.3    -0.3        0
GREATEST
 24 HR. TOTAL    0.13   04/23 TO 04/23           04/24 TO 04/24

DEGREE_DAYS
HEATING TOTAL     318               374     -56      504
 SINCE 7/1       5634              5062     572     4966
COOLING TOTAL       4                12      -8        8
 SINCE 1/1          4                12      -8       12
.................................................................

WIND (MPH)
AVERAGE WIND SPEED              13.6
HIGHEST WIND SPEED/DIRECTION    43/340    DATE  04/18
HIGHEST GUST SPEED/DIRECTION    56/340    DATE  04/18

SKY COVER
POSSIBLE SUNSHINE (PERCENT)   MM
AVERAGE SKY COVER           0.20
NUMBER OF DAYS FAIR           25
NUMBER OF DAYS PC              4
NUMBER OF DAYS CLOUDY          1


WEATHER CONDITIONS. NUMBER OF DAYS WITH
THUNDERSTORM              3     MIXED PRECIP                0
HEAVY RAIN                0     RAIN                        1
LIGHT RAIN                7     FREEZING RAIN               0
LT FREEZING RAIN          0     HAIL                        0
HEAVY SNOW                0     SNOW                        0
LIGHT SNOW                2     SLEET                       0
FOG                      12     FOG W/VIS <= 1/4 MILE       3
HAZE                      1     BLOWING SNOW                0
TORNADO                   0

-  INDICATES NEGATIVE NUMBERS.
R  INDICATES RECORD WAS SET OR TIED.
MM INDICATES DATA IS MISSING.
T  INDICATES TRACE AMOUNT.

$$
