392
CXUS51 KPHI 041742
CLMGED


CLIMATE REPORT
NATIONAL WEATHER SERVICE MOUNT HOLLY NJ
138 PM EDT THU JUL 4 2019

...................................

...THE GEORGETOWN DE CLIMATE SUMMARY FOR THE MONTH OF JUNE 2019...

CLIMATE NORMAL PERIOD 1981 TO 2010
CLIMATE RECORD PERIOD 1948 TO 2019

WEATHER         OBSERVED          NORMAL  DEPART  LAST YEAR`S
                 VALUE   DATE(S)  VALUE   FROM    VALUE
                                          NORMAL
.............................................................
TEMPERATURE (F)
RECORD
 HIGH             101   06/29/2012
                        06/30/1959
                        07/09/1936
 LOW               39   06/01/1967
HIGHEST            95                MM      MM       94
LOWEST             50                MM      MM       53
AVG. MAXIMUM     84.1              82.5     1.6     82.1
AVG. MINIMUM     65.3              62.6     2.7     64.3
MEAN             74.7              72.5     2.2     73.2
DAYS MAX >= 90      7               4.9     2.1        6
DAYS MAX <= 32      0               0.0     0.0        0
DAYS MIN <= 32      0               0.0     0.0        0
DAYS MIN <= 0       0               0.0     0.0        0

PRECIPITATION (INCHES)
RECORD
 MAXIMUM           MM   MM
 MINIMUM           MM   MM
TOTALS           4.48              4.61   -0.13     4.42
DAILY AVG.       0.15              0.15    0.00     0.15
DAYS >= .01        16              14.2     1.8       11
DAYS >= .10         8               7.2     0.8        7
DAYS >= .50         4               2.6     1.4        3
DAYS >= 1.00        1               1.0     0.0        1
GREATEST
 24 HR. TOTAL    1.38   06/10 TO 06/10              1.59

DEGREE_DAYS
HEATING TOTAL       3                13     -10        7
 SINCE 7/1       3659              4406    -747     4065
COOLING TOTAL     304               239      65      260
 SINCE 1/1        489               333     156      448
..............................................................

WIND (MPH)
AVERAGE WIND SPEED              7.2
HIGHEST WIND SPEED/DIRECTION    26/240    DATE  06/18
HIGHEST GUST SPEED/DIRECTION    38/240    DATE  06/05

SKY COVER
POSSIBLE SUNSHINE (PERCENT)    0
AVERAGE SKY COVER           0.20
NUMBER OF DAYS FAIR           22
NUMBER OF DAYS PC              6
NUMBER OF DAYS CLOUDY          2

AVERAGE RH (PERCENT)     68

WEATHER CONDITIONS. NUMBER OF DAYS WITH
THUNDERSTORM              7     MIXED PRECIP               0
HEAVY RAIN                7     RAIN                       8
LIGHT RAIN               15     FREEZING RAIN              0
LT FREEZING RAIN          0     HEAVY SNOW                 0
SNOW                      0     LIGHT SNOW                 0
SLEET                     0     FOG                       13
FOG W/VIS <= 1/4 MILE     2     HAZE                       3

-  INDICATES NEGATIVE NUMBERS.
R  INDICATES RECORD WAS SET OR TIED.
MM INDICATES DATA IS MISSING.
T  INDICATES TRACE AMOUNT.

$$
