000
CXUS51 KPHI 021513
CLMGED


CLIMATE REPORT
NATIONAL WEATHER SERVICE MOUNT HOLLY NJ
1109 AM EDT THU MAY 2 2019

...................................

...THE GEORGETOWN DE CLIMATE SUMMARY FOR THE MONTH OF APRIL 2019...

CLIMATE NORMAL PERIOD 1981 TO 2010
CLIMATE RECORD PERIOD 1948 TO 2019

WEATHER         OBSERVED          NORMAL  DEPART  LAST YEAR`S
                 VALUE   DATE(S)  VALUE   FROM    VALUE
                                          NORMAL
.............................................................
TEMPERATURE (F)
RECORD
 HIGH              94   04/26/2009
                        04/17/2002
                        05/23/1911
 LOW               20   04/01/1969
                        04/04/1965
HIGHEST            84                MM      MM       83
LOWEST             29                MM      MM       29
AVG. MAXIMUM     70.5              64.4     6.1     64.0
AVG. MINIMUM     50.4              43.6     6.8     42.1
MEAN             60.5              54.0     6.5     53.1
DAYS MAX >= 90      0               0.3    -0.3        0
DAYS MAX <= 32      0               0.0     0.0        0
DAYS MIN <= 32      1               2.2    -1.2        3
DAYS MIN <= 0       0               0.0     0.0        0

PRECIPITATION (INCHES)
RECORD
 MAXIMUM           MM   MM
 MINIMUM           MM   MM
TOTALS           3.28              3.63   -0.35     4.16
DAILY AVG.       0.11              0.12   -0.01     0.14
DAYS >= .01        10              11.5    -1.5       13
DAYS >= .10         6               6.3    -0.3        6
DAYS >= .50         3               2.1     0.9        3
DAYS >= 1.00        0               0.8    -0.8        1
GREATEST
 24 HR. TOTAL    0.92   04/15 TO 04/15              1.34

DEGREE_DAYS
HEATING TOTAL     165               348    -183      367
 SINCE 7/1       3601              4260    -659     4032
COOLING TOTAL      35                18      17       15
 SINCE 1/1         40                20      20       22
..............................................................

WIND (MPH)
AVERAGE WIND SPEED              8.6
HIGHEST WIND SPEED/DIRECTION    33/190    DATE  04/19
HIGHEST GUST SPEED/DIRECTION    47/290    DATE  04/15

SKY COVER
POSSIBLE SUNSHINE (PERCENT)   MM
AVERAGE SKY COVER           0.40
NUMBER OF DAYS FAIR           11
NUMBER OF DAYS PC             15
NUMBER OF DAYS CLOUDY          4

AVERAGE RH (PERCENT)     64

WEATHER CONDITIONS. NUMBER OF DAYS WITH
THUNDERSTORM              4     MIXED PRECIP               0
HEAVY RAIN                5     RAIN                       6
LIGHT RAIN               17     FREEZING RAIN              0
LT FREEZING RAIN          0     HEAVY SNOW                 0
SNOW                      0     LIGHT SNOW                 0
SLEET                     0     FOG                       13
FOG W/VIS <= 1/4 MILE     2     HAZE                       4

-  INDICATES NEGATIVE NUMBERS.
R  INDICATES RECORD WAS SET OR TIED.
MM INDICATES DATA IS MISSING.
T  INDICATES TRACE AMOUNT.

$$
