000
CXUS56 KOTX 011533 CCA
CLMGEG

CLIMATE REPORT
NATIONAL WEATHER SERVICE SPOKANE, WA
415 AM PDT MON JUL 1 2019

...................................

...THE SPOKANE WA AIRPORT CLIMATE SUMMARY FOR THE MONTH OF JUNE 2019...

CLIMATE NORMAL PERIOD 1981 TO 2010
CLIMATE RECORD PERIOD 1881 TO 2019

WEATHER         OBSERVED          NORMAL  DEPART  LAST YEAR`S
                 VALUE   DATE(S)  VALUE   FROM    VALUE  DATE(S)
                                          NORMAL
................................................................
TEMPERATURE (F)
RECORD
 HIGH             105   06/28/2015
 LOW               33   06/01/1984
HIGHEST            91   06/13        MM      MM       84  06/20
                                                          06/03
LOWEST             41   06/07        MM      MM       39  06/11
AVG. MAXIMUM     76.4              73.8     2.6     73.9
AVG. MINIMUM     52.4              50.4     2.0     50.8
MEAN             64.4              62.1     2.3     62.3
DAYS MAX >= 90      1               1.0     0.0        0
DAYS MAX <= 32      0               0.0     0.0        0
DAYS MIN <= 32      0               0.0     0.0        0
DAYS MIN <= 0       0               0.0     0.0        0

PRECIPITATION (INCHES)
RECORD
 MAXIMUM         5.12   1888
 MINIMUM         0.01   1919
TOTALS           0.44              1.25   -0.81     0.55
DAILY AVG.       0.01              0.04   -0.03     0.02
DAYS >= .01         6               7.9    -1.9        6
DAYS >= .10         1               3.9    -2.9        2
DAYS >= .50         0               0.5    -0.5        0
DAYS >= 1.00        0               0.0     0.0        0
GREATEST
 24 HR. TOTAL    0.20   06/05 TO 06/05              0.25

SNOWFALL (INCHES)
RECORDS
 TOTAL              T   2008
TOTALS            0.0               0.0     0.0      0.0
SINCE 7/1        53.6              44.9     8.7     49.3
SNOWDEPTH AVG.      0                MM      MM        0
DAYS >= 1.0         0               0.0     0.0        0
GREATEST
 SNOW DEPTH         0   MM                             0  MM
 24 HR TOTAL      0.0   06/30 TO 06/30               0.0

DEGREE_DAYS
HEATING TOTAL      96               136     -40      103
 SINCE 7/1       6566              6593     -27     6201
COOLING TOTAL      87                49      38       31
 SINCE 1/1        101                63      38       69
.................................................................

WIND (MPH)
AVERAGE WIND SPEED              9.2
HIGHEST WIND SPEED/DIRECTION    31/220    DATE  06/26
HIGHEST GUST SPEED/DIRECTION    45/260    DATE  06/19

SKY COVER
POSSIBLE SUNSHINE (PERCENT)   MM
AVERAGE SKY COVER           0.60
NUMBER OF DAYS FAIR            3
NUMBER OF DAYS PC             23
NUMBER OF DAYS CLOUDY          4

AVERAGE RH (PERCENT)     49

WEATHER CONDITIONS. NUMBER OF DAYS WITH
THUNDERSTORM              3     MIXED PRECIP               0
HEAVY RAIN                0     RAIN                       1
LIGHT RAIN                5     FREEZING RAIN              0
LT FREEZING RAIN          0     HAIL                       0
HEAVY SNOW                0     SNOW                       0
LIGHT SNOW                0     SLEET                      0
FOG                       2     FOG W/VIS <= 1/4 MILE      0
HAZE                      2

-  INDICATES NEGATIVE NUMBERS.
R  INDICATES RECORD WAS SET OR TIED.
MM INDICATES DATA IS MISSING.
T  INDICATES TRACE AMOUNT.

$$

JUNE 2019 FINISHED WARMER AND DRIER THAN NORMAL OVER MOST OF
NORTHEAST WASHINGTON INTO THE NORTH IDAHO PANHANDLE. WHILE MOST OF
THE MONTH WAS FREE OF WILDFIRE SMOKE THERE WAS ONE EXCEPTION. ON THE
4TH THE 243 COMMAND FIRE SOUTH OF VANTAGE SENT A LARGE SMOKE PLUME
EAST ACROSS THE COLUMBIA BASIN INTO THE SPOKANE AREA. THE REMAINDER
OF THE MONTH SAW SEVERAL AROUNDS OF ISOLATED THUNDERSTORMS WHICH
PRODUCED LOCALLY HEAVY RAIN. THE MAJORITY OF THESE STORMS FORMED
OVER THE MOUNTAINS BUT A FEW IMPACTED THE LOWER ELEVATIONS AS WELL.
ON THE 19TH A THUNDERSTORM TRACKED THROUGH SPOKANE PRODUCING ABOUT
30-45 MINUTES OF HEAVY RAIN AND SMALL HAIL. ON THE 26TH A STRONG
THUNDERSTORM BLEW OVER A SMALL TREE AND DISLODGED A BOAT NEAR THE
COEUR D`ALENE RESORT. ANOTHER SMALL TREE WAS BLOWN DOWN IN RATHDRUM.

ONE RECORD WAS TIED DURING THE MONTH AT THE SPOKANE AIRPORT WHEN THE
HIGH TEMPERATURE REACHED 91 DEGREES ON THE 13TH.
